{"id":4268,"date":"2025-06-28T16:35:23","date_gmt":"2025-06-28T14:35:23","guid":{"rendered":"https:\/\/uj.adatbank.ro\/lexikon\/termek\/bela-iv\/"},"modified":"2025-06-28T16:35:23","modified_gmt":"2025-06-28T14:35:23","slug":"bela-iv","status":"publish","type":"product","link":"https:\/\/uj.adatbank.ro\/lexikon\/termek\/bela-iv\/","title":{"rendered":"B\u00c9LA, IV."},"content":{"rendered":"<p>1206., \u2020\u00a01270 : m. kir. \u2013 II. Andr\u00e1s \u00e9s Gertr\u00fad fia. \u2013<\/br><\/p>\n","protected":false},"excerpt":{"rendered":"<p>1206., \u2020\u00a01270 : m. kir. \u2013 II. Andr\u00e1s \u00e9s Gertr\u00fad fia. \u2013<\/p>\n","protected":false},"featured_media":0,"comment_status":"open","ping_status":"closed","template":"","meta":[],"product_brand":[],"product_cat":[137],"product_tag":[],"class_list":{"0":"post-4268","1":"product","2":"type-product","3":"status-publish","5":"product_cat-maros-megyei-eletrajzi-lexikon","7":"first","8":"instock","9":"shipping-taxable","10":"product-type-simple"},"_links":{"self":[{"href":"https:\/\/uj.adatbank.ro\/lexikon\/wp-json\/wp\/v2\/product\/4268","targetHints":{"allow":["GET"]}}],"collection":[{"href":"https:\/\/uj.adatbank.ro\/lexikon\/wp-json\/wp\/v2\/product"}],"about":[{"href":"https:\/\/uj.adatbank.ro\/lexikon\/wp-json\/wp\/v2\/types\/product"}],"replies":[{"embeddable":true,"href":"https:\/\/uj.adatbank.ro\/lexikon\/wp-json\/wp\/v2\/comments?post=4268"}],"wp:attachment":[{"href":"https:\/\/uj.adatbank.ro\/lexikon\/wp-json\/wp\/v2\/media?parent=4268"}],"wp:term":[{"taxonomy":"product_brand","embeddable":true,"href":"https:\/\/uj.adatbank.ro\/lexikon\/wp-json\/wp\/v2\/product_brand?post=4268"},{"taxonomy":"product_cat","embeddable":true,"href":"https:\/\/uj.adatbank.ro\/lexikon\/wp-json\/wp\/v2\/product_cat?post=4268"},{"taxonomy":"product_tag","embeddable":true,"href":"https:\/\/uj.adatbank.ro\/lexikon\/wp-json\/wp\/v2\/product_tag?post=4268"}],"curies":[{"name":"wp","href":"https:\/\/api.w.org\/{rel}","templated":true}]}}