{"id":4269,"date":"2025-06-28T16:35:26","date_gmt":"2025-06-28T14:35:26","guid":{"rendered":"https:\/\/uj.adatbank.ro\/lexikon\/termek\/beldi-akos-%c2%a7-beldy-akos-uzoni-gr\/"},"modified":"2025-06-28T16:35:26","modified_gmt":"2025-06-28T14:35:26","slug":"beldi-akos-%c2%a7-beldy-akos-uzoni-gr","status":"publish","type":"product","link":"https:\/\/uj.adatbank.ro\/lexikon\/termek\/beldi-akos-%c2%a7-beldy-akos-uzoni-gr\/","title":{"rendered":"B\u00c9LDI \u00c1kos, \u00a7 B\u00e9ldy \u00c1kos, uzoni gr."},"content":{"rendered":"<p>Kv., 1846. dec. 19., \u2020\u00a0Bp., 1932. m\u00e1rc. 2. Kv.-t a H\u00e1zsong\u00e1rdi temet\u0151ben a B\u00e9ldi kript\u00e1ban nyugszik: f\u00f6ldbirtokos, k\u00f6zgazd\u00e1sz, f\u0151isp\u00e1n. \u2013 B. J\u00f3zsef (1714 \u2013 1793) d\u00e9dunok\u00e1ja, B. Ferenc \u00e9s vargyasi Daniel Zs\u00f3fia fia. Feles\u00e9ge: 1. gr. Bethlen Emma (1871\u2013), 2. B\u00e1rdy Heckel Gabriella. Gyermekei: Ferenc, Emma, Zs\u00f3fia, Kl\u00e1ra, Margit.- A csal\u00e1d mez\u0151m\u00e9hesi \u00e1g\u00e1nak megalap\u00edt\u00f3ja. Tanulm\u00e1nyait befejezve idej\u00e9t a gazdas\u00e1gnak \u00e1ldozta, birtokait mintagazdas\u00e1gg\u00e1 tette, l\u00f3nemes\u00edt\u00e9ssel is foglalkozott. Kolozs vm. \u00e9s Kv. f\u0151isp\u00e1nja (1888\u20131905), a f\u0151rendih\u00e1z \u00f6r\u00f6k\u00f6s tagja, az EMKE k\u00f6zgy\u0171l\u00e9s\u00e9nek eln\u00f6ke, az Erd\u00e9lyi R. K. St\u00e1tus igazgat\u00f3tan\u00e1cs\u00e1nak vil\u00e1gi eln\u00f6ke. A nagys\u00e1rm\u00e1si ref. templom toronygombj\u00e1ban elhelyezett irat, eml\u00edti, mint megyei f\u0151isp\u00e1nt (1902). A gyekei birtok \u00e9s kast\u00e9ly tulajdonosa (19. sz. m\u00e1sodik fel\u00e9t\u0151l). B. gr\u00f3fi csal\u00e1dnak romantikus kast\u00e9lya volt Mez\u0151m\u00e9hesen, de le\u00e9gett. Az EMKE marosludasi fi\u00f3kj\u00e1nak eln\u00f6ke (1885), a k\u00f6zgazdas\u00e1gi szakoszt\u00e1ly eln\u00f6k (1888. dec. 12. \u2013), orsz\u00e1gos eln\u00f6k (1897\u20131923), tiszteletbeli eln\u00f6k (1923\u2013). Megkapta a v. b. t. t. c\u00edmet, a Lip\u00f3t-rend lovagja (1898). \u2013 <strong>F. m.:<\/strong> <strong>t\u00e1rssz.:<\/strong> Erd\u00e9ly nevesebb f\u00fcrd\u0151i (Bp., 1903). <br \/><strong>Irod.:<\/strong> Bicsok\u2013Orb\u00e1n; Der\u00e9k magyar embernek \u00e9s kereszt\u00e9nynek maradni \/ Ol\u00e1h-G\u00e1l Elvira besz\u00e9lget\u00e9se Ugron Istv\u00e1nn\u00e9 b\u00e1r\u00f3 B\u00e1nffy M\u00e1ri\u00e1val (Sz\u00e9kelyf\u00f6ld, 1. sz., 2012); EMKE: Szervezked\u0151 k\u00f6zgy\u0171l\u00e9s (Kv., 1886); Ga\u00e1l 2001; Ga\u00e1l: Kv. vonz\u00e1s\u00e1ban; Gudenus; H\u00e1zsong\u00e1rd; Kempelen; Keszeg; Maros megye; Mo. f\u0151isp\u00e1njai; S\u00e1ndor<\/br><\/p>\n","protected":false},"excerpt":{"rendered":"<p>Kv., 1846. dec. 19., \u2020\u00a0Bp., 1932. m\u00e1rc. 2. Kv.-t a H\u00e1zsong\u00e1rdi temet\u0151ben a B\u00e9ldi kript\u00e1ban nyugszik: f\u00f6ldbirtokos, k\u00f6zgazd\u00e1sz, f\u0151isp\u00e1n. \u2013 B. J\u00f3zsef (1714 \u2013 1793) d\u00e9dunok\u00e1ja, B. Ferenc \u00e9s vargyasi Daniel Zs\u00f3fia fia. Feles\u00e9ge: 1. gr. Bethlen Emma (1871\u2013), 2. B\u00e1rdy Heckel Gabriella. Gyermekei: Ferenc, Emma, Zs\u00f3fia, Kl\u00e1ra, Margit.- A csal\u00e1d mez\u0151m\u00e9hesi \u00e1g\u00e1nak megalap\u00edt\u00f3ja. Tanulm\u00e1nyait [&hellip;]<\/p>\n","protected":false},"featured_media":0,"comment_status":"open","ping_status":"closed","template":"","meta":[],"product_brand":[],"product_cat":[137],"product_tag":[],"class_list":{"0":"post-4269","1":"product","2":"type-product","3":"status-publish","5":"product_cat-maros-megyei-eletrajzi-lexikon","7":"first","8":"instock","9":"shipping-taxable","10":"product-type-simple"},"_links":{"self":[{"href":"https:\/\/uj.adatbank.ro\/lexikon\/wp-json\/wp\/v2\/product\/4269","targetHints":{"allow":["GET"]}}],"collection":[{"href":"https:\/\/uj.adatbank.ro\/lexikon\/wp-json\/wp\/v2\/product"}],"about":[{"href":"https:\/\/uj.adatbank.ro\/lexikon\/wp-json\/wp\/v2\/types\/product"}],"replies":[{"embeddable":true,"href":"https:\/\/uj.adatbank.ro\/lexikon\/wp-json\/wp\/v2\/comments?post=4269"}],"wp:attachment":[{"href":"https:\/\/uj.adatbank.ro\/lexikon\/wp-json\/wp\/v2\/media?parent=4269"}],"wp:term":[{"taxonomy":"product_brand","embeddable":true,"href":"https:\/\/uj.adatbank.ro\/lexikon\/wp-json\/wp\/v2\/product_brand?post=4269"},{"taxonomy":"product_cat","embeddable":true,"href":"https:\/\/uj.adatbank.ro\/lexikon\/wp-json\/wp\/v2\/product_cat?post=4269"},{"taxonomy":"product_tag","embeddable":true,"href":"https:\/\/uj.adatbank.ro\/lexikon\/wp-json\/wp\/v2\/product_tag?post=4269"}],"curies":[{"name":"wp","href":"https:\/\/api.w.org\/{rel}","templated":true}]}}

BÉLDI Ákos, § Béldy Ákos, uzoni gr.

<p>Kv., 1846. dec. 19., † Bp., 1932. márc. 2. Kv.-t a Házsongárdi temetőben a Béldi kriptában nyugszik: földbirtokos, közgazdász, főispán. – B. József (1714 – 1793) dédunokája, B. Ferenc és vargyasi Daniel Zsófia fia. Felesége: 1. gr. Bethlen Emma (1871–), 2. Bárdy Heckel Gabriella. Gyermekei: Ferenc, Emma, Zsófia, Klára, Margit.- A család mezőméhesi ágának megalapítója. Tanulmányait befejezve idejét a gazdaságnak áldozta, birtokait mintagazdasággá tette, lónemesítéssel is foglalkozott. Kolozs vm. és Kv. főispánja (1888–1905), a főrendiház örökös tagja, az EMKE közgyűlésének elnöke, az Erdélyi R. K. Státus igazgatótanácsának világi elnöke. A nagysármási ref. templom toronygombjában elhelyezett irat, említi, mint megyei főispánt (1902). A gyekei birtok és kastély tulajdonosa (19. sz. második felétől). B. grófi családnak romantikus kastélya volt Mezőméhesen, de leégett. Az EMKE marosludasi fiókjának elnöke (1885), a közgazdasági szakosztály elnök (1888. dec. 12. –), országos elnök (1897–1923), tiszteletbeli elnök (1923–). Megkapta a v. b. t. t. címet, a Lipót-rend lovagja (1898). – <strong>F. m.:</strong> <strong>társsz.:</strong> Erdély nevesebb fürdői (Bp., 1903). <br /><strong>Irod.:</strong> Bicsok–Orbán; Derék magyar embernek és kereszténynek maradni / Oláh-Gál Elvira beszélgetése Ugron Istvánné báró Bánffy Máriával (Székelyföld, 1. sz., 2012); EMKE: Szervezkedő közgyűlés (Kv., 1886); Gaál 2001; Gaál: Kv. vonzásában; Gudenus; Házsongárd; Kempelen; Keszeg; Maros megye; Mo. főispánjai; Sándor</br></p>

<p>Kv., 1846. dec. 19., † Bp., 1932. márc. 2. Kv.-t a Házsongárdi temetőben a Béldi kriptában nyugszik: földbirtokos, közgazdász, főispán. – B. József (1714 – 1793) dédunokája, B. Ferenc és vargyasi Daniel Zsófia fia. Felesége: 1. gr. Bethlen Emma (1871–), 2. Bárdy Heckel Gabriella. Gyermekei: Ferenc, Emma, Zsófia, Klára, Margit.- A család mezőméhesi ágának megalapítója. Tanulmányait [&hellip;]</p>
