{"id":4273,"date":"2025-06-28T16:35:39","date_gmt":"2025-06-28T14:35:39","guid":{"rendered":"https:\/\/uj.adatbank.ro\/lexikon\/termek\/beldi-ferenc-uzoni-gr-2\/"},"modified":"2025-06-28T16:35:39","modified_gmt":"2025-06-28T14:35:39","slug":"beldi-ferenc-uzoni-gr-2","status":"publish","type":"product","link":"https:\/\/uj.adatbank.ro\/lexikon\/termek\/beldi-ferenc-uzoni-gr-2\/","title":{"rendered":"B\u00c9LDI Ferenc, uzoni gr."},"content":{"rendered":"<p>Kv., 1872. szept. 23., \u2020 Mez\u0151m\u00e9hes, 1941. m\u00e1j. 28. Temetve B\u00e1ldon: birtokos, cs. \u00e9s kir. kamar\u00e1s. \u2013 B. \u00c1kos (1846\u20131932) \u00e9s gr. Betlen Emma fia. Feles\u00e9ge: zabolai gr. Mikes Roz\u00e1lia (1868\u20131962). Esk\u00fcv\u0151 (1898. okt. 28). \u2013 Gyek\u00e9ben, Mez\u0151m\u00e9hesen volt birtoka, kast\u00e9lya. A mez\u0151s\u00e9gi vad\u00e1szatok szervez\u0151je volt. <br \/><strong>Irod.:<\/strong> Bicsok\u2013Orb\u00e1n; Gudenus; Keresztes 1995; Keresztes Gyula: \u00d6r\u00f6ks\u00e9g\u00fcnk 48.: A b\u00e1ldi \u00e9s a mez\u0151m\u00e9hesi kast\u00e9ly (N\u00fa., 1994. jan. 14); Sik\u00f3ssy; Siemers Ilona: Wass-kor BARBU Romul-Zeno, Barbu Zeno, \u00a7 *Tenke, 1915. jan. 1., \u2020 Mv., 1988. \u00e1pr. 3.: orvos, t\u00fcd\u0151gy\u00f3gy\u00e1sz, egyetemi tan\u00e1r. \u2013 A k\u00f6z\u00e9piskol\u00e1t Nagyv\u00e1radon, az egyetemet Kv-on v\u00e9gezte. El\u0151bb az algy\u00f3gyi t\u00fcd\u0151szanat\u00f3rium igazgat\u00f3ja, majd a mv-i OGYI tan\u00e1ra \u00e9s a T\u00fcd\u0151gy\u00f3gy\u00e1szati Klinika vezet\u0151je (1951\u201385), a RTA mv-i fi\u00f3kj\u00e1nak igazgat\u00f3ja, az Akad\u00e9mia levelez\u0151 tagja, doktor doc., \u00e9rdemes orvos. Kutat\u00e1si ter\u00fclete a szilik\u00f3zis \u00e9s a b\u00e1ny\u00e1szok k\u00fcl\u00f6nb\u00f6z\u0151 t\u00fcd\u0151- \u00e9s szakmai betegs\u00e9gei. \u2013 <strong>F. m.:<\/strong> Ftiziologie clinic\u0103 (Buc., 1975.); <strong>t\u00e1rssz.:<\/strong> Ftiziol\u00f3giai jegyzet (Buc., 1952., 1977); Manual de ftiziologie (Buc., 1962); Medicin\u0103 intern\u0103 (Buc., 1963); Ftiziologia (Buc., 1965, 1966, 1969); Cercet\u0103ri medicale (Buc., 1968); Tratat de ftiziologie (Cluj-N., 1977, 1983); Tratat de medicin\u0103 intern\u0103 (Buc., 1983). <br \/><strong>Irod.:<\/strong> Ardelean\u2013Suciu; Bottoni 2008; Genersich; Mv. T\u00f6rt. 2.; [Nekrol\u00f3g] (V. Z., 1988. \u00e1pr. 5.); Barab\u00e1s-P\u00e9ter M.-P\u00e9ter H. M.; Todea\u2013F\u00fcl\u00f6p\u2013Avram B\u00c1THORY Ferenc Bertalan, \u00a7 *Marosbog\u00e1t, 1920. jan. 19., \u2020 Mv., 2000. okt. 20.: z\u00e1szl\u00f3s. \u2013 A II. vh.-ban tart. z\u00e1szl\u00f3si rangban vett r\u00e9szt. Szovjet fogs\u00e1gba esett (1948-ban ker\u00fclt haza). <br \/><strong>Irod.:<\/strong> Berekm\u00e9ri BRASSAI Istv\u00e1n, \u00a7 *Mv., 1919. okt. 27., \u2020 Straubing, (N\u00e9meto), 2004. m\u00e1j. 25.: labdar\u00fag\u00f3edz\u0151. \u2013 A sz\u00e9kesfeh\u00e9rv\u00e1ri f\u00e9miskol\u00e1t v\u00e9gezte. Az ASA \u2013hoz ker\u00fclt (1965) a gyermekk\u00f6zponthoz de k\u00f6zben seg\u00e9dkezett Bon\u00e9 Tibornak a nagycsapatn\u00e1l, majd m\u00e1sodedz\u0151 lett (1974\u201377) az Aranycsapat idej\u00e9n. \u0150 volt a csapat fizikai felk\u00e9sz\u00edt\u0151je, j\u00e1t\u00e9kos-beszerz\u0151je. A Minrul Bal\u00e1nb\u00e1ny\u00e1hoz t\u00e1vozott (1977). <br \/><strong>Irod.:<\/strong> Nekrol\u00f3g (N\u00fa., 2004. m\u00e1j. 25.); Sucher<\/br><\/p>\n","protected":false},"excerpt":{"rendered":"<p>Kv., 1872. szept. 23., \u2020 Mez\u0151m\u00e9hes, 1941. m\u00e1j. 28. Temetve B\u00e1ldon: birtokos, cs. \u00e9s kir. kamar\u00e1s. \u2013 B. \u00c1kos (1846\u20131932) \u00e9s gr. Betlen Emma fia. Feles\u00e9ge: zabolai gr. Mikes Roz\u00e1lia (1868\u20131962). Esk\u00fcv\u0151 (1898. okt. 28). \u2013 Gyek\u00e9ben, Mez\u0151m\u00e9hesen volt birtoka, kast\u00e9lya. A mez\u0151s\u00e9gi vad\u00e1szatok szervez\u0151je volt. Irod.: Bicsok\u2013Orb\u00e1n; Gudenus; Keresztes 1995; Keresztes Gyula: \u00d6r\u00f6ks\u00e9g\u00fcnk 48.: [&hellip;]<\/p>\n","protected":false},"featured_media":0,"comment_status":"open","ping_status":"closed","template":"","meta":[],"product_brand":[],"product_cat":[137],"product_tag":[],"class_list":{"0":"post-4273","1":"product","2":"type-product","3":"status-publish","5":"product_cat-maros-megyei-eletrajzi-lexikon","7":"first","8":"instock","9":"shipping-taxable","10":"product-type-simple"},"_links":{"self":[{"href":"https:\/\/uj.adatbank.ro\/lexikon\/wp-json\/wp\/v2\/product\/4273","targetHints":{"allow":["GET"]}}],"collection":[{"href":"https:\/\/uj.adatbank.ro\/lexikon\/wp-json\/wp\/v2\/product"}],"about":[{"href":"https:\/\/uj.adatbank.ro\/lexikon\/wp-json\/wp\/v2\/types\/product"}],"replies":[{"embeddable":true,"href":"https:\/\/uj.adatbank.ro\/lexikon\/wp-json\/wp\/v2\/comments?post=4273"}],"wp:attachment":[{"href":"https:\/\/uj.adatbank.ro\/lexikon\/wp-json\/wp\/v2\/media?parent=4273"}],"wp:term":[{"taxonomy":"product_brand","embeddable":true,"href":"https:\/\/uj.adatbank.ro\/lexikon\/wp-json\/wp\/v2\/product_brand?post=4273"},{"taxonomy":"product_cat","embeddable":true,"href":"https:\/\/uj.adatbank.ro\/lexikon\/wp-json\/wp\/v2\/product_cat?post=4273"},{"taxonomy":"product_tag","embeddable":true,"href":"https:\/\/uj.adatbank.ro\/lexikon\/wp-json\/wp\/v2\/product_tag?post=4273"}],"curies":[{"name":"wp","href":"https:\/\/api.w.org\/{rel}","templated":true}]}}

BÉLDI Ferenc, uzoni gr.

<p>Kv., 1872. szept. 23., † Mezőméhes, 1941. máj. 28. Temetve Báldon: birtokos, cs. és kir. kamarás. – B. Ákos (1846–1932) és gr. Betlen Emma fia. Felesége: zabolai gr. Mikes Rozália (1868–1962). Esküvő (1898. okt. 28). – Gyekében, Mezőméhesen volt birtoka, kastélya. A mezőségi vadászatok szervezője volt. <br /><strong>Irod.:</strong> Bicsok–Orbán; Gudenus; Keresztes 1995; Keresztes Gyula: Örökségünk 48.: A báldi és a mezőméhesi kastély (Nú., 1994. jan. 14); Sikóssy; Siemers Ilona: Wass-kor BARBU Romul-Zeno, Barbu Zeno, § *Tenke, 1915. jan. 1., † Mv., 1988. ápr. 3.: orvos, tüdőgyógyász, egyetemi tanár. – A középiskolát Nagyváradon, az egyetemet Kv-on végezte. Előbb az algyógyi tüdőszanatórium igazgatója, majd a mv-i OGYI tanára és a Tüdőgyógyászati Klinika vezetője (1951–85), a RTA mv-i fiókjának igazgatója, az Akadémia levelező tagja, doktor doc., érdemes orvos. Kutatási területe a szilikózis és a bányászok különböző tüdő- és szakmai betegségei. – <strong>F. m.:</strong> Ftiziologie clinică (Buc., 1975.); <strong>társsz.:</strong> Ftiziológiai jegyzet (Buc., 1952., 1977); Manual de ftiziologie (Buc., 1962); Medicină internă (Buc., 1963); Ftiziologia (Buc., 1965, 1966, 1969); Cercetări medicale (Buc., 1968); Tratat de ftiziologie (Cluj-N., 1977, 1983); Tratat de medicină internă (Buc., 1983). <br /><strong>Irod.:</strong> Ardelean–Suciu; Bottoni 2008; Genersich; Mv. Tört. 2.; [Nekrológ] (V. Z., 1988. ápr. 5.); Barabás-Péter M.-Péter H. M.; Todea–Fülöp–Avram BÁTHORY Ferenc Bertalan, § *Marosbogát, 1920. jan. 19., † Mv., 2000. okt. 20.: zászlós. – A II. vh.-ban tart. zászlósi rangban vett részt. Szovjet fogságba esett (1948-ban került haza). <br /><strong>Irod.:</strong> Berekméri BRASSAI István, § *Mv., 1919. okt. 27., † Straubing, (Németo), 2004. máj. 25.: labdarúgóedző. – A székesfehérvári fémiskolát végezte. Az ASA –hoz került (1965) a gyermekközponthoz de közben segédkezett Boné Tibornak a nagycsapatnál, majd másodedző lett (1974–77) az Aranycsapat idején. Ő volt a csapat fizikai felkészítője, játékos-beszerzője. A Minrul Balánbányához távozott (1977). <br /><strong>Irod.:</strong> Nekrológ (Nú., 2004. máj. 25.); Sucher</br></p>

<p>Kv., 1872. szept. 23., † Mezőméhes, 1941. máj. 28. Temetve Báldon: birtokos, cs. és kir. kamarás. – B. Ákos (1846–1932) és gr. Betlen Emma fia. Felesége: zabolai gr. Mikes Rozália (1868–1962). Esküvő (1898. okt. 28). – Gyekében, Mezőméhesen volt birtoka, kastélya. A mezőségi vadászatok szervezője volt. Irod.: Bicsok–Orbán; Gudenus; Keresztes 1995; Keresztes Gyula: Örökségünk 48.: [&hellip;]</p>
