{"id":4275,"date":"2025-06-28T16:35:44","date_gmt":"2025-06-28T14:35:44","guid":{"rendered":"https:\/\/uj.adatbank.ro\/lexikon\/termek\/beldi-gergely-beldy-gergely-uzoni-gr\/"},"modified":"2025-06-28T16:35:44","modified_gmt":"2025-06-28T14:35:44","slug":"beldi-gergely-beldy-gergely-uzoni-gr","status":"publish","type":"product","link":"https:\/\/uj.adatbank.ro\/lexikon\/termek\/beldi-gergely-beldy-gergely-uzoni-gr\/","title":{"rendered":"B\u00c9LDI Gergely, B\u00e9ldy Gergely, uzoni gr."},"content":{"rendered":"<p>Brass\u00f3, 1819 1817. m\u00e1rc. 9., \u2020\u00a0Kv., 1889. jan. 7, temetve Veresmarton: f\u0151isp\u00e1n, f\u0151kir\u00e1lyb\u00edr\u00f3, kamar\u00e1s. Hal\u00e1lakor 72. \u00e9ves, teh\u00e1t 1817-ben sz\u00fclethetett. B. Istv\u00e1n \u00e9s k\u00e1szoni br. Bornemisza Anna fia. Testv\u00e9re: Istv\u00e1n. Feles\u00e9ge: hidv\u00e9gi gr. Nemes Roz\u00e1lia (1824. j\u00fan. 21. \u2013 1900) csillagkeresztes h\u00f6lgy. \u2013 Birtokai: \u00c1rapatak, Er\u0151sd, El\u0151patak, Veresmart. Lak\u00e1sa: Veresmart \u00e9s Kv. Marossz\u00e9k utols\u00f3 f\u0151kir\u00e1lyb\u00edr\u00e1ja (\u20131876), majd Marossz\u00e9k \u00e9s Torda megye egyes\u00edt\u00e9se ut\u00e1n (1876) a Maros-Torda megye els\u0151 alkotm\u00e1nyos f\u0151isp\u00e1nja lemond\u00e1s\u00e1ig (1876\u20131883. \u00e1pr.). A Sz\u00e9kely M\u0171vel\u0151d\u00e9si \u00e9s K\u00f6zgazdas\u00e1gi Egyes\u00fclet alap\u00edt\u00f3ja (1875). A r. k. gimn. vil\u00e1gi f\u0151gondnoka (1876\u2013). A V\u00f6r\u00f6s Kereszt Egylet helyi fi\u00f3kj\u00e1nak eln\u00f6ke (1874). A KZST tagja (1877). \u00c9rdemei elismer\u00e9sek\u00e9nt v. b. t. t. c\u00edmet kapott. Mv. d\u00edszpolg\u00e1r\u00e1v\u00e1 v\u00e1lasztotta, a Lip\u00f3t rend lovagkeresztj\u00e9t \u00e9s a T\u00f6r\u00f6k Nizchan-iftihar-rend \u00e9s a rom\u00e1n kir. Korona-rend nagykeresztj\u00e9nek tulajdonossa. <br \/><strong>Irod.:<\/strong> Bi\u00e1s Istv\u00e1n; Gy\u00e1szjelent\u0151; Id\u0151t\u00e1r 2; Marosi-KZST; MNZS; Mo. f\u0151isp\u00e1njai; P\u00e1l-Antal<\/br><\/p>\n","protected":false},"excerpt":{"rendered":"<p>Brass\u00f3, 1819 1817. m\u00e1rc. 9., \u2020\u00a0Kv., 1889. jan. 7, temetve Veresmarton: f\u0151isp\u00e1n, f\u0151kir\u00e1lyb\u00edr\u00f3, kamar\u00e1s. Hal\u00e1lakor 72. \u00e9ves, teh\u00e1t 1817-ben sz\u00fclethetett. B. Istv\u00e1n \u00e9s k\u00e1szoni br. Bornemisza Anna fia. Testv\u00e9re: Istv\u00e1n. Feles\u00e9ge: hidv\u00e9gi gr. Nemes Roz\u00e1lia (1824. j\u00fan. 21. \u2013 1900) csillagkeresztes h\u00f6lgy. \u2013 Birtokai: \u00c1rapatak, Er\u0151sd, El\u0151patak, Veresmart. Lak\u00e1sa: Veresmart \u00e9s Kv. Marossz\u00e9k utols\u00f3 f\u0151kir\u00e1lyb\u00edr\u00e1ja [&hellip;]<\/p>\n","protected":false},"featured_media":0,"comment_status":"open","ping_status":"closed","template":"","meta":[],"product_brand":[],"product_cat":[137],"product_tag":[],"class_list":{"0":"post-4275","1":"product","2":"type-product","3":"status-publish","5":"product_cat-maros-megyei-eletrajzi-lexikon","7":"first","8":"instock","9":"shipping-taxable","10":"product-type-simple"},"_links":{"self":[{"href":"https:\/\/uj.adatbank.ro\/lexikon\/wp-json\/wp\/v2\/product\/4275","targetHints":{"allow":["GET"]}}],"collection":[{"href":"https:\/\/uj.adatbank.ro\/lexikon\/wp-json\/wp\/v2\/product"}],"about":[{"href":"https:\/\/uj.adatbank.ro\/lexikon\/wp-json\/wp\/v2\/types\/product"}],"replies":[{"embeddable":true,"href":"https:\/\/uj.adatbank.ro\/lexikon\/wp-json\/wp\/v2\/comments?post=4275"}],"wp:attachment":[{"href":"https:\/\/uj.adatbank.ro\/lexikon\/wp-json\/wp\/v2\/media?parent=4275"}],"wp:term":[{"taxonomy":"product_brand","embeddable":true,"href":"https:\/\/uj.adatbank.ro\/lexikon\/wp-json\/wp\/v2\/product_brand?post=4275"},{"taxonomy":"product_cat","embeddable":true,"href":"https:\/\/uj.adatbank.ro\/lexikon\/wp-json\/wp\/v2\/product_cat?post=4275"},{"taxonomy":"product_tag","embeddable":true,"href":"https:\/\/uj.adatbank.ro\/lexikon\/wp-json\/wp\/v2\/product_tag?post=4275"}],"curies":[{"name":"wp","href":"https:\/\/api.w.org\/{rel}","templated":true}]}}

BÉLDI Gergely, Béldy Gergely, uzoni gr.

<p>Brassó, 1819 1817. márc. 9., † Kv., 1889. jan. 7, temetve Veresmarton: főispán, főkirálybíró, kamarás. Halálakor 72. éves, tehát 1817-ben születhetett. B. István és kászoni br. Bornemisza Anna fia. Testvére: István. Felesége: hidvégi gr. Nemes Rozália (1824. jún. 21. – 1900) csillagkeresztes hölgy. – Birtokai: Árapatak, Erősd, Előpatak, Veresmart. Lakása: Veresmart és Kv. Marosszék utolsó főkirálybírája (–1876), majd Marosszék és Torda megye egyesítése után (1876) a Maros-Torda megye első alkotmányos főispánja lemondásáig (1876–1883. ápr.). A Székely Művelődési és Közgazdasági Egyesület alapítója (1875). A r. k. gimn. világi főgondnoka (1876–). A Vörös Kereszt Egylet helyi fiókjának elnöke (1874). A KZST tagja (1877). Érdemei elismeréseként v. b. t. t. címet kapott. Mv. díszpolgárává választotta, a Lipót rend lovagkeresztjét és a Török Nizchan-iftihar-rend és a román kir. Korona-rend nagykeresztjének tulajdonossa. <br /><strong>Irod.:</strong> Biás István; Gyászjelentő; Időtár 2; Marosi-KZST; MNZS; Mo. főispánjai; Pál-Antal</br></p>

<p>Brassó, 1819 1817. márc. 9., † Kv., 1889. jan. 7, temetve Veresmarton: főispán, főkirálybíró, kamarás. Halálakor 72. éves, tehát 1817-ben születhetett. B. István és kászoni br. Bornemisza Anna fia. Testvére: István. Felesége: hidvégi gr. Nemes Rozália (1824. jún. 21. – 1900) csillagkeresztes hölgy. – Birtokai: Árapatak, Erősd, Előpatak, Veresmart. Lakása: Veresmart és Kv. Marosszék utolsó főkirálybírája [&hellip;]</p>
