{"id":4276,"date":"2025-06-28T16:35:47","date_gmt":"2025-06-28T14:35:47","guid":{"rendered":"https:\/\/uj.adatbank.ro\/lexikon\/termek\/beldi-gergely-uzoni-gr-beldy-gergely-beldi-gregor\/"},"modified":"2025-06-28T16:35:47","modified_gmt":"2025-06-28T14:35:47","slug":"beldi-gergely-uzoni-gr-beldy-gergely-beldi-gregor","status":"publish","type":"product","link":"https:\/\/uj.adatbank.ro\/lexikon\/termek\/beldi-gergely-uzoni-gr-beldy-gergely-beldi-gregor\/","title":{"rendered":"B\u00c9LDI Gergely, uzoni gr., B\u00e9ldy Gergely, B\u00e9ldi Gregor"},"content":{"rendered":"<p>B\u00e1ld, 1887. dec. 13., \u2020\u00a0Mv., 1966. okt. 13.: diplomata, f\u0151isp\u00e1n, cs. k. konzul, Teher\u00e1nban, f\u00f6ldbirtokos. \u2013 B. K\u00e1lm\u00e1n \u00e9s Husz\u00e1r Erzs\u00e9bet fia. Feles\u00e9ge br. Mannsberg Erzs\u00e9bet egy porosz csal\u00e1d sarja (Kv., 1896. \u2013 Mv., 1957), gyermekeik: Margit, Gergely biol\u00f3gus, M\u00e1ria, Moln\u00e1r J\u00e1nosn\u00e9 (1946. j\u00fal. \u2013). \u2013 K\u00f6z\u00e9piskol\u00e1it Mv.-en, konzuli akad.-t B\u00e9csben v\u00e9gzett (1905. okt. 7. \u2013 1910. szept. 30.). K\u00e9t \u00e9vig Alexandri\u00e1ban volt osztr\u00e1k-m. konzul, nagyk\u00f6vet, majd Teher\u00e1nban, B\u00e9csben \u00e9s Bp.-en teljes\u00edtett k\u00f6veti feladatokat. H\u00e1zass\u00e1ga ut\u00e1n (1920) r\u00f6vid ideig Bp.-en \u00e9ltek, hazak\u00f6lt\u00f6ztek Mez\u0151b\u00e1ldra az apai h\u00e1zba, majd a d\u00edcs\u0151szentm\u00e1rtoni h\u00e1zuk rendbet\u00e9tele ut\u00e1n ott \u00e9ltek (1936\u2013). Az OMP eln\u00f6ke. Visszavonult a politikai \u00e9letb\u0151l f\u00f6ldbirtokosk\u00e9nt \u00e9lt, banktisztvisel\u0151, egyh\u00e1zi tan\u00e1csos \u00e9s a r. k. dal\u00e1rda eln\u00f6ke volt. \u00c9rdemei elismer\u00e9sek\u00e9nt a Perzsia Nap \u00e9s Oroszl\u00e1n Rend II. fokozat\u00e1val, a Hadi Kereszttel \u00e9s a Verdienstkreuz II. fokozat\u00e1val t\u00fcntett\u00e9k ki. A II. vh. ut\u00e1n a csal\u00e1dot el\u0171zt\u00e9k dics\u0151szentm\u00e1rtoni otthon\u00e1b\u00f3l, kilakoltatt\u00e1k t\u00f6bbsz\u00f6r (1944. szept. \u2013), majd v\u00e9gleg elvett\u00e9k a kast\u00e9lyt (1947. szept.), egy rom\u00e1n csal\u00e1d fogadta be \u0151ket egy szob\u00e1ba. Egy \u00e9vig rom\u00e1n gy\u0171jt\u0151t\u00e1borba vitt\u00e9k. Mv.-re l\u00e1ny\u00e1hoz Moln\u00e1r J\u00e1nos ev. lelk\u00e9sz csal\u00e1dj\u00e1hoz menek\u00fcltek (1948. dec.). A csal\u00e1d m\u00e1r j\u00f3val hamarabb oszt\u00e1ly- \u00e9s orsz\u00e1gellenesnek min\u0151s\u00fclt, a kiemel\u00e9skor (1949. m\u00e1rc. 3.) m\u00e1r nincstelenek voltak, teljesen t\u00f6rv\u00e9nytelen\u00fcl fosztott\u00e1k meg javaikt\u00f3l m\u00e9g \u00e1llamos\u00edt\u00e1s el\u0151tt. Dics\u0151szentm\u00e1rtoni h\u00e1zuk jelenleg a helyi m\u00fazeum otthona. <br \/><strong>Irod.:<\/strong> Bi\u00e1s Istv\u00e1n; Bicsok\u2013Orb\u00e1n; Dics\u0151szentm\u00e1rton; Dics\u0151szentm\u00e1rton r\u00e9gi arca; G\u00e1l; Gudenus; Lexiconul vie\u0163ii publice; Marosi-KZST; Molter 3.; A r\u00e9gi V\u00e1s\u00e1rhely egy kis darabja t\u0171nt el vele: Elhunyt Moln\u00e1r J\u00e1nos evang\u00e9likus lelk\u00e9sz (\u00daj Kezdet, 3. sz., 2007. m\u00e1rc.); Szab\u00f3\u2013Simon\u2013Sz\u00f6gi<\/br><\/p>\n","protected":false},"excerpt":{"rendered":"<p>B\u00e1ld, 1887. dec. 13., \u2020\u00a0Mv., 1966. okt. 13.: diplomata, f\u0151isp\u00e1n, cs. k. konzul, Teher\u00e1nban, f\u00f6ldbirtokos. \u2013 B. K\u00e1lm\u00e1n \u00e9s Husz\u00e1r Erzs\u00e9bet fia. Feles\u00e9ge br. Mannsberg Erzs\u00e9bet egy porosz csal\u00e1d sarja (Kv., 1896. \u2013 Mv., 1957), gyermekeik: Margit, Gergely biol\u00f3gus, M\u00e1ria, Moln\u00e1r J\u00e1nosn\u00e9 (1946. j\u00fal. \u2013). \u2013 K\u00f6z\u00e9piskol\u00e1it Mv.-en, konzuli akad.-t B\u00e9csben v\u00e9gzett (1905. okt. 7. [&hellip;]<\/p>\n","protected":false},"featured_media":0,"comment_status":"open","ping_status":"closed","template":"","meta":[],"product_brand":[],"product_cat":[137],"product_tag":[],"class_list":{"0":"post-4276","1":"product","2":"type-product","3":"status-publish","5":"product_cat-maros-megyei-eletrajzi-lexikon","7":"first","8":"instock","9":"shipping-taxable","10":"product-type-simple"},"_links":{"self":[{"href":"https:\/\/uj.adatbank.ro\/lexikon\/wp-json\/wp\/v2\/product\/4276","targetHints":{"allow":["GET"]}}],"collection":[{"href":"https:\/\/uj.adatbank.ro\/lexikon\/wp-json\/wp\/v2\/product"}],"about":[{"href":"https:\/\/uj.adatbank.ro\/lexikon\/wp-json\/wp\/v2\/types\/product"}],"replies":[{"embeddable":true,"href":"https:\/\/uj.adatbank.ro\/lexikon\/wp-json\/wp\/v2\/comments?post=4276"}],"wp:attachment":[{"href":"https:\/\/uj.adatbank.ro\/lexikon\/wp-json\/wp\/v2\/media?parent=4276"}],"wp:term":[{"taxonomy":"product_brand","embeddable":true,"href":"https:\/\/uj.adatbank.ro\/lexikon\/wp-json\/wp\/v2\/product_brand?post=4276"},{"taxonomy":"product_cat","embeddable":true,"href":"https:\/\/uj.adatbank.ro\/lexikon\/wp-json\/wp\/v2\/product_cat?post=4276"},{"taxonomy":"product_tag","embeddable":true,"href":"https:\/\/uj.adatbank.ro\/lexikon\/wp-json\/wp\/v2\/product_tag?post=4276"}],"curies":[{"name":"wp","href":"https:\/\/api.w.org\/{rel}","templated":true}]}}

BÉLDI Gergely, uzoni gr., Béldy Gergely, Béldi Gregor

<p>Báld, 1887. dec. 13., † Mv., 1966. okt. 13.: diplomata, főispán, cs. k. konzul, Teheránban, földbirtokos. – B. Kálmán és Huszár Erzsébet fia. Felesége br. Mannsberg Erzsébet egy porosz család sarja (Kv., 1896. – Mv., 1957), gyermekeik: Margit, Gergely biológus, Mária, Molnár Jánosné (1946. júl. –). – Középiskoláit Mv.-en, konzuli akad.-t Bécsben végzett (1905. okt. 7. – 1910. szept. 30.). Két évig Alexandriában volt osztrák-m. konzul, nagykövet, majd Teheránban, Bécsben és Bp.-en teljesített követi feladatokat. Házassága után (1920) rövid ideig Bp.-en éltek, hazaköltöztek Mezőbáldra az apai házba, majd a dícsőszentmártoni házuk rendbetétele után ott éltek (1936–). Az OMP elnöke. Visszavonult a politikai életből földbirtokosként élt, banktisztviselő, egyházi tanácsos és a r. k. dalárda elnöke volt. Érdemei elismeréseként a Perzsia Nap és Oroszlán Rend II. fokozatával, a Hadi Kereszttel és a Verdienstkreuz II. fokozatával tüntették ki. A II. vh. után a családot elűzték dicsőszentmártoni otthonából, kilakoltatták többször (1944. szept. –), majd végleg elvették a kastélyt (1947. szept.), egy román család fogadta be őket egy szobába. Egy évig román gyűjtőtáborba vitték. Mv.-re lányához Molnár János ev. lelkész családjához menekültek (1948. dec.). A család már jóval hamarabb osztály- és országellenesnek minősült, a kiemeléskor (1949. márc. 3.) már nincstelenek voltak, teljesen törvénytelenül fosztották meg javaiktól még államosítás előtt. Dicsőszentmártoni házuk jelenleg a helyi múzeum otthona. <br /><strong>Irod.:</strong> Biás István; Bicsok–Orbán; Dicsőszentmárton; Dicsőszentmárton régi arca; Gál; Gudenus; Lexiconul vieţii publice; Marosi-KZST; Molter 3.; A régi Vásárhely egy kis darabja tűnt el vele: Elhunyt Molnár János evangélikus lelkész (Új Kezdet, 3. sz., 2007. márc.); Szabó–Simon–Szögi</br></p>

<p>Báld, 1887. dec. 13., † Mv., 1966. okt. 13.: diplomata, főispán, cs. k. konzul, Teheránban, földbirtokos. – B. Kálmán és Huszár Erzsébet fia. Felesége br. Mannsberg Erzsébet egy porosz család sarja (Kv., 1896. – Mv., 1957), gyermekeik: Margit, Gergely biológus, Mária, Molnár Jánosné (1946. júl. –). – Középiskoláit Mv.-en, konzuli akad.-t Bécsben végzett (1905. okt. 7. [&hellip;]</p>
