{"id":4277,"date":"2025-06-28T16:35:49","date_gmt":"2025-06-28T14:35:49","guid":{"rendered":"https:\/\/uj.adatbank.ro\/lexikon\/termek\/beldi-gyorgy\/"},"modified":"2025-06-28T16:35:49","modified_gmt":"2025-06-28T14:35:49","slug":"beldi-gyorgy","status":"publish","type":"product","link":"https:\/\/uj.adatbank.ro\/lexikon\/termek\/beldi-gyorgy\/","title":{"rendered":"B\u00c9LDI Gy\u00f6rgy"},"content":{"rendered":"<p>B\u00e1ld, 1801., \u2020 Kv., 1877. szept. 23.: f\u00f6ldbirtokos. \u2013 B. Vince \u00e9s z\u00e1goni br. Szentkereszty Roz\u00e1lia fia. Feles\u00e9ge br. Bruckenthal Berta (sz. 1826. \u00e1pr. 24.). Esk\u00fcv\u0151: 1846. jan. 31. Lak\u00e1s: Kv. Gyermekei: Georgina, Alberta. Cs. k. v. b. t. t. \u00e9s kamar\u00e1s, a Vaskorona-rend II. oszt. vit\u00e9ze, erd\u00e9lyi p\u00e9nz\u00fcgyigazgat\u00f3s\u00e1g \u00e9s kincst\u00e1rtan\u00e1cs alln\u00f6ke. Kir. hivatalos az erd\u00e9lyi 1848. \u00e9vi utols\u00f3 rendi ogy.-en (Kv., 1848. m\u00e1j. 29.-j\u00fal. 18.). A csal\u00e1d birtokai: Mez\u0151m\u00e9hes, Dics\u0151szentm\u00e1rton, Uzon, Bodola, Ny\u00e9n, M\u00e1rkos (H\u00e1romsz\u00e9k m.), Kv., Velk\u00e9r (Torda m.), Budgya (Szil\u00e1gy egye), M.-Lap\u00e1d (Als\u00f3-Feh\u00e9rm.). <br \/><strong>Irod.:<\/strong> Egyed \u00c1.: Erd\u00e9ly 1848. ogy.; MNZS<\/br><\/p>\n","protected":false},"excerpt":{"rendered":"<p>B\u00e1ld, 1801., \u2020 Kv., 1877. szept. 23.: f\u00f6ldbirtokos. \u2013 B. Vince \u00e9s z\u00e1goni br. Szentkereszty Roz\u00e1lia fia. Feles\u00e9ge br. Bruckenthal Berta (sz. 1826. \u00e1pr. 24.). Esk\u00fcv\u0151: 1846. jan. 31. Lak\u00e1s: Kv. Gyermekei: Georgina, Alberta. Cs. k. v. b. t. t. \u00e9s kamar\u00e1s, a Vaskorona-rend II. oszt. vit\u00e9ze, erd\u00e9lyi p\u00e9nz\u00fcgyigazgat\u00f3s\u00e1g \u00e9s kincst\u00e1rtan\u00e1cs alln\u00f6ke. Kir. hivatalos az [&hellip;]<\/p>\n","protected":false},"featured_media":0,"comment_status":"open","ping_status":"closed","template":"","meta":[],"product_brand":[],"product_cat":[137],"product_tag":[],"class_list":{"0":"post-4277","1":"product","2":"type-product","3":"status-publish","5":"product_cat-maros-megyei-eletrajzi-lexikon","7":"first","8":"instock","9":"shipping-taxable","10":"product-type-simple"},"_links":{"self":[{"href":"https:\/\/uj.adatbank.ro\/lexikon\/wp-json\/wp\/v2\/product\/4277","targetHints":{"allow":["GET"]}}],"collection":[{"href":"https:\/\/uj.adatbank.ro\/lexikon\/wp-json\/wp\/v2\/product"}],"about":[{"href":"https:\/\/uj.adatbank.ro\/lexikon\/wp-json\/wp\/v2\/types\/product"}],"replies":[{"embeddable":true,"href":"https:\/\/uj.adatbank.ro\/lexikon\/wp-json\/wp\/v2\/comments?post=4277"}],"wp:attachment":[{"href":"https:\/\/uj.adatbank.ro\/lexikon\/wp-json\/wp\/v2\/media?parent=4277"}],"wp:term":[{"taxonomy":"product_brand","embeddable":true,"href":"https:\/\/uj.adatbank.ro\/lexikon\/wp-json\/wp\/v2\/product_brand?post=4277"},{"taxonomy":"product_cat","embeddable":true,"href":"https:\/\/uj.adatbank.ro\/lexikon\/wp-json\/wp\/v2\/product_cat?post=4277"},{"taxonomy":"product_tag","embeddable":true,"href":"https:\/\/uj.adatbank.ro\/lexikon\/wp-json\/wp\/v2\/product_tag?post=4277"}],"curies":[{"name":"wp","href":"https:\/\/api.w.org\/{rel}","templated":true}]}}

BÉLDI György

<p>Báld, 1801., † Kv., 1877. szept. 23.: földbirtokos. – B. Vince és zágoni br. Szentkereszty Rozália fia. Felesége br. Bruckenthal Berta (sz. 1826. ápr. 24.). Esküvő: 1846. jan. 31. Lakás: Kv. Gyermekei: Georgina, Alberta. Cs. k. v. b. t. t. és kamarás, a Vaskorona-rend II. oszt. vitéze, erdélyi pénzügyigazgatóság és kincstártanács allnöke. Kir. hivatalos az erdélyi 1848. évi utolsó rendi ogy.-en (Kv., 1848. máj. 29.-júl. 18.). A család birtokai: Mezőméhes, Dicsőszentmárton, Uzon, Bodola, Nyén, Márkos (Háromszék m.), Kv., Velkér (Torda m.), Budgya (Szilágy egye), M.-Lapád (Alsó-Fehérm.). <br /><strong>Irod.:</strong> Egyed Á.: Erdély 1848. ogy.; MNZS</br></p>

<p>Báld, 1801., † Kv., 1877. szept. 23.: földbirtokos. – B. Vince és zágoni br. Szentkereszty Rozália fia. Felesége br. Bruckenthal Berta (sz. 1826. ápr. 24.). Esküvő: 1846. jan. 31. Lakás: Kv. Gyermekei: Georgina, Alberta. Cs. k. v. b. t. t. és kamarás, a Vaskorona-rend II. oszt. vitéze, erdélyi pénzügyigazgatóság és kincstártanács allnöke. Kir. hivatalos az [&hellip;]</p>
