{"id":4279,"date":"2025-06-28T16:35:55","date_gmt":"2025-06-28T14:35:55","guid":{"rendered":"https:\/\/uj.adatbank.ro\/lexikon\/termek\/beldi-kalman-uzoni-gr-beldi-coloman-beldy-kalman\/"},"modified":"2025-06-28T16:35:55","modified_gmt":"2025-06-28T14:35:55","slug":"beldi-kalman-uzoni-gr-beldi-coloman-beldy-kalman","status":"publish","type":"product","link":"https:\/\/uj.adatbank.ro\/lexikon\/termek\/beldi-kalman-uzoni-gr-beldi-coloman-beldy-kalman\/","title":{"rendered":"B\u00c9LDI K\u00e1lm\u00e1n, uzoni gr., B\u00e9ldi Coloman, B\u00e9ldy K\u00e1lm\u00e1n"},"content":{"rendered":"<p>Kv., 1851. j\u00fan. 30.,\u2020 B\u00e9ld, 1929. okt. 20.: husz\u00e1rhadnagy, politikus, f\u00f6ldbirtokos. \u2013 B. Ferenc \u00e9s vargyasi Daniel Zs\u00f3fia fia. Feles\u00e9ge mez\u0151k\u00f6vesdi br. Husz\u00e1r Erzs\u00e9bet (Kv., 1856. nov. 26. \u2013 Nagyv\u00e1rad, 1941. nov. 25.Kv.-on temett\u00e9k). Esk\u00fcv\u0151 Abaf\u00e1j\u00e1n (1876. m\u00e1j. 15.). A csal\u00e1d b\u00e1ldi \u00e1g\u00e1nak megalap\u00edt\u00f3ja. Gyermekeik: Erzs\u00e9bet (B\u00e1ld, 1877\u20131933), Gy\u00f6rgy (1878\u20131939), R\u00f3za (1880\u20131952), K\u00e1lm\u00e1n (1882\u20131946), Judit (1884\u20131969), Gergely (1887\u20131966). \u2013 A Hohenheimi Mez\u0151gazdas\u00e1gi F\u0151isk.Mez\u0151gazd\u00e1szati Kar\u00e1n fejezte be tanulm\u00e1nyait (1874. jan.15. \u2013 74. m\u00e1rc. 11.). Cs.\u00e9s kir. hadnagy a 3. husz\u00e1rezredben, a m. f\u0151rendih\u00e1z \u00f6r\u00f6k\u00f6s tagja. Az EMKE alap\u00edt\u00f3 \u00e9s v\u00e1lasztott v\u00e1lasztm\u00e1nyi tagja (1885-). B\u00e1ldon volt f\u00f6ldbirtokos. <br \/><strong>Irod.:<\/strong> Bern\u00e1dy; Bicsok-Orb\u00e1n; Gudenus, MNZS; S\u0103rma\u015fu; Szab\u00f3\u2013Simon\u2013Sz\u00f6gi<\/br><\/p>\n","protected":false},"excerpt":{"rendered":"<p>Kv., 1851. j\u00fan. 30.,\u2020 B\u00e9ld, 1929. okt. 20.: husz\u00e1rhadnagy, politikus, f\u00f6ldbirtokos. \u2013 B. Ferenc \u00e9s vargyasi Daniel Zs\u00f3fia fia. Feles\u00e9ge mez\u0151k\u00f6vesdi br. Husz\u00e1r Erzs\u00e9bet (Kv., 1856. nov. 26. \u2013 Nagyv\u00e1rad, 1941. nov. 25.Kv.-on temett\u00e9k). Esk\u00fcv\u0151 Abaf\u00e1j\u00e1n (1876. m\u00e1j. 15.). A csal\u00e1d b\u00e1ldi \u00e1g\u00e1nak megalap\u00edt\u00f3ja. Gyermekeik: Erzs\u00e9bet (B\u00e1ld, 1877\u20131933), Gy\u00f6rgy (1878\u20131939), R\u00f3za (1880\u20131952), K\u00e1lm\u00e1n (1882\u20131946), Judit [&hellip;]<\/p>\n","protected":false},"featured_media":0,"comment_status":"open","ping_status":"closed","template":"","meta":[],"product_brand":[],"product_cat":[137],"product_tag":[],"class_list":{"0":"post-4279","1":"product","2":"type-product","3":"status-publish","5":"product_cat-maros-megyei-eletrajzi-lexikon","7":"first","8":"instock","9":"shipping-taxable","10":"product-type-simple"},"_links":{"self":[{"href":"https:\/\/uj.adatbank.ro\/lexikon\/wp-json\/wp\/v2\/product\/4279","targetHints":{"allow":["GET"]}}],"collection":[{"href":"https:\/\/uj.adatbank.ro\/lexikon\/wp-json\/wp\/v2\/product"}],"about":[{"href":"https:\/\/uj.adatbank.ro\/lexikon\/wp-json\/wp\/v2\/types\/product"}],"replies":[{"embeddable":true,"href":"https:\/\/uj.adatbank.ro\/lexikon\/wp-json\/wp\/v2\/comments?post=4279"}],"wp:attachment":[{"href":"https:\/\/uj.adatbank.ro\/lexikon\/wp-json\/wp\/v2\/media?parent=4279"}],"wp:term":[{"taxonomy":"product_brand","embeddable":true,"href":"https:\/\/uj.adatbank.ro\/lexikon\/wp-json\/wp\/v2\/product_brand?post=4279"},{"taxonomy":"product_cat","embeddable":true,"href":"https:\/\/uj.adatbank.ro\/lexikon\/wp-json\/wp\/v2\/product_cat?post=4279"},{"taxonomy":"product_tag","embeddable":true,"href":"https:\/\/uj.adatbank.ro\/lexikon\/wp-json\/wp\/v2\/product_tag?post=4279"}],"curies":[{"name":"wp","href":"https:\/\/api.w.org\/{rel}","templated":true}]}}

BÉLDI Kálmán, uzoni gr., Béldi Coloman, Béldy Kálmán

<p>Kv., 1851. jún. 30.,† Béld, 1929. okt. 20.: huszárhadnagy, politikus, földbirtokos. – B. Ferenc és vargyasi Daniel Zsófia fia. Felesége mezőkövesdi br. Huszár Erzsébet (Kv., 1856. nov. 26. – Nagyvárad, 1941. nov. 25.Kv.-on temették). Esküvő Abafáján (1876. máj. 15.). A család báldi ágának megalapítója. Gyermekeik: Erzsébet (Báld, 1877–1933), György (1878–1939), Róza (1880–1952), Kálmán (1882–1946), Judit (1884–1969), Gergely (1887–1966). – A Hohenheimi Mezőgazdasági Főisk.Mezőgazdászati Karán fejezte be tanulmányait (1874. jan.15. – 74. márc. 11.). Cs.és kir. hadnagy a 3. huszárezredben, a m. főrendiház örökös tagja. Az EMKE alapító és választott választmányi tagja (1885-). Báldon volt földbirtokos. <br /><strong>Irod.:</strong> Bernády; Bicsok-Orbán; Gudenus, MNZS; Sărmaşu; Szabó–Simon–Szögi</br></p>

<p>Kv., 1851. jún. 30.,† Béld, 1929. okt. 20.: huszárhadnagy, politikus, földbirtokos. – B. Ferenc és vargyasi Daniel Zsófia fia. Felesége mezőkövesdi br. Huszár Erzsébet (Kv., 1856. nov. 26. – Nagyvárad, 1941. nov. 25.Kv.-on temették). Esküvő Abafáján (1876. máj. 15.). A család báldi ágának megalapítója. Gyermekeik: Erzsébet (Báld, 1877–1933), György (1878–1939), Róza (1880–1952), Kálmán (1882–1946), Judit [&hellip;]</p>
