{"id":4280,"date":"2025-06-28T16:35:58","date_gmt":"2025-06-28T14:35:58","guid":{"rendered":"https:\/\/uj.adatbank.ro\/lexikon\/termek\/beldi-kalman-uzoni-gr-beldi-coloman\/"},"modified":"2025-06-28T16:35:58","modified_gmt":"2025-06-28T14:35:58","slug":"beldi-kalman-uzoni-gr-beldi-coloman","status":"publish","type":"product","link":"https:\/\/uj.adatbank.ro\/lexikon\/termek\/beldi-kalman-uzoni-gr-beldi-coloman\/","title":{"rendered":"B\u00c9LDI K\u00e1lm\u00e1n, uzoni gr; B\u00e9ldi Coloman"},"content":{"rendered":"<p>B\u00e1ld, 1882. jan. 9., \u2020 Decs, 1946. dec. 24.: birtokos. \u2013 B. K\u00e1lm\u00e1n \u00e9s k\u00f6vesdi br. Husz\u00e1r Erzs\u00e9bet fia. Feles\u00e9ge hadadi br. Wessel\u00e9nyi P\u00e1lma (Kv., 1881. dec. 15. \u2013 Mv., 1958. dec. 28). Esk\u00fcv\u0151 Zsib\u00f3 (1907. j\u00fan. 16.). Gyermekei: Erzs\u00e9bet, D\u00e9nes, Zsuzsanna, P\u00e1lma (1913\u20131964) Miskolczy Dezs\u0151n\u00e9, P\u00e1l J\u00f3zsef (1916\u20131972). \u2013 Bp.-en tanult, B\u00e9csi Egy. Jogtud. Kar\u00e1n folytatta tanulm\u00e1nyait (1899). B\u00e1ldon volt birtoka, m. kir. hadnagy, a m. f\u0151rendi h\u00e1z \u00f6r\u00f6k\u00f6s tagja, a M. Sz\u00f6vets\u00e9g aleln\u00f6ke volt (1921). A k\u00e9t vh. k\u00f6z\u00f6tt a M. Ogy. Fels\u0151h\u00e1z\u00e1nak tagja, a rom\u00e1niai Orsz\u00e1gos M. P\u00e1rt vez\u00e9regy\u00e9nis\u00e9ge, az EMKE eln\u00f6ke (1928) \u00e9s a Gazdas\u00e1gi \u00e9s Hitelsz\u00f6vetkezetek Sz\u00f6vets\u00e9g\u00e9nek eln\u00f6ke, Erd\u00e9lyr\u00e9szi Gazdas\u00e1gi Egylet eln\u00f6ke (1931), az Erd\u00e9lyr\u00e9szi Gazdas\u00e1gi Tan\u00e1cs eln\u00f6ke volt (1941\u201344). A vh. ut\u00e1n lemondott az EMKE eln\u00f6ki tiszts\u00e9g\u00e9r\u0151l. Mo.-ra menek\u00fclt a h\u00e1bor\u00fa v\u00e9ge fel\u00e9. <br \/><strong>Irod.:<\/strong> Bicsok\u2013Orb\u00e1n; Ga\u00e1l 2001; Gudenus; Id\u0151t\u00e1r 3; Lev\u00e9lt\u00e1ri gy\u00e1szj.; Pomog\u00e1ts 1.; Siemers Ilona: Wass-kor; Szab\u00f3\u2013Simon\u2013Sz\u00f6gi; Teleki \u00c9va: T\u00f6lgy \u00e9s repk\u00e9ny<\/br><\/p>\n","protected":false},"excerpt":{"rendered":"<p>B\u00e1ld, 1882. jan. 9., \u2020 Decs, 1946. dec. 24.: birtokos. \u2013 B. K\u00e1lm\u00e1n \u00e9s k\u00f6vesdi br. Husz\u00e1r Erzs\u00e9bet fia. Feles\u00e9ge hadadi br. Wessel\u00e9nyi P\u00e1lma (Kv., 1881. dec. 15. \u2013 Mv., 1958. dec. 28). Esk\u00fcv\u0151 Zsib\u00f3 (1907. j\u00fan. 16.). Gyermekei: Erzs\u00e9bet, D\u00e9nes, Zsuzsanna, P\u00e1lma (1913\u20131964) Miskolczy Dezs\u0151n\u00e9, P\u00e1l J\u00f3zsef (1916\u20131972). \u2013 Bp.-en tanult, B\u00e9csi Egy. Jogtud. [&hellip;]<\/p>\n","protected":false},"featured_media":0,"comment_status":"open","ping_status":"closed","template":"","meta":[],"product_brand":[],"product_cat":[137],"product_tag":[],"class_list":{"0":"post-4280","1":"product","2":"type-product","3":"status-publish","5":"product_cat-maros-megyei-eletrajzi-lexikon","7":"first","8":"instock","9":"shipping-taxable","10":"product-type-simple"},"_links":{"self":[{"href":"https:\/\/uj.adatbank.ro\/lexikon\/wp-json\/wp\/v2\/product\/4280","targetHints":{"allow":["GET"]}}],"collection":[{"href":"https:\/\/uj.adatbank.ro\/lexikon\/wp-json\/wp\/v2\/product"}],"about":[{"href":"https:\/\/uj.adatbank.ro\/lexikon\/wp-json\/wp\/v2\/types\/product"}],"replies":[{"embeddable":true,"href":"https:\/\/uj.adatbank.ro\/lexikon\/wp-json\/wp\/v2\/comments?post=4280"}],"wp:attachment":[{"href":"https:\/\/uj.adatbank.ro\/lexikon\/wp-json\/wp\/v2\/media?parent=4280"}],"wp:term":[{"taxonomy":"product_brand","embeddable":true,"href":"https:\/\/uj.adatbank.ro\/lexikon\/wp-json\/wp\/v2\/product_brand?post=4280"},{"taxonomy":"product_cat","embeddable":true,"href":"https:\/\/uj.adatbank.ro\/lexikon\/wp-json\/wp\/v2\/product_cat?post=4280"},{"taxonomy":"product_tag","embeddable":true,"href":"https:\/\/uj.adatbank.ro\/lexikon\/wp-json\/wp\/v2\/product_tag?post=4280"}],"curies":[{"name":"wp","href":"https:\/\/api.w.org\/{rel}","templated":true}]}}

BÉLDI Kálmán, uzoni gr; Béldi Coloman

<p>Báld, 1882. jan. 9., † Decs, 1946. dec. 24.: birtokos. – B. Kálmán és kövesdi br. Huszár Erzsébet fia. Felesége hadadi br. Wesselényi Pálma (Kv., 1881. dec. 15. – Mv., 1958. dec. 28). Esküvő Zsibó (1907. jún. 16.). Gyermekei: Erzsébet, Dénes, Zsuzsanna, Pálma (1913–1964) Miskolczy Dezsőné, Pál József (1916–1972). – Bp.-en tanult, Bécsi Egy. Jogtud. Karán folytatta tanulmányait (1899). Báldon volt birtoka, m. kir. hadnagy, a m. főrendi ház örökös tagja, a M. Szövetség alelnöke volt (1921). A két vh. között a M. Ogy. Felsőházának tagja, a romániai Országos M. Párt vezéregyénisége, az EMKE elnöke (1928) és a Gazdasági és Hitelszövetkezetek Szövetségének elnöke, Erdélyrészi Gazdasági Egylet elnöke (1931), az Erdélyrészi Gazdasági Tanács elnöke volt (1941–44). A vh. után lemondott az EMKE elnöki tisztségéről. Mo.-ra menekült a háború vége felé. <br /><strong>Irod.:</strong> Bicsok–Orbán; Gaál 2001; Gudenus; Időtár 3; Levéltári gyászj.; Pomogáts 1.; Siemers Ilona: Wass-kor; Szabó–Simon–Szögi; Teleki Éva: Tölgy és repkény</br></p>

<p>Báld, 1882. jan. 9., † Decs, 1946. dec. 24.: birtokos. – B. Kálmán és kövesdi br. Huszár Erzsébet fia. Felesége hadadi br. Wesselényi Pálma (Kv., 1881. dec. 15. – Mv., 1958. dec. 28). Esküvő Zsibó (1907. jún. 16.). Gyermekei: Erzsébet, Dénes, Zsuzsanna, Pálma (1913–1964) Miskolczy Dezsőné, Pál József (1916–1972). – Bp.-en tanult, Bécsi Egy. Jogtud. [&hellip;]</p>
