{"id":4283,"date":"2025-06-28T16:36:07","date_gmt":"2025-06-28T14:36:07","guid":{"rendered":"https:\/\/uj.adatbank.ro\/lexikon\/termek\/beldi-miklos-istvan-uzoni-gr\/"},"modified":"2025-06-28T16:36:07","modified_gmt":"2025-06-28T14:36:07","slug":"beldi-miklos-istvan-uzoni-gr","status":"publish","type":"product","link":"https:\/\/uj.adatbank.ro\/lexikon\/termek\/beldi-miklos-istvan-uzoni-gr\/","title":{"rendered":"B\u00c9LDI Mikl\u00f3s, Istv\u00e1n, uzoni gr."},"content":{"rendered":"<p>Dics\u0151szentm\u00e1rton, 1925. \u00e1pr. 9., \u2020 2007. aug. 26.: biol\u00f3giatan\u00e1r, ornitol\u00f3gus. \u2013 B. Gergely \u00e9s br. Mansfeld Erzs\u00e9bet fia. Lesz\u00e1rmazottja B. Ferencnek (1798\u20131880), aki B\u00f6l\u00f6ni Farkas S\u00e1ndorral Nyugat-Eur\u00f3p\u00e1t \u00e9s \u00c9szak-Amerik\u00e1t bej\u00e1rta (1830\u201332). Feles\u00e9ge Gergely M\u00e1ria. Gyermekei: Mikl\u00f3s, Istv\u00e1n. \u2013 \u00c9retts\u00e9gizett Kv.-on a Piarista F\u0151gimn.-ban (1944); a BTE \u2013en biol\u00f3gia szakos tan\u00e1ri oklevelet szerzett (1950); II. majd\u00a0I. fokozati vizsg\u00e1t tett (1970, 1978). \u00c1ltal\u00e1nos iskolai tan\u00e1r Erd\u0151gyakaron (1950\u201353), Gyergy\u00f3sz\u00e1rhegyen (1953\u201355), M\u00e9r\u00e1ban (1955\u201357), Szucs\u00e1gon (1957\u201359; 1965\u201385); munk\u00e1s (1959\u201364). Vist\u00e1n tan\u00e1r (1964\u201365); nyugd\u00edjas (1985). A Rom\u00e1n Ornitol\u00f3giai K\u00f6zpont munkat\u00e1rsa (1969\u2013). Ornitol\u00f3gusk\u00e9nt megszervezte az Aquila Term\u00e9szetbar\u00e1tok K\u00f6r\u00e9t, exped\u00edci\u00f3kat szervezett a K\u00e1rp\u00e1tokba. \u00cdr\u00e1saival a term\u00e9szetj\u00e1r\u00e1st igyekszik fellend\u00edteni, a term\u00e9szetismeretet el\u0151mozd\u00edtani, ember \u00e9s t\u00e1j meghitt kapcsolat\u00e1t elm\u00e9ly\u00edteni. Cikkeit k\u00f6zli az El\u0151re, Aquila, a Mad\u00e1rtani Int\u00e9zet \u00c9vk\u00f6nyve, Igazs\u00e1g. Munk\u00e1ss\u00e1g\u00e1t a lengyel szaksajt\u00f3 is \u00e9rt\u00e9kelte. \u2013 <strong>F. m.:<\/strong> Ismerj\u00fck meg a madarakat (Buk., 1959, 1962); Madar\u00e1sz szemmel a K\u00e1rp\u00e1tokban (Kv., 1970); Mad\u00e1rhat\u00e1roz\u00f3: A Rom\u00e1n Szocialista K\u00f6zt\u00e1rsas\u00e1g madarai (Kv., 1980); \u00c9let az erd\u0151ben (Buk., 1989). Egy esztend\u0151 a madarak vil\u00e1g\u00e1ban (Kv., 1995); Eur\u00f3pa v\u00edzimadarai (Buk.-Kv., 1999); Az erd\u00e9lyi havasok \u00f6sv\u00e9nyein (Kv., 2005). <br \/><strong>Irod.:<\/strong> Bicsok\u2013Orb\u00e1n; KKACs, RMIL1.; Todea\u2013F\u00fcl\u00f6p\u2013Avram<\/br><\/p>\n","protected":false},"excerpt":{"rendered":"<p>Dics\u0151szentm\u00e1rton, 1925. \u00e1pr. 9., \u2020 2007. aug. 26.: biol\u00f3giatan\u00e1r, ornitol\u00f3gus. \u2013 B. Gergely \u00e9s br. Mansfeld Erzs\u00e9bet fia. Lesz\u00e1rmazottja B. Ferencnek (1798\u20131880), aki B\u00f6l\u00f6ni Farkas S\u00e1ndorral Nyugat-Eur\u00f3p\u00e1t \u00e9s \u00c9szak-Amerik\u00e1t bej\u00e1rta (1830\u201332). Feles\u00e9ge Gergely M\u00e1ria. Gyermekei: Mikl\u00f3s, Istv\u00e1n. \u2013 \u00c9retts\u00e9gizett Kv.-on a Piarista F\u0151gimn.-ban (1944); a BTE \u2013en biol\u00f3gia szakos tan\u00e1ri oklevelet szerzett (1950); II. majd\u00a0I. [&hellip;]<\/p>\n","protected":false},"featured_media":0,"comment_status":"open","ping_status":"closed","template":"","meta":[],"product_brand":[],"product_cat":[137],"product_tag":[],"class_list":{"0":"post-4283","1":"product","2":"type-product","3":"status-publish","5":"product_cat-maros-megyei-eletrajzi-lexikon","7":"first","8":"instock","9":"shipping-taxable","10":"product-type-simple"},"_links":{"self":[{"href":"https:\/\/uj.adatbank.ro\/lexikon\/wp-json\/wp\/v2\/product\/4283","targetHints":{"allow":["GET"]}}],"collection":[{"href":"https:\/\/uj.adatbank.ro\/lexikon\/wp-json\/wp\/v2\/product"}],"about":[{"href":"https:\/\/uj.adatbank.ro\/lexikon\/wp-json\/wp\/v2\/types\/product"}],"replies":[{"embeddable":true,"href":"https:\/\/uj.adatbank.ro\/lexikon\/wp-json\/wp\/v2\/comments?post=4283"}],"wp:attachment":[{"href":"https:\/\/uj.adatbank.ro\/lexikon\/wp-json\/wp\/v2\/media?parent=4283"}],"wp:term":[{"taxonomy":"product_brand","embeddable":true,"href":"https:\/\/uj.adatbank.ro\/lexikon\/wp-json\/wp\/v2\/product_brand?post=4283"},{"taxonomy":"product_cat","embeddable":true,"href":"https:\/\/uj.adatbank.ro\/lexikon\/wp-json\/wp\/v2\/product_cat?post=4283"},{"taxonomy":"product_tag","embeddable":true,"href":"https:\/\/uj.adatbank.ro\/lexikon\/wp-json\/wp\/v2\/product_tag?post=4283"}],"curies":[{"name":"wp","href":"https:\/\/api.w.org\/{rel}","templated":true}]}}

BÉLDI Miklós, István, uzoni gr.

<p>Dicsőszentmárton, 1925. ápr. 9., † 2007. aug. 26.: biológiatanár, ornitológus. – B. Gergely és br. Mansfeld Erzsébet fia. Leszármazottja B. Ferencnek (1798–1880), aki Bölöni Farkas Sándorral Nyugat-Európát és Észak-Amerikát bejárta (1830–32). Felesége Gergely Mária. Gyermekei: Miklós, István. – Érettségizett Kv.-on a Piarista Főgimn.-ban (1944); a BTE –en biológia szakos tanári oklevelet szerzett (1950); II. majd I. fokozati vizsgát tett (1970, 1978). Általános iskolai tanár Erdőgyakaron (1950–53), Gyergyószárhegyen (1953–55), Mérában (1955–57), Szucságon (1957–59; 1965–85); munkás (1959–64). Vistán tanár (1964–65); nyugdíjas (1985). A Román Ornitológiai Központ munkatársa (1969–). Ornitológusként megszervezte az Aquila Természetbarátok Körét, expedíciókat szervezett a Kárpátokba. Írásaival a természetjárást igyekszik fellendíteni, a természetismeretet előmozdítani, ember és táj meghitt kapcsolatát elmélyíteni. Cikkeit közli az Előre, Aquila, a Madártani Intézet Évkönyve, Igazság. Munkásságát a lengyel szaksajtó is értékelte. – <strong>F. m.:</strong> Ismerjük meg a madarakat (Buk., 1959, 1962); Madarász szemmel a Kárpátokban (Kv., 1970); Madárhatározó: A Román Szocialista Köztársaság madarai (Kv., 1980); Élet az erdőben (Buk., 1989). Egy esztendő a madarak világában (Kv., 1995); Európa vízimadarai (Buk.-Kv., 1999); Az erdélyi havasok ösvényein (Kv., 2005). <br /><strong>Irod.:</strong> Bicsok–Orbán; KKACs, RMIL1.; Todea–Fülöp–Avram</br></p>

<p>Dicsőszentmárton, 1925. ápr. 9., † 2007. aug. 26.: biológiatanár, ornitológus. – B. Gergely és br. Mansfeld Erzsébet fia. Leszármazottja B. Ferencnek (1798–1880), aki Bölöni Farkas Sándorral Nyugat-Európát és Észak-Amerikát bejárta (1830–32). Felesége Gergely Mária. Gyermekei: Miklós, István. – Érettségizett Kv.-on a Piarista Főgimn.-ban (1944); a BTE –en biológia szakos tanári oklevelet szerzett (1950); II. majd I. [&hellip;]</p>
