{"id":4284,"date":"2025-06-28T16:36:11","date_gmt":"2025-06-28T14:36:11","guid":{"rendered":"https:\/\/uj.adatbank.ro\/lexikon\/termek\/beldi-pal-%c2%a7-uzoni-gr\/"},"modified":"2025-06-28T16:36:11","modified_gmt":"2025-06-28T14:36:11","slug":"beldi-pal-%c2%a7-uzoni-gr","status":"publish","type":"product","link":"https:\/\/uj.adatbank.ro\/lexikon\/termek\/beldi-pal-%c2%a7-uzoni-gr\/","title":{"rendered":"B\u00c9LDI P\u00e1l, \u00a7 uzoni gr."},"content":{"rendered":"<p>1621 v. 1622, \u2020 Isztambul, mint fogoly a Jedikul\u00e1ban, 1679. v\u00e9ge: erd\u00e9lyi f\u0151nemes. \u2013 B. Kelemen \u00e9s losonci B\u00e1nffy M\u00e1ria fia. Feles\u00e9ge: Vit\u00e9z Zsuzsanna. Gyermekeik: Ist\u00f3k, Palk\u00f3, Kelemen, D\u00e1vid, Zsuzsanna Wessel\u00e9nyi P\u00e1ln\u00e9. \u2013 I. R\u00e1k\u00f3czi Gy\u00f6rgy erd\u00e9lyi fejedelem udvar\u00e1ban nevelkedett. II. R\u00e1k\u00f3czi Gy\u00f6rgy fejedelem f\u0151asztalnoka (1649\u2013), H\u00e1romsz\u00e9k f\u0151kir\u00e1lyb\u00edr\u00e1ja (1655), a sz\u00e9kelyek gener\u00e1lisa, a lovass\u00e1g f\u0151parancsnoka. II. R\u00e1k\u00f3czi Gy\u00f6rgy lengyelo.-i sikertelen hadj\u00e1rat\u00e1ban (1657) fogs\u00e1gba esett (1661. szabadult). A Bels\u0151-Szolnok vm. f\u0151isp\u00e1nja (1662\u201376). I. Apafi Mih\u00e1ly fejedelem egyik bizalmas embe\u00adre (1662\u201376), a fejedelmi tan\u00e1cs tagja (1662\u201378), Apafi t\u00e1voll\u00e9te idej\u00e9n a h\u00e1rom helytart\u00f3 egyike (1663), f\u0151gener\u00e1lis (1663\u201376). Teleki Mih\u00e1ly \u00e9s B\u00e1nffy D\u00e9nes k\u00f6z\u00f6tti hatalmi harcban igyekezett k\u00f6zvet\u00edteni. B\u00e1nffy D\u00e9nes buk\u00e1sa (1674) ut\u00e1n Teleki ellene for\u00addult. Sikertelen \u00f6sszeesk\u00fcv\u00e9se ut\u00e1n Apafi elfogatta (1676. \u00e1pr. \u2013 1677) \u00e9s b\u00f6rt\u00f6nb\u00ade vettette, ahonnan kiszabadulva a T\u00f6r\u00f6k Birodalomba menek\u00fclt. A Porta Apafi k\u00e9r\u00e9s\u00e9re elfo\u00adgatta \u00e9s a H\u00e9ttoronyba z\u00e1ratta (1678\u2013), ott is halt meg. V\u00e9grendelet\u00e9ben (Fogaras, 1675 ut\u00e1n) jelent\u0151s adom\u00e1nyban r\u00e9szes\u00edtette a mv.-i iskol\u00e1t \u00e9s hagyakozott az \u00e1d\u00e1mosi j\u00f3sz\u00e1gair\u00f3l is. A bethleni v\u00e1r tulajdonosak\u00e9nt perben volt Bethlen Farkas, Gergely \u00e9s Elekkel. Bodolai v\u00e1rkast\u00e9ly is az \u0151v\u00e9 volt, miut\u00e1n a Port\u00e1ra menek\u00fclt I Apafi Mih\u00e1ly leromboltatta a v\u00e1rat, az uradalom egy r\u00e9sz\u00e9t Mikes Kelemennek adom\u00e1nyozta. Levelei maradtak fenn, megjelentek: D\u00e1niel G\u00e1bor: T\u00f6rt\u00e9nelmi kal\u00e1szok (Pest, 1862); Teleki Mih\u00e1ly levelez\u00e1se (Bp., 1906\u201316) c. gy\u0171jtem\u00e9nyekben. <br \/><strong>Irod.:<\/strong> Bicsok\u2013Orb\u00e1n; Bir\u00f3 Vencel 2009; Bir\u00f3 Vencel: B. P. \u00f6sszeesk\u00fcv\u00e9se (P\u00e1sztort\u0171z, 27. sz., 1921. aug. 15.); De\u00e1k Farkas: Uzoni B. P. (Bp., 1887); Erd\u00e9lyi testamentumok 1.; Gyallay; Huszti Andr\u00e1s: \u00d3 \u00e9s \u00dajj D\u00e1cia&#8230; (B\u00e1cs, 1791); Id\u0151t\u00e1r 1; Kempelen; Keresztes; Koncz J\u00f3zsef: Mikes Kelemen levele Telekihez B. P. bodolai kast\u00e9ly\u00e1nak ostrom\u00e1r\u00f3l 1676 (Hadt\u00f6rt. K\u00f6zlm., 1893); Kraus: Erd\u00e9lyi kr\u00f3nika; MNL; MNZSK; M. t\u00f6rt. \u00e9vk. napl\u00f3k; Rakodczay P\u00e1l: Egressy G\u00e1bor \u00e9s kora (Szigligeti E : B\u00e9ldy P\u00e1l, Bp., 1911); Sz\u00e1deczky Kardos Lajos: Konstantin\u00e1poly \u00e9s magyar eml\u00e9kei (Bp., 1903); Teleki Mih\u00e1ly udvartart\u00e1si napl\u00f3ja (1673\u20131681)(Kv., 2007); Tr\u00f3cs\u00e1nyi 1988; \u00daM\u00c9L<\/br><\/p>\n","protected":false},"excerpt":{"rendered":"<p>1621 v. 1622, \u2020 Isztambul, mint fogoly a Jedikul\u00e1ban, 1679. v\u00e9ge: erd\u00e9lyi f\u0151nemes. \u2013 B. Kelemen \u00e9s losonci B\u00e1nffy M\u00e1ria fia. Feles\u00e9ge: Vit\u00e9z Zsuzsanna. Gyermekeik: Ist\u00f3k, Palk\u00f3, Kelemen, D\u00e1vid, Zsuzsanna Wessel\u00e9nyi P\u00e1ln\u00e9. \u2013 I. R\u00e1k\u00f3czi Gy\u00f6rgy erd\u00e9lyi fejedelem udvar\u00e1ban nevelkedett. II. R\u00e1k\u00f3czi Gy\u00f6rgy fejedelem f\u0151asztalnoka (1649\u2013), H\u00e1romsz\u00e9k f\u0151kir\u00e1lyb\u00edr\u00e1ja (1655), a sz\u00e9kelyek gener\u00e1lisa, a lovass\u00e1g f\u0151parancsnoka. [&hellip;]<\/p>\n","protected":false},"featured_media":0,"comment_status":"open","ping_status":"closed","template":"","meta":[],"product_brand":[],"product_cat":[137],"product_tag":[],"class_list":{"0":"post-4284","1":"product","2":"type-product","3":"status-publish","5":"product_cat-maros-megyei-eletrajzi-lexikon","7":"first","8":"instock","9":"shipping-taxable","10":"product-type-simple"},"_links":{"self":[{"href":"https:\/\/uj.adatbank.ro\/lexikon\/wp-json\/wp\/v2\/product\/4284","targetHints":{"allow":["GET"]}}],"collection":[{"href":"https:\/\/uj.adatbank.ro\/lexikon\/wp-json\/wp\/v2\/product"}],"about":[{"href":"https:\/\/uj.adatbank.ro\/lexikon\/wp-json\/wp\/v2\/types\/product"}],"replies":[{"embeddable":true,"href":"https:\/\/uj.adatbank.ro\/lexikon\/wp-json\/wp\/v2\/comments?post=4284"}],"wp:attachment":[{"href":"https:\/\/uj.adatbank.ro\/lexikon\/wp-json\/wp\/v2\/media?parent=4284"}],"wp:term":[{"taxonomy":"product_brand","embeddable":true,"href":"https:\/\/uj.adatbank.ro\/lexikon\/wp-json\/wp\/v2\/product_brand?post=4284"},{"taxonomy":"product_cat","embeddable":true,"href":"https:\/\/uj.adatbank.ro\/lexikon\/wp-json\/wp\/v2\/product_cat?post=4284"},{"taxonomy":"product_tag","embeddable":true,"href":"https:\/\/uj.adatbank.ro\/lexikon\/wp-json\/wp\/v2\/product_tag?post=4284"}],"curies":[{"name":"wp","href":"https:\/\/api.w.org\/{rel}","templated":true}]}}