{"id":4288,"date":"2025-06-28T16:36:23","date_gmt":"2025-06-28T14:36:23","guid":{"rendered":"https:\/\/uj.adatbank.ro\/lexikon\/termek\/beldi-zsuzsanna-palma-uzoni-gr-gr-toldalagi-jozsefne-miskolczy-dezsone\/"},"modified":"2025-06-28T16:36:23","modified_gmt":"2025-06-28T14:36:23","slug":"beldi-zsuzsanna-palma-uzoni-gr-gr-toldalagi-jozsefne-miskolczy-dezsone","status":"publish","type":"product","link":"https:\/\/uj.adatbank.ro\/lexikon\/termek\/beldi-zsuzsanna-palma-uzoni-gr-gr-toldalagi-jozsefne-miskolczy-dezsone\/","title":{"rendered":"B\u00c9LDI Zsuzsanna P\u00e1lma, uzoni gr., gr. Toldalagi J\u00f3zsefn\u00e9, Miskolczy Dezs\u0151n\u00e9"},"content":{"rendered":"<p>Kv., 1913. m\u00e1rc. 31., \u2020 Mv., 1964. j\u00fan. 26.: f\u00f6ldbirtokos. \u2013 B. K\u00e1lm\u00e1n \u00e9s Wessel\u00e9nyi P\u00e1lma le\u00e1nya. F\u00e9rje: 1. gr. Toldalagi J\u00f3zsef (esk.: Zsib\u00f3, 1933. aug. 29). L\u00e1nyaik: Zsuzsanna \u00e9s Orsolya. 2. dr. Miskolczy Dezs\u0151. Fi\u00fak: Ambrus. \u2013 Koronk\u00e1n \u00e9ltek. F\u00e9rje hal\u00e1la ut\u00e1n az agr\u00e1rreform \u00e9s az \u00e1llamos\u00edt\u00e1s neh\u00e9zs\u00e9geit k\u00e9t l\u00e1ny\u00e1val egy\u00fctt viselte el. M\u00e1sodik f\u00e9rj\u00e9vel Miskolczy Dezs\u0151 orvosprofesszorral (1946. aug. 16), Magyaro.-ra telepedtek. A l\u00e1nyok Miskolczy n\u00e9ven folytatt\u00e1k tanulm\u00e1nyaikat. <br \/><strong>Irod.:<\/strong> \u00c1ll\u00f3- \u00e9s mozg\u00f3k\u00e9pek; Gudenus<\/br><\/p>\n","protected":false},"excerpt":{"rendered":"<p>Kv., 1913. m\u00e1rc. 31., \u2020 Mv., 1964. j\u00fan. 26.: f\u00f6ldbirtokos. \u2013 B. K\u00e1lm\u00e1n \u00e9s Wessel\u00e9nyi P\u00e1lma le\u00e1nya. F\u00e9rje: 1. gr. Toldalagi J\u00f3zsef (esk.: Zsib\u00f3, 1933. aug. 29). L\u00e1nyaik: Zsuzsanna \u00e9s Orsolya. 2. dr. Miskolczy Dezs\u0151. Fi\u00fak: Ambrus. \u2013 Koronk\u00e1n \u00e9ltek. F\u00e9rje hal\u00e1la ut\u00e1n az agr\u00e1rreform \u00e9s az \u00e1llamos\u00edt\u00e1s neh\u00e9zs\u00e9geit k\u00e9t l\u00e1ny\u00e1val egy\u00fctt viselte el. M\u00e1sodik [&hellip;]<\/p>\n","protected":false},"featured_media":0,"comment_status":"open","ping_status":"closed","template":"","meta":[],"product_brand":[],"product_cat":[137],"product_tag":[],"class_list":{"0":"post-4288","1":"product","2":"type-product","3":"status-publish","5":"product_cat-maros-megyei-eletrajzi-lexikon","7":"first","8":"instock","9":"shipping-taxable","10":"product-type-simple"},"_links":{"self":[{"href":"https:\/\/uj.adatbank.ro\/lexikon\/wp-json\/wp\/v2\/product\/4288","targetHints":{"allow":["GET"]}}],"collection":[{"href":"https:\/\/uj.adatbank.ro\/lexikon\/wp-json\/wp\/v2\/product"}],"about":[{"href":"https:\/\/uj.adatbank.ro\/lexikon\/wp-json\/wp\/v2\/types\/product"}],"replies":[{"embeddable":true,"href":"https:\/\/uj.adatbank.ro\/lexikon\/wp-json\/wp\/v2\/comments?post=4288"}],"wp:attachment":[{"href":"https:\/\/uj.adatbank.ro\/lexikon\/wp-json\/wp\/v2\/media?parent=4288"}],"wp:term":[{"taxonomy":"product_brand","embeddable":true,"href":"https:\/\/uj.adatbank.ro\/lexikon\/wp-json\/wp\/v2\/product_brand?post=4288"},{"taxonomy":"product_cat","embeddable":true,"href":"https:\/\/uj.adatbank.ro\/lexikon\/wp-json\/wp\/v2\/product_cat?post=4288"},{"taxonomy":"product_tag","embeddable":true,"href":"https:\/\/uj.adatbank.ro\/lexikon\/wp-json\/wp\/v2\/product_tag?post=4288"}],"curies":[{"name":"wp","href":"https:\/\/api.w.org\/{rel}","templated":true}]}}

BÉLDI Zsuzsanna Pálma, uzoni gr., gr. Toldalagi Józsefné, Miskolczy Dezsőné

<p>Kv., 1913. márc. 31., † Mv., 1964. jún. 26.: földbirtokos. – B. Kálmán és Wesselényi Pálma leánya. Férje: 1. gr. Toldalagi József (esk.: Zsibó, 1933. aug. 29). Lányaik: Zsuzsanna és Orsolya. 2. dr. Miskolczy Dezső. Fiúk: Ambrus. – Koronkán éltek. Férje halála után az agrárreform és az államosítás nehézségeit két lányával együtt viselte el. Második férjével Miskolczy Dezső orvosprofesszorral (1946. aug. 16), Magyaro.-ra telepedtek. A lányok Miskolczy néven folytatták tanulmányaikat. <br /><strong>Irod.:</strong> Álló- és mozgóképek; Gudenus</br></p>

<p>Kv., 1913. márc. 31., † Mv., 1964. jún. 26.: földbirtokos. – B. Kálmán és Wesselényi Pálma leánya. Férje: 1. gr. Toldalagi József (esk.: Zsibó, 1933. aug. 29). Lányaik: Zsuzsanna és Orsolya. 2. dr. Miskolczy Dezső. Fiúk: Ambrus. – Koronkán éltek. Férje halála után az agrárreform és az államosítás nehézségeit két lányával együtt viselte el. Második [&hellip;]</p>
