{"id":4295,"date":"2025-06-28T16:36:46","date_gmt":"2025-06-28T14:36:46","guid":{"rendered":"https:\/\/uj.adatbank.ro\/lexikon\/termek\/bella-ede\/"},"modified":"2025-06-28T16:36:46","modified_gmt":"2025-06-28T14:36:46","slug":"bella-ede","status":"publish","type":"product","link":"https:\/\/uj.adatbank.ro\/lexikon\/termek\/bella-ede\/","title":{"rendered":"BELLA Ede"},"content":{"rendered":"<p>? \u2020 ? : b\u00edr\u00f3, \u00fcgyv\u00e9d. \u2013 Feles\u00e9ge: magyarcsesztvei, csegzi Csongvay Kl\u00e1ra (1884.? \u2013 Mv., 1915. \u00e1pr. 4. Ny\u00e1r\u00e1dandr\u00e1sfalv\u00e1n temett\u00e9k). \u2013 P\u00e1ly\u00e1j\u00e1t a R\u00f3zsahegyi t\u00f6rv\u00e9nysz\u00e9k joggyakornokak\u00e9nt kezdte (1895); k\u00e9s\u0151bb alj\u00e1r\u00e1sb\u00edr\u00f3 Segesv\u00e1rt; t\u00f6rv\u00e9nysz\u00e9ki, majd \u00edt\u00e9l\u0151 t\u00e1blai b\u00edr\u00f3. A b\u00edr\u00f3i \u00e9s \u00fcgyv\u00e9di vizsg\u00e1l\u00f3 bizotts\u00e1g tagja Mv.-en. <strong>Cikke:<\/strong> \u00dcgyv. Lapja (1910). A Mv.-i Kaszin\u00f3 v\u00e1lasztm\u00e1nyi tagja (1919\u2013). <br \/><strong>Irod.:<\/strong> Almanah Tg. M.; Bi\u00e1s Istv\u00e1n; Guly\u00e1s; Gy\u00e1szjelent\u0151<\/br><\/p>\n","protected":false},"excerpt":{"rendered":"<p>? \u2020 ? : b\u00edr\u00f3, \u00fcgyv\u00e9d. \u2013 Feles\u00e9ge: magyarcsesztvei, csegzi Csongvay Kl\u00e1ra (1884.? \u2013 Mv., 1915. \u00e1pr. 4. Ny\u00e1r\u00e1dandr\u00e1sfalv\u00e1n temett\u00e9k). \u2013 P\u00e1ly\u00e1j\u00e1t a R\u00f3zsahegyi t\u00f6rv\u00e9nysz\u00e9k joggyakornokak\u00e9nt kezdte (1895); k\u00e9s\u0151bb alj\u00e1r\u00e1sb\u00edr\u00f3 Segesv\u00e1rt; t\u00f6rv\u00e9nysz\u00e9ki, majd \u00edt\u00e9l\u0151 t\u00e1blai b\u00edr\u00f3. A b\u00edr\u00f3i \u00e9s \u00fcgyv\u00e9di vizsg\u00e1l\u00f3 bizotts\u00e1g tagja Mv.-en. Cikke: \u00dcgyv. Lapja (1910). A Mv.-i Kaszin\u00f3 v\u00e1lasztm\u00e1nyi tagja (1919\u2013). Irod.: [&hellip;]<\/p>\n","protected":false},"featured_media":0,"comment_status":"open","ping_status":"closed","template":"","meta":[],"product_brand":[],"product_cat":[137],"product_tag":[],"class_list":{"0":"post-4295","1":"product","2":"type-product","3":"status-publish","5":"product_cat-maros-megyei-eletrajzi-lexikon","7":"first","8":"instock","9":"shipping-taxable","10":"product-type-simple"},"_links":{"self":[{"href":"https:\/\/uj.adatbank.ro\/lexikon\/wp-json\/wp\/v2\/product\/4295","targetHints":{"allow":["GET"]}}],"collection":[{"href":"https:\/\/uj.adatbank.ro\/lexikon\/wp-json\/wp\/v2\/product"}],"about":[{"href":"https:\/\/uj.adatbank.ro\/lexikon\/wp-json\/wp\/v2\/types\/product"}],"replies":[{"embeddable":true,"href":"https:\/\/uj.adatbank.ro\/lexikon\/wp-json\/wp\/v2\/comments?post=4295"}],"wp:attachment":[{"href":"https:\/\/uj.adatbank.ro\/lexikon\/wp-json\/wp\/v2\/media?parent=4295"}],"wp:term":[{"taxonomy":"product_brand","embeddable":true,"href":"https:\/\/uj.adatbank.ro\/lexikon\/wp-json\/wp\/v2\/product_brand?post=4295"},{"taxonomy":"product_cat","embeddable":true,"href":"https:\/\/uj.adatbank.ro\/lexikon\/wp-json\/wp\/v2\/product_cat?post=4295"},{"taxonomy":"product_tag","embeddable":true,"href":"https:\/\/uj.adatbank.ro\/lexikon\/wp-json\/wp\/v2\/product_tag?post=4295"}],"curies":[{"name":"wp","href":"https:\/\/api.w.org\/{rel}","templated":true}]}}