{"id":4296,"date":"2025-06-28T16:36:49","date_gmt":"2025-06-28T14:36:49","guid":{"rendered":"https:\/\/uj.adatbank.ro\/lexikon\/termek\/bella-ede-2\/"},"modified":"2025-06-28T16:36:49","modified_gmt":"2025-06-28T14:36:49","slug":"bella-ede-2","status":"publish","type":"product","link":"https:\/\/uj.adatbank.ro\/lexikon\/termek\/bella-ede-2\/","title":{"rendered":"BELLA Ede"},"content":{"rendered":"<p>Mv., 1905. nov. 7., \u2020 Bp., 1964. j\u00fan. 25.: g\u00e9p\u00e9szm\u00e9rn\u00f6k. \u2013 A J\u00f3zsef M\u0171egyetemen g\u00e9p\u00e9szm\u00e9rn\u00f6ki okl.-t szerzett (1928), a m\u0171szaki tud.-ok kandid\u00e1tusa (1954). A Weiss Manfred Gy\u00e1r M\u0171sz. Iroda m\u00e9rn\u00f6ke (1929\u201332), a F\u00e9mm\u0171vek T\u00f6mb\u00f6nt\u0151de vezet\u0151je (1932\u201342), az Aluminium Pr\u00e9s- \u00e9s Hengerm\u0171 vezet\u0151 f\u0151m\u00e9rn\u00f6ke (1943\u201345), a F\u00e9mm\u0171 igazgat\u00f3ja (1945\u201352). A MTA M\u0171sz. Tud. Oszt\u00e1lya f\u0151m\u00e9rn\u00f6ke (1952\u201362), egy\u00fattal a miskolci NME Koh\u00f3g\u00e9ptani Tansz\u00e9k MTA Koh\u00e1szati Munkak\u00f6z\u00f6ss\u00e9g f\u00e9l\u00e1ll\u00e1s\u00fa tud. munkat\u00e1rsa (1956\u201364), az NME Koh\u00f3m\u00e9rn\u00f6ki Kar mb. el\u0151ad\u00f3ja (1957\u201364). F\u0151 foglalkoz\u00e1s\u00fa ter\u00fclete: a nemvas f\u00e9mek, els\u0151sorban r\u00e9z, k\u00fcl\u00f6nb\u00f6z\u0151 alakv\u00e1lzoz\u00e1si sebess\u00e9g melletti melegalak\u00edt\u00e1sa (hengerel\u00e9s, duzzaszt\u00e1s) sor\u00e1n fell\u00e9p\u0151 jelens\u00e9gek vizsg\u00e1lata. A MTA Koh\u00e1szati Biz. F\u00e9mkoh\u00e1szati Albizotts\u00e1g Tagja volt. \u2013 <strong>F. m.:<\/strong> Sz\u00ednesf\u00e9m hengerel\u00e9si \u00e9s sajtol\u00e1si t\u00f6mb\u00f6k \u00f6nt\u00e9se (Bp., 1949); Sz\u00ednes- \u00e9s k\u00f6nny\u0171f\u00e9mek h\u0151kezel\u00e9se. (Bp., 1952); K\u00fcl\u00f6nleges alak\u00edthat\u00f3 s\u00e1rgarezek fontosabb mechanikai tulajdons\u00e1gainak vizsg\u00e1lata a h\u0151kezel\u00e9s f\u00fcggv\u00e9ny\u00e9ben. (Kand. \u00e9rtekez\u00e9s; Bp., 1953); A r\u00e9z meleghengerel\u00e9se folyt\u00e1n fell\u00e9p\u0151 jelens\u00e9gek vizsg\u00e1lata (NME K\u00f6zlem\u00e9nyei, 1960). <br \/><strong>Irod.:<\/strong> R\u00daL<\/br><\/p>\n","protected":false},"excerpt":{"rendered":"<p>Mv., 1905. nov. 7., \u2020 Bp., 1964. j\u00fan. 25.: g\u00e9p\u00e9szm\u00e9rn\u00f6k. \u2013 A J\u00f3zsef M\u0171egyetemen g\u00e9p\u00e9szm\u00e9rn\u00f6ki okl.-t szerzett (1928), a m\u0171szaki tud.-ok kandid\u00e1tusa (1954). A Weiss Manfred Gy\u00e1r M\u0171sz. Iroda m\u00e9rn\u00f6ke (1929\u201332), a F\u00e9mm\u0171vek T\u00f6mb\u00f6nt\u0151de vezet\u0151je (1932\u201342), az Aluminium Pr\u00e9s- \u00e9s Hengerm\u0171 vezet\u0151 f\u0151m\u00e9rn\u00f6ke (1943\u201345), a F\u00e9mm\u0171 igazgat\u00f3ja (1945\u201352). A MTA M\u0171sz. Tud. Oszt\u00e1lya f\u0151m\u00e9rn\u00f6ke (1952\u201362), [&hellip;]<\/p>\n","protected":false},"featured_media":0,"comment_status":"open","ping_status":"closed","template":"","meta":[],"product_brand":[],"product_cat":[137],"product_tag":[],"class_list":{"0":"post-4296","1":"product","2":"type-product","3":"status-publish","5":"product_cat-maros-megyei-eletrajzi-lexikon","7":"first","8":"instock","9":"shipping-taxable","10":"product-type-simple"},"_links":{"self":[{"href":"https:\/\/uj.adatbank.ro\/lexikon\/wp-json\/wp\/v2\/product\/4296","targetHints":{"allow":["GET"]}}],"collection":[{"href":"https:\/\/uj.adatbank.ro\/lexikon\/wp-json\/wp\/v2\/product"}],"about":[{"href":"https:\/\/uj.adatbank.ro\/lexikon\/wp-json\/wp\/v2\/types\/product"}],"replies":[{"embeddable":true,"href":"https:\/\/uj.adatbank.ro\/lexikon\/wp-json\/wp\/v2\/comments?post=4296"}],"wp:attachment":[{"href":"https:\/\/uj.adatbank.ro\/lexikon\/wp-json\/wp\/v2\/media?parent=4296"}],"wp:term":[{"taxonomy":"product_brand","embeddable":true,"href":"https:\/\/uj.adatbank.ro\/lexikon\/wp-json\/wp\/v2\/product_brand?post=4296"},{"taxonomy":"product_cat","embeddable":true,"href":"https:\/\/uj.adatbank.ro\/lexikon\/wp-json\/wp\/v2\/product_cat?post=4296"},{"taxonomy":"product_tag","embeddable":true,"href":"https:\/\/uj.adatbank.ro\/lexikon\/wp-json\/wp\/v2\/product_tag?post=4296"}],"curies":[{"name":"wp","href":"https:\/\/api.w.org\/{rel}","templated":true}]}}

<p>Mv., 1905. nov. 7., † Bp., 1964. jún. 25.: gépészmérnök. – A József Műegyetemen gépészmérnöki okl.-t szerzett (1928), a műszaki tud.-ok kandidátusa (1954). A Weiss Manfred Gyár Műsz. Iroda mérnöke (1929–32), a Fémművek Tömböntőde vezetője (1932–42), az Aluminium Prés- és Hengermű vezető főmérnöke (1943–45), a Fémmű igazgatója (1945–52). A MTA Műsz. Tud. Osztálya főmérnöke (1952–62), egyúttal a miskolci NME Kohógéptani Tanszék MTA Kohászati Munkaközösség félállású tud. munkatársa (1956–64), az NME Kohómérnöki Kar mb. előadója (1957–64). Fő foglalkozású területe: a nemvas fémek, elsősorban réz, különböző alakválzozási sebesség melletti melegalakítása (hengerelés, duzzasztás) során fellépő jelenségek vizsgálata. A MTA Kohászati Biz. Fémkohászati Albizottság Tagja volt. – <strong>F. m.:</strong> Színesfém hengerelési és sajtolási tömbök öntése (Bp., 1949); Színes- és könnyűfémek hőkezelése. (Bp., 1952); Különleges alakítható sárgarezek fontosabb mechanikai tulajdonságainak vizsgálata a hőkezelés függvényében. (Kand. értekezés; Bp., 1953); A réz meleghengerelése folytán fellépő jelenségek vizsgálata (NME Közleményei, 1960). <br /><strong>Irod.:</strong> RÚL</br></p>

<p>Mv., 1905. nov. 7., † Bp., 1964. jún. 25.: gépészmérnök. – A József Műegyetemen gépészmérnöki okl.-t szerzett (1928), a műszaki tud.-ok kandidátusa (1954). A Weiss Manfred Gyár Műsz. Iroda mérnöke (1929–32), a Fémművek Tömböntőde vezetője (1932–42), az Aluminium Prés- és Hengermű vezető főmérnöke (1943–45), a Fémmű igazgatója (1945–52). A MTA Műsz. Tud. Osztálya főmérnöke (1952–62), [&hellip;]</p>
