{"id":4299,"date":"2025-06-28T16:36:57","date_gmt":"2025-06-28T14:36:57","guid":{"rendered":"https:\/\/uj.adatbank.ro\/lexikon\/termek\/belle-jozsef-%c2%a7\/"},"modified":"2025-06-28T16:36:57","modified_gmt":"2025-06-28T14:36:57","slug":"belle-jozsef-%c2%a7","status":"publish","type":"product","link":"https:\/\/uj.adatbank.ro\/lexikon\/termek\/belle-jozsef-%c2%a7\/","title":{"rendered":"BELLE J\u00f3zsef, \u00a7"},"content":{"rendered":"<p>1780. m\u00e1j. 28., \u2020 Sz\u00e1szcs\u00e1v\u00e1s, 1850. m\u00e1rc. 11.: tan\u00edt\u00f3, oskolamester. \u2013 Feles\u00e9ge: Kar\u00e1tson Rebeka (\u2020 1849. nov. 12.). Fi\u00fak: B. J\u00f3zsef. \u2013 A sz\u00e9kelyudvarhelyi ref. koll.-ban tanult (1790\u20131801), elsaj\u00e1t\u00edtotta az alapvet\u0151 tan\u00edt\u00f3i ismereteket, a zsolt\u00e1r\u00e9nekl\u00e9st \u00e9s az iskoladr\u00e1m\u00e1k m\u0171vel\u00e9s\u00e9t. Rektorprofesszora Backamadarasi Kis Gergely volt. Tan\u00edt\u00f3 Bonyh\u00e1n (1801. febr. 10. \u2013), \u00e1thelyezt\u00e9k Sz\u00e1szcs\u00e1v\u00e1sra (1808. m\u00e1j. 11. \u2013 1844). Iskolamesteri munk\u00e1j\u00e1t szak\u00e9rtelemmel v\u00e9gezte. A legnagyobb sikereket az \u00e9nektan\u00edt\u00e1s ter\u00e9n \u00e9rte el, iskolai k\u00f3rust szervezett, l\u00e9trehozta a leg\u00e9nyek \u00e9s az ifj. h\u00e1zasemberek k\u00f3rus\u00e1t, a Harm\u00f3nia nev\u0171 k\u00f3rust (1837), majd megalap\u00edtott a cs\u00e1v\u00e1si Dal\u00e1rd\u00e1t. A sz\u00e1szcs\u00e1v\u00e1si iskola felvette Belle J\u00f3zsef nev\u00e9t (2004. m\u00e1j. 1.). <br \/><strong>Irod.:<\/strong> Bonyha \u00e9s egyh\u00e1za; Cs\u00e1v\u00e1s; Cs\u00e1v\u00e1si eml\u00e9kk\u00f6nyv; Szab\u00f3 Csaba: Zene \u00e9s szolg\u00e1lat (Buk., 1980.)<\/br><\/p>\n","protected":false},"excerpt":{"rendered":"<p>1780. m\u00e1j. 28., \u2020 Sz\u00e1szcs\u00e1v\u00e1s, 1850. m\u00e1rc. 11.: tan\u00edt\u00f3, oskolamester. \u2013 Feles\u00e9ge: Kar\u00e1tson Rebeka (\u2020 1849. nov. 12.). Fi\u00fak: B. J\u00f3zsef. \u2013 A sz\u00e9kelyudvarhelyi ref. koll.-ban tanult (1790\u20131801), elsaj\u00e1t\u00edtotta az alapvet\u0151 tan\u00edt\u00f3i ismereteket, a zsolt\u00e1r\u00e9nekl\u00e9st \u00e9s az iskoladr\u00e1m\u00e1k m\u0171vel\u00e9s\u00e9t. Rektorprofesszora Backamadarasi Kis Gergely volt. Tan\u00edt\u00f3 Bonyh\u00e1n (1801. febr. 10. \u2013), \u00e1thelyezt\u00e9k Sz\u00e1szcs\u00e1v\u00e1sra (1808. m\u00e1j. 11. [&hellip;]<\/p>\n","protected":false},"featured_media":0,"comment_status":"open","ping_status":"closed","template":"","meta":[],"product_brand":[],"product_cat":[137],"product_tag":[],"class_list":{"0":"post-4299","1":"product","2":"type-product","3":"status-publish","5":"product_cat-maros-megyei-eletrajzi-lexikon","7":"first","8":"instock","9":"shipping-taxable","10":"product-type-simple"},"_links":{"self":[{"href":"https:\/\/uj.adatbank.ro\/lexikon\/wp-json\/wp\/v2\/product\/4299","targetHints":{"allow":["GET"]}}],"collection":[{"href":"https:\/\/uj.adatbank.ro\/lexikon\/wp-json\/wp\/v2\/product"}],"about":[{"href":"https:\/\/uj.adatbank.ro\/lexikon\/wp-json\/wp\/v2\/types\/product"}],"replies":[{"embeddable":true,"href":"https:\/\/uj.adatbank.ro\/lexikon\/wp-json\/wp\/v2\/comments?post=4299"}],"wp:attachment":[{"href":"https:\/\/uj.adatbank.ro\/lexikon\/wp-json\/wp\/v2\/media?parent=4299"}],"wp:term":[{"taxonomy":"product_brand","embeddable":true,"href":"https:\/\/uj.adatbank.ro\/lexikon\/wp-json\/wp\/v2\/product_brand?post=4299"},{"taxonomy":"product_cat","embeddable":true,"href":"https:\/\/uj.adatbank.ro\/lexikon\/wp-json\/wp\/v2\/product_cat?post=4299"},{"taxonomy":"product_tag","embeddable":true,"href":"https:\/\/uj.adatbank.ro\/lexikon\/wp-json\/wp\/v2\/product_tag?post=4299"}],"curies":[{"name":"wp","href":"https:\/\/api.w.org\/{rel}","templated":true}]}}

BELLE József, §

<p>1780. máj. 28., † Szászcsávás, 1850. márc. 11.: tanító, oskolamester. – Felesége: Karátson Rebeka († 1849. nov. 12.). Fiúk: B. József. – A székelyudvarhelyi ref. koll.-ban tanult (1790–1801), elsajátította az alapvető tanítói ismereteket, a zsoltáréneklést és az iskoladrámák művelését. Rektorprofesszora Backamadarasi Kis Gergely volt. Tanító Bonyhán (1801. febr. 10. –), áthelyezték Szászcsávásra (1808. máj. 11. – 1844). Iskolamesteri munkáját szakértelemmel végezte. A legnagyobb sikereket az énektanítás terén érte el, iskolai kórust szervezett, létrehozta a legények és az ifj. házasemberek kórusát, a Harmónia nevű kórust (1837), majd megalapított a csávási Dalárdát. A szászcsávási iskola felvette Belle József nevét (2004. máj. 1.). <br /><strong>Irod.:</strong> Bonyha és egyháza; Csávás; Csávási emlékkönyv; Szabó Csaba: Zene és szolgálat (Buk., 1980.)</br></p>

<p>1780. máj. 28., † Szászcsávás, 1850. márc. 11.: tanító, oskolamester. – Felesége: Karátson Rebeka († 1849. nov. 12.). Fiúk: B. József. – A székelyudvarhelyi ref. koll.-ban tanult (1790–1801), elsajátította az alapvető tanítói ismereteket, a zsoltáréneklést és az iskoladrámák művelését. Rektorprofesszora Backamadarasi Kis Gergely volt. Tanító Bonyhán (1801. febr. 10. –), áthelyezték Szászcsávásra (1808. máj. 11. [&hellip;]</p>
