{"id":4303,"date":"2025-06-28T16:37:11","date_gmt":"2025-06-28T14:37:11","guid":{"rendered":"https:\/\/uj.adatbank.ro\/lexikon\/termek\/belteki-ferenc\/"},"modified":"2025-06-28T16:37:11","modified_gmt":"2025-06-28T14:37:11","slug":"belteki-ferenc","status":"publish","type":"product","link":"https:\/\/uj.adatbank.ro\/lexikon\/termek\/belteki-ferenc\/","title":{"rendered":"B\u00c9LTEKI Ferenc"},"content":{"rendered":"<p>Mv.?, \u2020 ? : orvos. \u2013 Fia: Ferenc \/ Franz, a B\u00e9csi Egy. Orvos \u00e9s Gy\u00f3gyszer\u00e9szeti Kar\u00e1n tanult (1850\u201352). \u2013 Kezelte Bolyai J\u00e1nost (1836). <br \/><strong>Irod.:<\/strong> Ol\u00e1h G\u00e1l R\u00f3bert: Hangulatk\u00e9p Mv.-r\u0151l (N\u00fa., 2001. szept. 8); Szab\u00f3\u2013Simon\u2013Sz\u00f6gi<\/br><\/p>\n","protected":false},"excerpt":{"rendered":"<p>Mv.?, \u2020 ? : orvos. \u2013 Fia: Ferenc \/ Franz, a B\u00e9csi Egy. Orvos \u00e9s Gy\u00f3gyszer\u00e9szeti Kar\u00e1n tanult (1850\u201352). \u2013 Kezelte Bolyai J\u00e1nost (1836). Irod.: Ol\u00e1h G\u00e1l R\u00f3bert: Hangulatk\u00e9p Mv.-r\u0151l (N\u00fa., 2001. szept. 8); Szab\u00f3\u2013Simon\u2013Sz\u00f6gi<\/p>\n","protected":false},"featured_media":0,"comment_status":"open","ping_status":"closed","template":"","meta":[],"product_brand":[],"product_cat":[137],"product_tag":[],"class_list":{"0":"post-4303","1":"product","2":"type-product","3":"status-publish","5":"product_cat-maros-megyei-eletrajzi-lexikon","7":"first","8":"instock","9":"shipping-taxable","10":"product-type-simple"},"_links":{"self":[{"href":"https:\/\/uj.adatbank.ro\/lexikon\/wp-json\/wp\/v2\/product\/4303","targetHints":{"allow":["GET"]}}],"collection":[{"href":"https:\/\/uj.adatbank.ro\/lexikon\/wp-json\/wp\/v2\/product"}],"about":[{"href":"https:\/\/uj.adatbank.ro\/lexikon\/wp-json\/wp\/v2\/types\/product"}],"replies":[{"embeddable":true,"href":"https:\/\/uj.adatbank.ro\/lexikon\/wp-json\/wp\/v2\/comments?post=4303"}],"wp:attachment":[{"href":"https:\/\/uj.adatbank.ro\/lexikon\/wp-json\/wp\/v2\/media?parent=4303"}],"wp:term":[{"taxonomy":"product_brand","embeddable":true,"href":"https:\/\/uj.adatbank.ro\/lexikon\/wp-json\/wp\/v2\/product_brand?post=4303"},{"taxonomy":"product_cat","embeddable":true,"href":"https:\/\/uj.adatbank.ro\/lexikon\/wp-json\/wp\/v2\/product_cat?post=4303"},{"taxonomy":"product_tag","embeddable":true,"href":"https:\/\/uj.adatbank.ro\/lexikon\/wp-json\/wp\/v2\/product_tag?post=4303"}],"curies":[{"name":"wp","href":"https:\/\/api.w.org\/{rel}","templated":true}]}}