{"id":4305,"date":"2025-06-28T16:37:16","date_gmt":"2025-06-28T14:37:16","guid":{"rendered":"https:\/\/uj.adatbank.ro\/lexikon\/termek\/belteki-nagy-ferenc\/"},"modified":"2025-06-28T16:37:16","modified_gmt":"2025-06-28T14:37:16","slug":"belteki-nagy-ferenc","status":"publish","type":"product","link":"https:\/\/uj.adatbank.ro\/lexikon\/termek\/belteki-nagy-ferenc\/","title":{"rendered":"B\u00c9LTEKI Nagy Ferenc"},"content":{"rendered":"<p>Mv.? \u2020 ? : orvos.- B. Nagy Zsigmond \u00e9s B\u00e1nyai Krisztina fia. Testv\u00e9rei: J\u00e1nos \u00e9s P\u00e1l. \u2013 Tanult Mv. (1842), az orvosi egyetemet B\u00e9csben v\u00e9gezte (1847). <br \/><strong>Irod.:<\/strong> Szab\u00f3\u2013Sz\u00f6gi<\/br><\/p>\n","protected":false},"excerpt":{"rendered":"<p>Mv.? \u2020 ? : orvos.- B. Nagy Zsigmond \u00e9s B\u00e1nyai Krisztina fia. Testv\u00e9rei: J\u00e1nos \u00e9s P\u00e1l. \u2013 Tanult Mv. (1842), az orvosi egyetemet B\u00e9csben v\u00e9gezte (1847). Irod.: Szab\u00f3\u2013Sz\u00f6gi<\/p>\n","protected":false},"featured_media":0,"comment_status":"open","ping_status":"closed","template":"","meta":[],"product_brand":[],"product_cat":[137],"product_tag":[],"class_list":{"0":"post-4305","1":"product","2":"type-product","3":"status-publish","5":"product_cat-maros-megyei-eletrajzi-lexikon","7":"first","8":"instock","9":"shipping-taxable","10":"product-type-simple"},"_links":{"self":[{"href":"https:\/\/uj.adatbank.ro\/lexikon\/wp-json\/wp\/v2\/product\/4305","targetHints":{"allow":["GET"]}}],"collection":[{"href":"https:\/\/uj.adatbank.ro\/lexikon\/wp-json\/wp\/v2\/product"}],"about":[{"href":"https:\/\/uj.adatbank.ro\/lexikon\/wp-json\/wp\/v2\/types\/product"}],"replies":[{"embeddable":true,"href":"https:\/\/uj.adatbank.ro\/lexikon\/wp-json\/wp\/v2\/comments?post=4305"}],"wp:attachment":[{"href":"https:\/\/uj.adatbank.ro\/lexikon\/wp-json\/wp\/v2\/media?parent=4305"}],"wp:term":[{"taxonomy":"product_brand","embeddable":true,"href":"https:\/\/uj.adatbank.ro\/lexikon\/wp-json\/wp\/v2\/product_brand?post=4305"},{"taxonomy":"product_cat","embeddable":true,"href":"https:\/\/uj.adatbank.ro\/lexikon\/wp-json\/wp\/v2\/product_cat?post=4305"},{"taxonomy":"product_tag","embeddable":true,"href":"https:\/\/uj.adatbank.ro\/lexikon\/wp-json\/wp\/v2\/product_tag?post=4305"}],"curies":[{"name":"wp","href":"https:\/\/api.w.org\/{rel}","templated":true}]}}