{"id":4306,"date":"2025-06-28T16:37:19","date_gmt":"2025-06-28T14:37:19","guid":{"rendered":"https:\/\/uj.adatbank.ro\/lexikon\/termek\/belteki-nagy-janos-belteky-johann\/"},"modified":"2025-06-28T16:37:19","modified_gmt":"2025-06-28T14:37:19","slug":"belteki-nagy-janos-belteky-johann","status":"publish","type":"product","link":"https:\/\/uj.adatbank.ro\/lexikon\/termek\/belteki-nagy-janos-belteky-johann\/","title":{"rendered":"B\u00c9LTEKI NAGY J\u00e1nos, B\u00e9lteky Johann"},"content":{"rendered":"<p>Mv. 1822. dec. 27., \u2020 Mv., 1862. m\u00e1j. 28.: orvos, fog\u00e1sz, seb\u00e9sz. \u2013 B. Nagy Zsigmond \u00e9s B\u00e1nyai Krisztina fia. Testv\u00e9rei: orvos B. N. Frerenc \u00e9s P\u00e1l. Feles\u00e9ge Muzsnai J\u00falia. \u2013 Mv.-en tanult \u00e9s \u00e9retts\u00e9gizett (1841), B\u00e9csben szerzett orvosi oklevelet (1846). Hazat\u00e9r\u00e9se ut\u00e1n fogorvosk\u00e9nt m\u0171k\u0151d\u00f6tt. marossz\u00e9k v\u00e1lasztott tiszti f\u0151orvosa. Balesetben s\u00falyosan megs\u00e9rtette a l\u00e1b\u00e1t \u00e9s v\u00e9rm\u00e9rgez\u00e9sben meghalt. <br \/><strong>Irod.:<\/strong> Gy\u00e1szjelent\u0151; Szab\u00f3\u2013Sz\u00f6gi<\/br><\/p>\n","protected":false},"excerpt":{"rendered":"<p>Mv. 1822. dec. 27., \u2020 Mv., 1862. m\u00e1j. 28.: orvos, fog\u00e1sz, seb\u00e9sz. \u2013 B. Nagy Zsigmond \u00e9s B\u00e1nyai Krisztina fia. Testv\u00e9rei: orvos B. N. Frerenc \u00e9s P\u00e1l. Feles\u00e9ge Muzsnai J\u00falia. \u2013 Mv.-en tanult \u00e9s \u00e9retts\u00e9gizett (1841), B\u00e9csben szerzett orvosi oklevelet (1846). Hazat\u00e9r\u00e9se ut\u00e1n fogorvosk\u00e9nt m\u0171k\u0151d\u00f6tt. marossz\u00e9k v\u00e1lasztott tiszti f\u0151orvosa. Balesetben s\u00falyosan megs\u00e9rtette a l\u00e1b\u00e1t \u00e9s [&hellip;]<\/p>\n","protected":false},"featured_media":0,"comment_status":"open","ping_status":"closed","template":"","meta":[],"product_brand":[],"product_cat":[137],"product_tag":[],"class_list":{"0":"post-4306","1":"product","2":"type-product","3":"status-publish","5":"product_cat-maros-megyei-eletrajzi-lexikon","7":"first","8":"instock","9":"shipping-taxable","10":"product-type-simple"},"_links":{"self":[{"href":"https:\/\/uj.adatbank.ro\/lexikon\/wp-json\/wp\/v2\/product\/4306","targetHints":{"allow":["GET"]}}],"collection":[{"href":"https:\/\/uj.adatbank.ro\/lexikon\/wp-json\/wp\/v2\/product"}],"about":[{"href":"https:\/\/uj.adatbank.ro\/lexikon\/wp-json\/wp\/v2\/types\/product"}],"replies":[{"embeddable":true,"href":"https:\/\/uj.adatbank.ro\/lexikon\/wp-json\/wp\/v2\/comments?post=4306"}],"wp:attachment":[{"href":"https:\/\/uj.adatbank.ro\/lexikon\/wp-json\/wp\/v2\/media?parent=4306"}],"wp:term":[{"taxonomy":"product_brand","embeddable":true,"href":"https:\/\/uj.adatbank.ro\/lexikon\/wp-json\/wp\/v2\/product_brand?post=4306"},{"taxonomy":"product_cat","embeddable":true,"href":"https:\/\/uj.adatbank.ro\/lexikon\/wp-json\/wp\/v2\/product_cat?post=4306"},{"taxonomy":"product_tag","embeddable":true,"href":"https:\/\/uj.adatbank.ro\/lexikon\/wp-json\/wp\/v2\/product_tag?post=4306"}],"curies":[{"name":"wp","href":"https:\/\/api.w.org\/{rel}","templated":true}]}}

BÉLTEKI NAGY János, Bélteky Johann

<p>Mv. 1822. dec. 27., † Mv., 1862. máj. 28.: orvos, fogász, sebész. – B. Nagy Zsigmond és Bányai Krisztina fia. Testvérei: orvos B. N. Frerenc és Pál. Felesége Muzsnai Júlia. – Mv.-en tanult és érettségizett (1841), Bécsben szerzett orvosi oklevelet (1846). Hazatérése után fogorvosként műkődött. marosszék választott tiszti főorvosa. Balesetben súlyosan megsértette a lábát és vérmérgezésben meghalt. <br /><strong>Irod.:</strong> Gyászjelentő; Szabó–Szögi</br></p>

<p>Mv. 1822. dec. 27., † Mv., 1862. máj. 28.: orvos, fogász, sebész. – B. Nagy Zsigmond és Bányai Krisztina fia. Testvérei: orvos B. N. Frerenc és Pál. Felesége Muzsnai Júlia. – Mv.-en tanult és érettségizett (1841), Bécsben szerzett orvosi oklevelet (1846). Hazatérése után fogorvosként műkődött. marosszék választott tiszti főorvosa. Balesetben súlyosan megsértette a lábát és [&hellip;]</p>
