{"id":4308,"date":"2025-06-28T16:37:21","date_gmt":"2025-06-28T14:37:21","guid":{"rendered":"https:\/\/uj.adatbank.ro\/lexikon\/termek\/belteky-gyorgyne\/"},"modified":"2025-06-28T16:37:21","modified_gmt":"2025-06-28T14:37:21","slug":"belteky-gyorgyne","status":"publish","type":"product","link":"https:\/\/uj.adatbank.ro\/lexikon\/termek\/belteky-gyorgyne\/","title":{"rendered":"B\u00c9LTEKY Gy\u00f6rgyn\u00e9"},"content":{"rendered":"<p>? \u2020 ? : konfekci\u00f3 v\u00e1llalkoz\u00f3. \u2013 Sz\u00e1szr\u00e9geni textil \u00e9s ruh\u00e1zati ipari v\u00e1llalkoz\u00f3 (19. sz.). <br \/><strong>Irod.:<\/strong> Dorn Alexander: Die Protokollierten Firmen \u00d6sterreich-Ungarn&#8230; (Wien, 1892)<\/br><\/p>\n","protected":false},"excerpt":{"rendered":"<p>? \u2020 ? : konfekci\u00f3 v\u00e1llalkoz\u00f3. \u2013 Sz\u00e1szr\u00e9geni textil \u00e9s ruh\u00e1zati ipari v\u00e1llalkoz\u00f3 (19. sz.). Irod.: Dorn Alexander: Die Protokollierten Firmen \u00d6sterreich-Ungarn&#8230; (Wien, 1892)<\/p>\n","protected":false},"featured_media":0,"comment_status":"open","ping_status":"closed","template":"","meta":[],"product_brand":[],"product_cat":[137],"product_tag":[],"class_list":{"0":"post-4308","1":"product","2":"type-product","3":"status-publish","5":"product_cat-maros-megyei-eletrajzi-lexikon","7":"first","8":"instock","9":"shipping-taxable","10":"product-type-simple"},"_links":{"self":[{"href":"https:\/\/uj.adatbank.ro\/lexikon\/wp-json\/wp\/v2\/product\/4308","targetHints":{"allow":["GET"]}}],"collection":[{"href":"https:\/\/uj.adatbank.ro\/lexikon\/wp-json\/wp\/v2\/product"}],"about":[{"href":"https:\/\/uj.adatbank.ro\/lexikon\/wp-json\/wp\/v2\/types\/product"}],"replies":[{"embeddable":true,"href":"https:\/\/uj.adatbank.ro\/lexikon\/wp-json\/wp\/v2\/comments?post=4308"}],"wp:attachment":[{"href":"https:\/\/uj.adatbank.ro\/lexikon\/wp-json\/wp\/v2\/media?parent=4308"}],"wp:term":[{"taxonomy":"product_brand","embeddable":true,"href":"https:\/\/uj.adatbank.ro\/lexikon\/wp-json\/wp\/v2\/product_brand?post=4308"},{"taxonomy":"product_cat","embeddable":true,"href":"https:\/\/uj.adatbank.ro\/lexikon\/wp-json\/wp\/v2\/product_cat?post=4308"},{"taxonomy":"product_tag","embeddable":true,"href":"https:\/\/uj.adatbank.ro\/lexikon\/wp-json\/wp\/v2\/product_tag?post=4308"}],"curies":[{"name":"wp","href":"https:\/\/api.w.org\/{rel}","templated":true}]}}