{"id":4312,"date":"2025-06-28T16:37:30","date_gmt":"2025-06-28T14:37:30","guid":{"rendered":"https:\/\/uj.adatbank.ro\/lexikon\/termek\/bencze-jozsef\/"},"modified":"2025-06-28T16:37:30","modified_gmt":"2025-06-28T14:37:30","slug":"bencze-jozsef","status":"publish","type":"product","link":"https:\/\/uj.adatbank.ro\/lexikon\/termek\/bencze-jozsef\/","title":{"rendered":"BENCZE J\u00f3zsef"},"content":{"rendered":"<p>Zal\u00e1n, 1898., \u2020 Zal\u00e1n, 1972: ref. lelk\u00e9sz, vall\u00e1skutat\u00f3, k\u00f6z\u00e9leti szem\u00e9lyis\u00e9g. \u2013 K\u00f6z\u00e9piskol\u00e1it Sepsiszentgy\u00f6rgy\u00f6n, teol\u00f3gi\u00e1t Kv.-on v\u00e9gezte. K\u00fclf\u00f6ldi tanulm\u00e1ny\u00faton Sk\u00f3ci\u00e1ban j\u00e1rt. Lelk\u00e9szi p\u00e1lyafut\u00e1s\u00e1t Balav\u00e1s\u00e1ron kezdte, ahol 12 \u00e9vig szolg\u00e1lt (1926\u201338). Munk\u00e1ja nyom\u00e1n egym\u00e1sut\u00e1n keltek \u00e9letre a belmisszi\u00f3i alakulatok. Az egyh\u00e1z felismerve tehets\u00e9g\u00e9t belmisszi\u00f3i el\u0151ad\u00f3nak v\u00e1lasztotta meg. Alapot teremtett a j\u00f3 tanul\u00f3k megjutalmaz\u00e1s\u00e1ra. Harcolt a felekezeti iskola megtart\u00e1s\u00e1\u00e9rt. Amikor sz\u00fcl\u0151faluj\u00e1ban meg\u00fcresedett a lelk\u00e9szi \u00e1ll\u00e1s, hazament Zal\u00e1nba (1938). A securitate beszervezte \u00fcgyn\u00f6knek \u201eSzab\u00f3 Andor\u201d n\u00e9ven (1955. okt. 11.), de nem jelentett semmit. Letart\u00f3ztatt\u00e1k (1955) a zal\u00e1ni koll. gazdas\u00e1g megalakul\u00e1sa \u00e9s tev\u00e9kenys\u00e9ge elleni t\u00e9nyked\u00e9s v\u00e1dj\u00e1val, de nemsok\u00e1ra szabadon engedt\u00e9k. A buk.-i katonai \u00fcgy\u00e9szs\u00e9g \u00fajravizsg\u00e1lta \u00fcgy\u00e9t (1958. \u00e1pr. 16), v\u00e1d al\u00e1 helyezt\u00e9k a mv.-i Katonai B\u00edr\u00f3s\u00e1g 16 \u00e9vi b\u00f6rt\u00f6nre \u00edt\u00e9lte. <br \/><strong>Irod.:<\/strong> Balav\u00e1s\u00e1r \u00e9s egyh\u00e1za; Bartos 2012<\/br><\/p>\n","protected":false},"excerpt":{"rendered":"<p>Zal\u00e1n, 1898., \u2020 Zal\u00e1n, 1972: ref. lelk\u00e9sz, vall\u00e1skutat\u00f3, k\u00f6z\u00e9leti szem\u00e9lyis\u00e9g. \u2013 K\u00f6z\u00e9piskol\u00e1it Sepsiszentgy\u00f6rgy\u00f6n, teol\u00f3gi\u00e1t Kv.-on v\u00e9gezte. K\u00fclf\u00f6ldi tanulm\u00e1ny\u00faton Sk\u00f3ci\u00e1ban j\u00e1rt. Lelk\u00e9szi p\u00e1lyafut\u00e1s\u00e1t Balav\u00e1s\u00e1ron kezdte, ahol 12 \u00e9vig szolg\u00e1lt (1926\u201338). Munk\u00e1ja nyom\u00e1n egym\u00e1sut\u00e1n keltek \u00e9letre a belmisszi\u00f3i alakulatok. Az egyh\u00e1z felismerve tehets\u00e9g\u00e9t belmisszi\u00f3i el\u0151ad\u00f3nak v\u00e1lasztotta meg. Alapot teremtett a j\u00f3 tanul\u00f3k megjutalmaz\u00e1s\u00e1ra. Harcolt a felekezeti iskola [&hellip;]<\/p>\n","protected":false},"featured_media":0,"comment_status":"open","ping_status":"closed","template":"","meta":[],"product_brand":[],"product_cat":[137],"product_tag":[],"class_list":{"0":"post-4312","1":"product","2":"type-product","3":"status-publish","5":"product_cat-maros-megyei-eletrajzi-lexikon","7":"first","8":"instock","9":"shipping-taxable","10":"product-type-simple"},"_links":{"self":[{"href":"https:\/\/uj.adatbank.ro\/lexikon\/wp-json\/wp\/v2\/product\/4312","targetHints":{"allow":["GET"]}}],"collection":[{"href":"https:\/\/uj.adatbank.ro\/lexikon\/wp-json\/wp\/v2\/product"}],"about":[{"href":"https:\/\/uj.adatbank.ro\/lexikon\/wp-json\/wp\/v2\/types\/product"}],"replies":[{"embeddable":true,"href":"https:\/\/uj.adatbank.ro\/lexikon\/wp-json\/wp\/v2\/comments?post=4312"}],"wp:attachment":[{"href":"https:\/\/uj.adatbank.ro\/lexikon\/wp-json\/wp\/v2\/media?parent=4312"}],"wp:term":[{"taxonomy":"product_brand","embeddable":true,"href":"https:\/\/uj.adatbank.ro\/lexikon\/wp-json\/wp\/v2\/product_brand?post=4312"},{"taxonomy":"product_cat","embeddable":true,"href":"https:\/\/uj.adatbank.ro\/lexikon\/wp-json\/wp\/v2\/product_cat?post=4312"},{"taxonomy":"product_tag","embeddable":true,"href":"https:\/\/uj.adatbank.ro\/lexikon\/wp-json\/wp\/v2\/product_tag?post=4312"}],"curies":[{"name":"wp","href":"https:\/\/api.w.org\/{rel}","templated":true}]}}

BENCZE József

<p>Zalán, 1898., † Zalán, 1972: ref. lelkész, valláskutató, közéleti személyiség. – Középiskoláit Sepsiszentgyörgyön, teológiát Kv.-on végezte. Külföldi tanulmányúton Skóciában járt. Lelkészi pályafutását Balavásáron kezdte, ahol 12 évig szolgált (1926–38). Munkája nyomán egymásután keltek életre a belmissziói alakulatok. Az egyház felismerve tehetségét belmissziói előadónak választotta meg. Alapot teremtett a jó tanulók megjutalmazására. Harcolt a felekezeti iskola megtartásáért. Amikor szülőfalujában megüresedett a lelkészi állás, hazament Zalánba (1938). A securitate beszervezte ügynöknek „Szabó Andor” néven (1955. okt. 11.), de nem jelentett semmit. Letartóztatták (1955) a zaláni koll. gazdaság megalakulása és tevékenysége elleni ténykedés vádjával, de nemsokára szabadon engedték. A buk.-i katonai ügyészség újravizsgálta ügyét (1958. ápr. 16), vád alá helyezték a mv.-i Katonai Bíróság 16 évi börtönre ítélte. <br /><strong>Irod.:</strong> Balavásár és egyháza; Bartos 2012</br></p>

<p>Zalán, 1898., † Zalán, 1972: ref. lelkész, valláskutató, közéleti személyiség. – Középiskoláit Sepsiszentgyörgyön, teológiát Kv.-on végezte. Külföldi tanulmányúton Skóciában járt. Lelkészi pályafutását Balavásáron kezdte, ahol 12 évig szolgált (1926–38). Munkája nyomán egymásután keltek életre a belmissziói alakulatok. Az egyház felismerve tehetségét belmissziói előadónak választotta meg. Alapot teremtett a jó tanulók megjutalmazására. Harcolt a felekezeti iskola [&hellip;]</p>
