{"id":4319,"date":"2025-06-28T16:37:41","date_gmt":"2025-06-28T14:37:41","guid":{"rendered":"https:\/\/uj.adatbank.ro\/lexikon\/termek\/benczel-bela-bencel-bela-bentzel-bela\/"},"modified":"2025-06-28T16:37:41","modified_gmt":"2025-06-28T14:37:41","slug":"benczel-bela-bencel-bela-bentzel-bela","status":"publish","type":"product","link":"https:\/\/uj.adatbank.ro\/lexikon\/termek\/benczel-bela-bencel-bela-bentzel-bela\/","title":{"rendered":"BENCZEL B\u00e9la, Bencel B\u00e9la, Bentzel B\u00e9la"},"content":{"rendered":"<p>? \u2020\u00a0? : \u00fajs\u00e1g\u00edr\u00f3, szerk. \u2013 Zsid\u00f3 \u00c9let c.-el politikai \u00e9s t\u00e1rsadalmi hetilapot ind\u00edtott dr. Czitrom L\u00e1z\u00e1r \u00fcgyv\u00e9ddel \u00e9s Halmos L\u00e1szl\u00f3val (1932. \u00e1pr. 20.). A lap h\u00e9t sz\u00e1mot \u00e9rt meg. A H\u00e9tf\u0151i \u00dajs\u00e1g c. hetilap (1934\u201336), a Sz\u00ednh\u00e1zi \u00dajs\u00e1g (1934\u201335) szerkeszt\u0151je. A Brass\u00f3i Lapok vid\u00e9ki szerkeszt\u0151i k\u00f6z\u00f6tt mv.-i tud\u00f3s\u00edt\u00f3k\u00e9nt szerepel Kov\u00e1cs Gy\u00f6rgy mellett. Rendszeresen k\u00f6z\u00f6lt a kv.-i Egys\u00e9g c., az erd\u00e9lyi zsid\u00f3s\u00e1g antifasiszta hetilapj\u00e1ba (1946. m\u00e1j. \u2013 1950. \u00e1pr.). Irodalmi titk\u00e1r (1950\u2013) a mv.-i Sz\u00e9kely Sz\u00ednh\u00e1zban. Az \u00daj \u00c9let szerkeszt\u0151je nyugd\u00edjaz\u00e1s\u00e1ig (1964\u201367). <br \/><strong>Irod.:<\/strong> Bartos 2012; Id\u0151t\u00e1r 3; Kov\u00e1cs Levente; Popt\u0103ma\u015f\u2013M\u00f3zes; RMIL; Sebesty\u00e9n Mih\u00e1ly 2000<\/br><\/p>\n","protected":false},"excerpt":{"rendered":"<p>? \u2020\u00a0? : \u00fajs\u00e1g\u00edr\u00f3, szerk. \u2013 Zsid\u00f3 \u00c9let c.-el politikai \u00e9s t\u00e1rsadalmi hetilapot ind\u00edtott dr. Czitrom L\u00e1z\u00e1r \u00fcgyv\u00e9ddel \u00e9s Halmos L\u00e1szl\u00f3val (1932. \u00e1pr. 20.). A lap h\u00e9t sz\u00e1mot \u00e9rt meg. A H\u00e9tf\u0151i \u00dajs\u00e1g c. hetilap (1934\u201336), a Sz\u00ednh\u00e1zi \u00dajs\u00e1g (1934\u201335) szerkeszt\u0151je. A Brass\u00f3i Lapok vid\u00e9ki szerkeszt\u0151i k\u00f6z\u00f6tt mv.-i tud\u00f3s\u00edt\u00f3k\u00e9nt szerepel Kov\u00e1cs Gy\u00f6rgy mellett. Rendszeresen k\u00f6z\u00f6lt [&hellip;]<\/p>\n","protected":false},"featured_media":0,"comment_status":"open","ping_status":"closed","template":"","meta":[],"product_brand":[],"product_cat":[137],"product_tag":[],"class_list":{"0":"post-4319","1":"product","2":"type-product","3":"status-publish","5":"product_cat-maros-megyei-eletrajzi-lexikon","7":"first","8":"instock","9":"shipping-taxable","10":"product-type-simple"},"_links":{"self":[{"href":"https:\/\/uj.adatbank.ro\/lexikon\/wp-json\/wp\/v2\/product\/4319","targetHints":{"allow":["GET"]}}],"collection":[{"href":"https:\/\/uj.adatbank.ro\/lexikon\/wp-json\/wp\/v2\/product"}],"about":[{"href":"https:\/\/uj.adatbank.ro\/lexikon\/wp-json\/wp\/v2\/types\/product"}],"replies":[{"embeddable":true,"href":"https:\/\/uj.adatbank.ro\/lexikon\/wp-json\/wp\/v2\/comments?post=4319"}],"wp:attachment":[{"href":"https:\/\/uj.adatbank.ro\/lexikon\/wp-json\/wp\/v2\/media?parent=4319"}],"wp:term":[{"taxonomy":"product_brand","embeddable":true,"href":"https:\/\/uj.adatbank.ro\/lexikon\/wp-json\/wp\/v2\/product_brand?post=4319"},{"taxonomy":"product_cat","embeddable":true,"href":"https:\/\/uj.adatbank.ro\/lexikon\/wp-json\/wp\/v2\/product_cat?post=4319"},{"taxonomy":"product_tag","embeddable":true,"href":"https:\/\/uj.adatbank.ro\/lexikon\/wp-json\/wp\/v2\/product_tag?post=4319"}],"curies":[{"name":"wp","href":"https:\/\/api.w.org\/{rel}","templated":true}]}}

BENCZEL Béla, Bencel Béla, Bentzel Béla

<p>? † ? : újságíró, szerk. – Zsidó Élet c.-el politikai és társadalmi hetilapot indított dr. Czitrom Lázár ügyvéddel és Halmos Lászlóval (1932. ápr. 20.). A lap hét számot ért meg. A Hétfői Újság c. hetilap (1934–36), a Színházi Újság (1934–35) szerkesztője. A Brassói Lapok vidéki szerkesztői között mv.-i tudósítóként szerepel Kovács György mellett. Rendszeresen közölt a kv.-i Egység c., az erdélyi zsidóság antifasiszta hetilapjába (1946. máj. – 1950. ápr.). Irodalmi titkár (1950–) a mv.-i Székely Színházban. Az Új Élet szerkesztője nyugdíjazásáig (1964–67). <br /><strong>Irod.:</strong> Bartos 2012; Időtár 3; Kovács Levente; Poptămaş–Mózes; RMIL; Sebestyén Mihály 2000</br></p>

<p>? † ? : újságíró, szerk. – Zsidó Élet c.-el politikai és társadalmi hetilapot indított dr. Czitrom Lázár ügyvéddel és Halmos Lászlóval (1932. ápr. 20.). A lap hét számot ért meg. A Hétfői Újság c. hetilap (1934–36), a Színházi Újság (1934–35) szerkesztője. A Brassói Lapok vidéki szerkesztői között mv.-i tudósítóként szerepel Kovács György mellett. Rendszeresen közölt [&hellip;]</p>
