{"id":4320,"date":"2025-06-28T16:37:43","date_gmt":"2025-06-28T14:37:43","guid":{"rendered":"https:\/\/uj.adatbank.ro\/lexikon\/termek\/bende-albert\/"},"modified":"2025-06-28T16:37:43","modified_gmt":"2025-06-28T14:37:43","slug":"bende-albert","status":"publish","type":"product","link":"https:\/\/uj.adatbank.ro\/lexikon\/termek\/bende-albert\/","title":{"rendered":"BENDE Albert"},"content":{"rendered":"<p>? \u2020 ? : k\u00f6lt\u0151. \u2013 Mag\u00e1r\u00f3l \u00e1ll\u00edtotta, h. \u201edanol\u00f3 \u00e9s szaval\u00f3\u201d. \u2013 <strong>F. m.:<\/strong> Pet\u0151fi segesv\u00e1ri hal\u00e1la eml\u00e9kszobr\u00e1r\u00f3l; Sz\u00f3zat; V\u00e1ndor\u00e9rzelmeim (Bp., \u00e9. n.) egy leveles nyomtatv\u00e1ny a szerz\u0151 arck\u00e9p\u00e9vel. <br \/><strong>Irod.:<\/strong> Guly\u00e1s<\/br><\/p>\n","protected":false},"excerpt":{"rendered":"<p>? \u2020 ? : k\u00f6lt\u0151. \u2013 Mag\u00e1r\u00f3l \u00e1ll\u00edtotta, h. \u201edanol\u00f3 \u00e9s szaval\u00f3\u201d. \u2013 F. m.: Pet\u0151fi segesv\u00e1ri hal\u00e1la eml\u00e9kszobr\u00e1r\u00f3l; Sz\u00f3zat; V\u00e1ndor\u00e9rzelmeim (Bp., \u00e9. n.) egy leveles nyomtatv\u00e1ny a szerz\u0151 arck\u00e9p\u00e9vel. Irod.: Guly\u00e1s<\/p>\n","protected":false},"featured_media":0,"comment_status":"open","ping_status":"closed","template":"","meta":[],"product_brand":[],"product_cat":[137],"product_tag":[],"class_list":{"0":"post-4320","1":"product","2":"type-product","3":"status-publish","5":"product_cat-maros-megyei-eletrajzi-lexikon","7":"first","8":"instock","9":"shipping-taxable","10":"product-type-simple"},"_links":{"self":[{"href":"https:\/\/uj.adatbank.ro\/lexikon\/wp-json\/wp\/v2\/product\/4320","targetHints":{"allow":["GET"]}}],"collection":[{"href":"https:\/\/uj.adatbank.ro\/lexikon\/wp-json\/wp\/v2\/product"}],"about":[{"href":"https:\/\/uj.adatbank.ro\/lexikon\/wp-json\/wp\/v2\/types\/product"}],"replies":[{"embeddable":true,"href":"https:\/\/uj.adatbank.ro\/lexikon\/wp-json\/wp\/v2\/comments?post=4320"}],"wp:attachment":[{"href":"https:\/\/uj.adatbank.ro\/lexikon\/wp-json\/wp\/v2\/media?parent=4320"}],"wp:term":[{"taxonomy":"product_brand","embeddable":true,"href":"https:\/\/uj.adatbank.ro\/lexikon\/wp-json\/wp\/v2\/product_brand?post=4320"},{"taxonomy":"product_cat","embeddable":true,"href":"https:\/\/uj.adatbank.ro\/lexikon\/wp-json\/wp\/v2\/product_cat?post=4320"},{"taxonomy":"product_tag","embeddable":true,"href":"https:\/\/uj.adatbank.ro\/lexikon\/wp-json\/wp\/v2\/product_tag?post=4320"}],"curies":[{"name":"wp","href":"https:\/\/api.w.org\/{rel}","templated":true}]}}