{"id":4333,"date":"2025-06-28T16:38:06","date_gmt":"2025-06-28T14:38:06","guid":{"rendered":"https:\/\/uj.adatbank.ro\/lexikon\/termek\/benedek-adam\/"},"modified":"2025-06-28T16:38:06","modified_gmt":"2025-06-28T14:38:06","slug":"benedek-adam","status":"publish","type":"product","link":"https:\/\/uj.adatbank.ro\/lexikon\/termek\/benedek-adam\/","title":{"rendered":"BENEDEK \u00c1d\u00e1m"},"content":{"rendered":"<p>H\u00e9derf\u00e1ja, 1840., \u2020\u00a0H\u00e9derf\u00e1ja, 1887. jan. 7.: tan\u00edt\u00f3. \u2013 A tan\u00edt\u00f3k\u00e9pz\u0151t Sz\u00e9kelykereszt\u00faron v\u00e9gezte, \u00e9s m\u00e1r utols\u00f3 \u00e9ves kor\u00e1ban seg\u00e9dtan\u00edt\u00f3 lett apja mellett H\u00e9derf\u00e1j\u00e1n (1861). Negyedsz\u00e1zados tan\u00edt\u00f3i munk\u00e1ss\u00e1g\u00e1r\u00f3l alig maradt fenn n\u00e9mi adat. A tanul\u00f3k l\u00e9tsz\u00e1ma \u00e1lland\u00f3an n\u0151tt. Kiv\u00e1l\u00f3 zenei tehets\u00e9ge r\u00e9v\u00e9n k\u00e1ntori munk\u00e1ja kifog\u00e1staln volt, \u00e9s j\u00f3 gazdas\u00e1gi \u00e9rz\u00e9kkel rendelkezett. Sikeresen fejlesztette a k\u00fcl\u00f6nf\u00e9le iskolai alapokat, hogy eltekintve a nagyobb \u00e9p\u00edtkez\u00e9sekt\u0151l, az iskola p\u00e9nz\u00fcgyileg \u00f6nell\u00e1t\u00f3v\u00e1 v\u00e1lt, \u00e9s b\u00edztos\u00edtani tudta a szeg\u00e9nysors\u00fa gyermekek iskol\u00e1ztat\u00e1s\u00e1t, tanfelszerel\u00e9ssel val\u00f3 ell\u00e1t\u00e1s\u00e1t. <br \/><strong>Irod.:<\/strong> H\u00e9derf\u00e1ja \u00e9s egyh\u00e1za<\/br><\/p>\n","protected":false},"excerpt":{"rendered":"<p>H\u00e9derf\u00e1ja, 1840., \u2020\u00a0H\u00e9derf\u00e1ja, 1887. jan. 7.: tan\u00edt\u00f3. \u2013 A tan\u00edt\u00f3k\u00e9pz\u0151t Sz\u00e9kelykereszt\u00faron v\u00e9gezte, \u00e9s m\u00e1r utols\u00f3 \u00e9ves kor\u00e1ban seg\u00e9dtan\u00edt\u00f3 lett apja mellett H\u00e9derf\u00e1j\u00e1n (1861). Negyedsz\u00e1zados tan\u00edt\u00f3i munk\u00e1ss\u00e1g\u00e1r\u00f3l alig maradt fenn n\u00e9mi adat. A tanul\u00f3k l\u00e9tsz\u00e1ma \u00e1lland\u00f3an n\u0151tt. Kiv\u00e1l\u00f3 zenei tehets\u00e9ge r\u00e9v\u00e9n k\u00e1ntori munk\u00e1ja kifog\u00e1staln volt, \u00e9s j\u00f3 gazdas\u00e1gi \u00e9rz\u00e9kkel rendelkezett. Sikeresen fejlesztette a k\u00fcl\u00f6nf\u00e9le iskolai alapokat, [&hellip;]<\/p>\n","protected":false},"featured_media":0,"comment_status":"open","ping_status":"closed","template":"","meta":[],"product_brand":[],"product_cat":[137],"product_tag":[],"class_list":{"0":"post-4333","1":"product","2":"type-product","3":"status-publish","5":"product_cat-maros-megyei-eletrajzi-lexikon","7":"first","8":"instock","9":"shipping-taxable","10":"product-type-simple"},"_links":{"self":[{"href":"https:\/\/uj.adatbank.ro\/lexikon\/wp-json\/wp\/v2\/product\/4333","targetHints":{"allow":["GET"]}}],"collection":[{"href":"https:\/\/uj.adatbank.ro\/lexikon\/wp-json\/wp\/v2\/product"}],"about":[{"href":"https:\/\/uj.adatbank.ro\/lexikon\/wp-json\/wp\/v2\/types\/product"}],"replies":[{"embeddable":true,"href":"https:\/\/uj.adatbank.ro\/lexikon\/wp-json\/wp\/v2\/comments?post=4333"}],"wp:attachment":[{"href":"https:\/\/uj.adatbank.ro\/lexikon\/wp-json\/wp\/v2\/media?parent=4333"}],"wp:term":[{"taxonomy":"product_brand","embeddable":true,"href":"https:\/\/uj.adatbank.ro\/lexikon\/wp-json\/wp\/v2\/product_brand?post=4333"},{"taxonomy":"product_cat","embeddable":true,"href":"https:\/\/uj.adatbank.ro\/lexikon\/wp-json\/wp\/v2\/product_cat?post=4333"},{"taxonomy":"product_tag","embeddable":true,"href":"https:\/\/uj.adatbank.ro\/lexikon\/wp-json\/wp\/v2\/product_tag?post=4333"}],"curies":[{"name":"wp","href":"https:\/\/api.w.org\/{rel}","templated":true}]}}

BENEDEK Ádám

<p>Héderfája, 1840., † Héderfája, 1887. jan. 7.: tanító. – A tanítóképzőt Székelykeresztúron végezte, és már utolsó éves korában segédtanító lett apja mellett Héderfáján (1861). Negyedszázados tanítói munkásságáról alig maradt fenn némi adat. A tanulók létszáma állandóan nőtt. Kiváló zenei tehetsége révén kántori munkája kifogástaln volt, és jó gazdasági érzékkel rendelkezett. Sikeresen fejlesztette a különféle iskolai alapokat, hogy eltekintve a nagyobb építkezésektől, az iskola pénzügyileg önellátóvá vált, és bíztosítani tudta a szegénysorsú gyermekek iskoláztatását, tanfelszereléssel való ellátását. <br /><strong>Irod.:</strong> Héderfája és egyháza</br></p>

<p>Héderfája, 1840., † Héderfája, 1887. jan. 7.: tanító. – A tanítóképzőt Székelykeresztúron végezte, és már utolsó éves korában segédtanító lett apja mellett Héderfáján (1861). Negyedszázados tanítói munkásságáról alig maradt fenn némi adat. A tanulók létszáma állandóan nőtt. Kiváló zenei tehetsége révén kántori munkája kifogástaln volt, és jó gazdasági érzékkel rendelkezett. Sikeresen fejlesztette a különféle iskolai alapokat, [&hellip;]</p>
