{"id":4334,"date":"2025-06-28T16:38:08","date_gmt":"2025-06-28T14:38:08","guid":{"rendered":"https:\/\/uj.adatbank.ro\/lexikon\/termek\/benedek-aladar\/"},"modified":"2025-06-28T16:38:08","modified_gmt":"2025-06-28T14:38:08","slug":"benedek-aladar","status":"publish","type":"product","link":"https:\/\/uj.adatbank.ro\/lexikon\/termek\/benedek-aladar\/","title":{"rendered":"BENEDEK Alad\u00e1r"},"content":{"rendered":"<p>K\u00f3rodszentm\u00e1rton, 1881. febr. 2., \u2020\u00a0?\u00a0: \u00fcgyv\u00e9d. \u2013 Nagyenyeden\u00e9retts\u00e9gizett, az egyetemet Kv.-on v\u00e9gezte. Beszterc\u00e9n \u00fcgyv\u00e9d (1909\u2013). A MP Besztercebasz\u00f3d v\u00e1rmegyei \u00e9s Beszterce v\u00e1rosi tagozati eln\u00f6ke, ref. egyh\u00e1zmegyei tan\u00e1csos volt. K\u00f6z\u00e9leti tev\u00e9kenys\u00e9ge sor\u00e1n t\u00e1rsadalmi \u00e9s kultur\u00e1lis megmozdul\u00e1sok akt\u00edv r\u00e9szt vev\u0151je, a MP keret\u00e9ben az ifj\u00fas\u00e1g nevel\u00e9s\u00e9vel foglalkozott. Cikkei jelentek meg. <br \/><strong>Irod.:<\/strong> EM<\/br><\/p>\n","protected":false},"excerpt":{"rendered":"<p>K\u00f3rodszentm\u00e1rton, 1881. febr. 2., \u2020\u00a0?\u00a0: \u00fcgyv\u00e9d. \u2013 Nagyenyeden\u00e9retts\u00e9gizett, az egyetemet Kv.-on v\u00e9gezte. Beszterc\u00e9n \u00fcgyv\u00e9d (1909\u2013). A MP Besztercebasz\u00f3d v\u00e1rmegyei \u00e9s Beszterce v\u00e1rosi tagozati eln\u00f6ke, ref. egyh\u00e1zmegyei tan\u00e1csos volt. K\u00f6z\u00e9leti tev\u00e9kenys\u00e9ge sor\u00e1n t\u00e1rsadalmi \u00e9s kultur\u00e1lis megmozdul\u00e1sok akt\u00edv r\u00e9szt vev\u0151je, a MP keret\u00e9ben az ifj\u00fas\u00e1g nevel\u00e9s\u00e9vel foglalkozott. Cikkei jelentek meg. Irod.: EM<\/p>\n","protected":false},"featured_media":0,"comment_status":"open","ping_status":"closed","template":"","meta":[],"product_brand":[],"product_cat":[137],"product_tag":[],"class_list":{"0":"post-4334","1":"product","2":"type-product","3":"status-publish","5":"product_cat-maros-megyei-eletrajzi-lexikon","7":"first","8":"instock","9":"shipping-taxable","10":"product-type-simple"},"_links":{"self":[{"href":"https:\/\/uj.adatbank.ro\/lexikon\/wp-json\/wp\/v2\/product\/4334","targetHints":{"allow":["GET"]}}],"collection":[{"href":"https:\/\/uj.adatbank.ro\/lexikon\/wp-json\/wp\/v2\/product"}],"about":[{"href":"https:\/\/uj.adatbank.ro\/lexikon\/wp-json\/wp\/v2\/types\/product"}],"replies":[{"embeddable":true,"href":"https:\/\/uj.adatbank.ro\/lexikon\/wp-json\/wp\/v2\/comments?post=4334"}],"wp:attachment":[{"href":"https:\/\/uj.adatbank.ro\/lexikon\/wp-json\/wp\/v2\/media?parent=4334"}],"wp:term":[{"taxonomy":"product_brand","embeddable":true,"href":"https:\/\/uj.adatbank.ro\/lexikon\/wp-json\/wp\/v2\/product_brand?post=4334"},{"taxonomy":"product_cat","embeddable":true,"href":"https:\/\/uj.adatbank.ro\/lexikon\/wp-json\/wp\/v2\/product_cat?post=4334"},{"taxonomy":"product_tag","embeddable":true,"href":"https:\/\/uj.adatbank.ro\/lexikon\/wp-json\/wp\/v2\/product_tag?post=4334"}],"curies":[{"name":"wp","href":"https:\/\/api.w.org\/{rel}","templated":true}]}}

BENEDEK Aladár

<p>Kórodszentmárton, 1881. febr. 2., † ? : ügyvéd. – Nagyenyedenérettségizett, az egyetemet Kv.-on végezte. Besztercén ügyvéd (1909–). A MP Besztercebaszód vármegyei és Beszterce városi tagozati elnöke, ref. egyházmegyei tanácsos volt. Közéleti tevékenysége során társadalmi és kulturális megmozdulások aktív részt vevője, a MP keretében az ifjúság nevelésével foglalkozott. Cikkei jelentek meg. <br /><strong>Irod.:</strong> EM</br></p>

<p>Kórodszentmárton, 1881. febr. 2., † ? : ügyvéd. – Nagyenyedenérettségizett, az egyetemet Kv.-on végezte. Besztercén ügyvéd (1909–). A MP Besztercebaszód vármegyei és Beszterce városi tagozati elnöke, ref. egyházmegyei tanácsos volt. Közéleti tevékenysége során társadalmi és kulturális megmozdulások aktív részt vevője, a MP keretében az ifjúság nevelésével foglalkozott. Cikkei jelentek meg. Irod.: EM</p>
