{"id":4340,"date":"2025-06-28T16:38:21","date_gmt":"2025-06-28T14:38:21","guid":{"rendered":"https:\/\/uj.adatbank.ro\/lexikon\/termek\/benedek-denes-2\/"},"modified":"2025-06-28T16:38:21","modified_gmt":"2025-06-28T14:38:21","slug":"benedek-denes-2","status":"publish","type":"product","link":"https:\/\/uj.adatbank.ro\/lexikon\/termek\/benedek-denes-2\/","title":{"rendered":"BENEDEK D\u00e9nes"},"content":{"rendered":"<p>? \u2020\u00a0? : ref. lelk\u00e9sz. \u2013 Makfalv\u00e1n lelk\u00e9sz (1897). A MT megyei \u00c1ltal\u00e1nos Tan\u00edt\u00f3test\u00fclet K\u00fck\u00fcll\u0151 k\u00f6ri tagja, alapszab\u00e1ly\u00e1nak egyik elk\u00e9sz\u00edt\u0151je (1880). R\u00e9szt vett az Erd\u00e9lyi Ref. Egyh\u00e1zker\u00fclet Kv.-on tartott k\u00f6zgy\u0171l\u00e9s\u00e9n (1888), mint k\u00fcld\u00f6tt a Marosi egyh\u00e1zmegye r\u00e9sz\u00e9r\u0151l. Egyh\u00e1zmegyei f\u0151jegyz\u0151. A mv.-i Ref. Koll. el\u0151lj\u00e1r\u00f3s\u00e1g\u00e1nak tagja (1905\u201310). <br \/><strong>Irod.:<\/strong> \u00c1goston Albert: Alkot\u00e1sainkra, \u00e9rt\u00e9keinkre eml\u00e9kezve (N\u00fa., 1993. dec. 14.); A Marosi Ref. Egyh\u00e1zmegye Mv.-en 1913. okt. 20.-\u00e1n tartott \u00e9vi rendes k\u00f6zgy\u0171l\u00e9s\u00e9nek jegyz\u0151k\u00f6nyve (Mv., s. a.); Eml\u00e9kk\u00f6ny; Az Erd\u00e9lyi Ref. Egyh\u00e1zker\u00fclet k\u00f6zgy\u00e1l\u00e9s\u00e9nek jegyz\u0151k\u00f6nyve (Kv., 1888)<\/br><\/p>\n","protected":false},"excerpt":{"rendered":"<p>? \u2020\u00a0? : ref. lelk\u00e9sz. \u2013 Makfalv\u00e1n lelk\u00e9sz (1897). A MT megyei \u00c1ltal\u00e1nos Tan\u00edt\u00f3test\u00fclet K\u00fck\u00fcll\u0151 k\u00f6ri tagja, alapszab\u00e1ly\u00e1nak egyik elk\u00e9sz\u00edt\u0151je (1880). R\u00e9szt vett az Erd\u00e9lyi Ref. Egyh\u00e1zker\u00fclet Kv.-on tartott k\u00f6zgy\u0171l\u00e9s\u00e9n (1888), mint k\u00fcld\u00f6tt a Marosi egyh\u00e1zmegye r\u00e9sz\u00e9r\u0151l. Egyh\u00e1zmegyei f\u0151jegyz\u0151. A mv.-i Ref. Koll. el\u0151lj\u00e1r\u00f3s\u00e1g\u00e1nak tagja (1905\u201310). Irod.: \u00c1goston Albert: Alkot\u00e1sainkra, \u00e9rt\u00e9keinkre eml\u00e9kezve (N\u00fa., 1993. dec. [&hellip;]<\/p>\n","protected":false},"featured_media":0,"comment_status":"open","ping_status":"closed","template":"","meta":[],"product_brand":[],"product_cat":[137],"product_tag":[],"class_list":{"0":"post-4340","1":"product","2":"type-product","3":"status-publish","5":"product_cat-maros-megyei-eletrajzi-lexikon","7":"first","8":"instock","9":"shipping-taxable","10":"product-type-simple"},"_links":{"self":[{"href":"https:\/\/uj.adatbank.ro\/lexikon\/wp-json\/wp\/v2\/product\/4340","targetHints":{"allow":["GET"]}}],"collection":[{"href":"https:\/\/uj.adatbank.ro\/lexikon\/wp-json\/wp\/v2\/product"}],"about":[{"href":"https:\/\/uj.adatbank.ro\/lexikon\/wp-json\/wp\/v2\/types\/product"}],"replies":[{"embeddable":true,"href":"https:\/\/uj.adatbank.ro\/lexikon\/wp-json\/wp\/v2\/comments?post=4340"}],"wp:attachment":[{"href":"https:\/\/uj.adatbank.ro\/lexikon\/wp-json\/wp\/v2\/media?parent=4340"}],"wp:term":[{"taxonomy":"product_brand","embeddable":true,"href":"https:\/\/uj.adatbank.ro\/lexikon\/wp-json\/wp\/v2\/product_brand?post=4340"},{"taxonomy":"product_cat","embeddable":true,"href":"https:\/\/uj.adatbank.ro\/lexikon\/wp-json\/wp\/v2\/product_cat?post=4340"},{"taxonomy":"product_tag","embeddable":true,"href":"https:\/\/uj.adatbank.ro\/lexikon\/wp-json\/wp\/v2\/product_tag?post=4340"}],"curies":[{"name":"wp","href":"https:\/\/api.w.org\/{rel}","templated":true}]}}

BENEDEK Dénes

<p>? † ? : ref. lelkész. – Makfalván lelkész (1897). A MT megyei Általános Tanítótestület Küküllő köri tagja, alapszabályának egyik elkészítője (1880). Részt vett az Erdélyi Ref. Egyházkerület Kv.-on tartott közgyűlésén (1888), mint küldött a Marosi egyházmegye részéről. Egyházmegyei főjegyző. A mv.-i Ref. Koll. előljáróságának tagja (1905–10). <br /><strong>Irod.:</strong> Ágoston Albert: Alkotásainkra, értékeinkre emlékezve (Nú., 1993. dec. 14.); A Marosi Ref. Egyházmegye Mv.-en 1913. okt. 20.-án tartott évi rendes közgyűlésének jegyzőkönyve (Mv., s. a.); Emlékköny; Az Erdélyi Ref. Egyházkerület közgyálésének jegyzőkönyve (Kv., 1888)</br></p>

<p>? † ? : ref. lelkész. – Makfalván lelkész (1897). A MT megyei Általános Tanítótestület Küküllő köri tagja, alapszabályának egyik elkészítője (1880). Részt vett az Erdélyi Ref. Egyházkerület Kv.-on tartott közgyűlésén (1888), mint küldött a Marosi egyházmegye részéről. Egyházmegyei főjegyző. A mv.-i Ref. Koll. előljáróságának tagja (1905–10). Irod.: Ágoston Albert: Alkotásainkra, értékeinkre emlékezve (Nú., 1993. dec. [&hellip;]</p>
