{"id":4343,"date":"2025-06-28T16:38:26","date_gmt":"2025-06-28T14:38:26","guid":{"rendered":"https:\/\/uj.adatbank.ro\/lexikon\/termek\/benedek-istvan\/"},"modified":"2025-06-28T16:38:26","modified_gmt":"2025-06-28T14:38:26","slug":"benedek-istvan","status":"publish","type":"product","link":"https:\/\/uj.adatbank.ro\/lexikon\/termek\/benedek-istvan\/","title":{"rendered":"BENEDEK Istv\u00e1n"},"content":{"rendered":"<p>Sz\u00e9kelyudvarhely, 1948. okt. 20. \u2020 Mv., 2021. szept. 15.: orvos, egyetemi adjunktus. \u2013 Benedek J\u00f3zsef \u00e9s Vilhelmina fia. Feles\u00e9ge: L\u00e1z\u00e1r Erzs\u00e9bet, orvos (1988). Gyermekeik: Istv\u00e1n (1973); Ter\u00e9z (1973); Orsolya (1989), M\u00e1ty\u00e1s (1995). \u2013 A MOGYE orvosi kar\u00e1n v\u00e9gzett (1973), u. o. tan\u00e1rseg\u00e9d (1979\u201398), egyetemi adjunktus (1998 \u2013), a 2. sz. belgy\u00f3gy\u00e1szati klinik\u00e1n (1979\u201398); hematol\u00f3gus szakorvos (1984\u2013), f\u0151orvos (1991\u2013). Az orvostud. doktora (1998), a mv.-i Hematol\u00f3giai Klinika oszt\u00e1lyvezet\u0151 f\u0151orvosa. \u2013 Kutat\u00e1si ter\u00fclete a malignus hemop\u00e1ti\u00e1k. Szaklapokban k\u00f6z\u00f6lt t\u00f6bb mint 80 tudom\u00e1nyos dolgozatot. Sportol\u00f3k\u00e9nt a rom\u00e1n \u00fasz\u00f3v\u00e1logatott (1870\u201373), orsz\u00e1gos bajnok (1970), a t\u00f6r\u00f6ko.-i Balk\u00e1ni Bajnoks\u00e1gon 4. helyez\u00e9st \u00e9rt el. A Gecse D\u00e1niel V\u00e1llakoz\u00f3k T\u00e1rsas\u00e1g aleln\u00f6ke, a Rom. \u00e9s a Magy. Hematol\u00f3giai T\u00e1rsas\u00e1g \u00e9s az EME tagja. A P\u00e1pai P\u00e1riz Ferenc-\u00e9letm\u0171d\u00edj is igazolja tev\u00e9kenys\u00e9g\u00e9t. \u2013 <strong>F. m.:<\/strong> Plasmocitom\u00e1k (1998). In. memoriam Prof. Dr. Benedek Istv\u00e1n, el\u0151ad\u00f3k Szil\u00e1gyi Enik\u0151, Sz\u00e9kely \u00c9va, Kily\u00e9n L\u00e1szl\u00f3 sz\u00ednm\u0171v\u00e9szek, Cs\u00edky Boldizs\u00e1r jr. zongora estje a Kult\u00farpalota nagyterm\u00e9ben (2021. szept. 17.). <br \/><strong>Irod.:<\/strong> D\u00edjazottaink; EMKK 2000; Kiss Cs. M 4.<\/br><\/p>\n","protected":false},"excerpt":{"rendered":"<p>Sz\u00e9kelyudvarhely, 1948. okt. 20. \u2020 Mv., 2021. szept. 15.: orvos, egyetemi adjunktus. \u2013 Benedek J\u00f3zsef \u00e9s Vilhelmina fia. Feles\u00e9ge: L\u00e1z\u00e1r Erzs\u00e9bet, orvos (1988). Gyermekeik: Istv\u00e1n (1973); Ter\u00e9z (1973); Orsolya (1989), M\u00e1ty\u00e1s (1995). \u2013 A MOGYE orvosi kar\u00e1n v\u00e9gzett (1973), u. o. tan\u00e1rseg\u00e9d (1979\u201398), egyetemi adjunktus (1998 \u2013), a 2. sz. belgy\u00f3gy\u00e1szati klinik\u00e1n (1979\u201398); hematol\u00f3gus szakorvos [&hellip;]<\/p>\n","protected":false},"featured_media":0,"comment_status":"open","ping_status":"closed","template":"","meta":[],"product_brand":[],"product_cat":[137],"product_tag":[],"class_list":{"0":"post-4343","1":"product","2":"type-product","3":"status-publish","5":"product_cat-maros-megyei-eletrajzi-lexikon","7":"first","8":"instock","9":"shipping-taxable","10":"product-type-simple"},"_links":{"self":[{"href":"https:\/\/uj.adatbank.ro\/lexikon\/wp-json\/wp\/v2\/product\/4343","targetHints":{"allow":["GET"]}}],"collection":[{"href":"https:\/\/uj.adatbank.ro\/lexikon\/wp-json\/wp\/v2\/product"}],"about":[{"href":"https:\/\/uj.adatbank.ro\/lexikon\/wp-json\/wp\/v2\/types\/product"}],"replies":[{"embeddable":true,"href":"https:\/\/uj.adatbank.ro\/lexikon\/wp-json\/wp\/v2\/comments?post=4343"}],"wp:attachment":[{"href":"https:\/\/uj.adatbank.ro\/lexikon\/wp-json\/wp\/v2\/media?parent=4343"}],"wp:term":[{"taxonomy":"product_brand","embeddable":true,"href":"https:\/\/uj.adatbank.ro\/lexikon\/wp-json\/wp\/v2\/product_brand?post=4343"},{"taxonomy":"product_cat","embeddable":true,"href":"https:\/\/uj.adatbank.ro\/lexikon\/wp-json\/wp\/v2\/product_cat?post=4343"},{"taxonomy":"product_tag","embeddable":true,"href":"https:\/\/uj.adatbank.ro\/lexikon\/wp-json\/wp\/v2\/product_tag?post=4343"}],"curies":[{"name":"wp","href":"https:\/\/api.w.org\/{rel}","templated":true}]}}

BENEDEK István

<p>Székelyudvarhely, 1948. okt. 20. † Mv., 2021. szept. 15.: orvos, egyetemi adjunktus. – Benedek József és Vilhelmina fia. Felesége: Lázár Erzsébet, orvos (1988). Gyermekeik: István (1973); Teréz (1973); Orsolya (1989), Mátyás (1995). – A MOGYE orvosi karán végzett (1973), u. o. tanársegéd (1979–98), egyetemi adjunktus (1998 –), a 2. sz. belgyógyászati klinikán (1979–98); hematológus szakorvos (1984–), főorvos (1991–). Az orvostud. doktora (1998), a mv.-i Hematológiai Klinika osztályvezető főorvosa. – Kutatási területe a malignus hemopátiák. Szaklapokban közölt több mint 80 tudományos dolgozatot. Sportolóként a román úszóválogatott (1870–73), országos bajnok (1970), a töröko.-i Balkáni Bajnokságon 4. helyezést ért el. A Gecse Dániel Vállakozók Társaság alelnöke, a Rom. és a Magy. Hematológiai Társaság és az EME tagja. A Pápai Páriz Ferenc-életműdíj is igazolja tevékenységét. – <strong>F. m.:</strong> Plasmocitomák (1998). In. memoriam Prof. Dr. Benedek István, előadók Szilágyi Enikő, Székely Éva, Kilyén László színművészek, Csíky Boldizsár jr. zongora estje a Kultúrpalota nagytermében (2021. szept. 17.). <br /><strong>Irod.:</strong> Díjazottaink; EMKK 2000; Kiss Cs. M 4.</br></p>

<p>Székelyudvarhely, 1948. okt. 20. † Mv., 2021. szept. 15.: orvos, egyetemi adjunktus. – Benedek József és Vilhelmina fia. Felesége: Lázár Erzsébet, orvos (1988). Gyermekeik: István (1973); Teréz (1973); Orsolya (1989), Mátyás (1995). – A MOGYE orvosi karán végzett (1973), u. o. tanársegéd (1979–98), egyetemi adjunktus (1998 –), a 2. sz. belgyógyászati klinikán (1979–98); hematológus szakorvos [&hellip;]</p>
