{"id":4349,"date":"2025-06-28T16:38:37","date_gmt":"2025-06-28T14:38:37","guid":{"rendered":"https:\/\/uj.adatbank.ro\/lexikon\/termek\/benedek-levente\/"},"modified":"2025-06-28T16:38:37","modified_gmt":"2025-06-28T14:38:37","slug":"benedek-levente","status":"publish","type":"product","link":"https:\/\/uj.adatbank.ro\/lexikon\/termek\/benedek-levente\/","title":{"rendered":"BENEDEK Levente"},"content":{"rendered":"<p>? \u2020\u00a0? : edz\u0151, b\u00edrkoz\u00f3. \u2013 Az arra \u00e9rdemes birkoz\u00f3 edz\u0151k egyike, akik tisztelet\u00e9re \u00e9vente az edz\u0151k eml\u00e9kverseny\u00e9t rendezi meg a mv.-i Muresul SK a megyei sport- \u00e9s ifj\u00fas\u00e1gi igazgat\u00f3s\u00e1ggal k\u00f6z\u00f6sen. A verseny Gy\u00f6rgy Istv\u00e1n Eml\u00e9kversenyk\u00e9nt indult (1993), azonban t\u00f6bb kor\u00e1bbi neves szakembert elvesz\u00edtett m\u00e9g a sport\u00e1g: Gy\u00f6rgy Istv\u00e1n, Bak\u00f3 Gy\u00f6rgy, Simon L\u00e1szl\u00f3, Ioanovici Tibor, K\u00f3sa \u00c1rp\u00e1d \u00e9s \u015etef\u0103nescu Voicu. <br \/><strong>Irod.:<\/strong> Sz\u00e9kelyhon. ro; V\u00e1s\u00e1rhely. ro; V\u00e1s\u00e1rhelyi H\u00edrlap (1912. okt. 19.)<\/br><\/p>\n","protected":false},"excerpt":{"rendered":"<p>? \u2020\u00a0? : edz\u0151, b\u00edrkoz\u00f3. \u2013 Az arra \u00e9rdemes birkoz\u00f3 edz\u0151k egyike, akik tisztelet\u00e9re \u00e9vente az edz\u0151k eml\u00e9kverseny\u00e9t rendezi meg a mv.-i Muresul SK a megyei sport- \u00e9s ifj\u00fas\u00e1gi igazgat\u00f3s\u00e1ggal k\u00f6z\u00f6sen. A verseny Gy\u00f6rgy Istv\u00e1n Eml\u00e9kversenyk\u00e9nt indult (1993), azonban t\u00f6bb kor\u00e1bbi neves szakembert elvesz\u00edtett m\u00e9g a sport\u00e1g: Gy\u00f6rgy Istv\u00e1n, Bak\u00f3 Gy\u00f6rgy, Simon L\u00e1szl\u00f3, Ioanovici Tibor, [&hellip;]<\/p>\n","protected":false},"featured_media":0,"comment_status":"open","ping_status":"closed","template":"","meta":[],"product_brand":[],"product_cat":[137],"product_tag":[],"class_list":{"0":"post-4349","1":"product","2":"type-product","3":"status-publish","5":"product_cat-maros-megyei-eletrajzi-lexikon","7":"first","8":"instock","9":"shipping-taxable","10":"product-type-simple"},"_links":{"self":[{"href":"https:\/\/uj.adatbank.ro\/lexikon\/wp-json\/wp\/v2\/product\/4349","targetHints":{"allow":["GET"]}}],"collection":[{"href":"https:\/\/uj.adatbank.ro\/lexikon\/wp-json\/wp\/v2\/product"}],"about":[{"href":"https:\/\/uj.adatbank.ro\/lexikon\/wp-json\/wp\/v2\/types\/product"}],"replies":[{"embeddable":true,"href":"https:\/\/uj.adatbank.ro\/lexikon\/wp-json\/wp\/v2\/comments?post=4349"}],"wp:attachment":[{"href":"https:\/\/uj.adatbank.ro\/lexikon\/wp-json\/wp\/v2\/media?parent=4349"}],"wp:term":[{"taxonomy":"product_brand","embeddable":true,"href":"https:\/\/uj.adatbank.ro\/lexikon\/wp-json\/wp\/v2\/product_brand?post=4349"},{"taxonomy":"product_cat","embeddable":true,"href":"https:\/\/uj.adatbank.ro\/lexikon\/wp-json\/wp\/v2\/product_cat?post=4349"},{"taxonomy":"product_tag","embeddable":true,"href":"https:\/\/uj.adatbank.ro\/lexikon\/wp-json\/wp\/v2\/product_tag?post=4349"}],"curies":[{"name":"wp","href":"https:\/\/api.w.org\/{rel}","templated":true}]}}

<p>? † ? : edző, bírkozó. – Az arra érdemes birkozó edzők egyike, akik tiszteletére évente az edzők emlékversenyét rendezi meg a mv.-i Muresul SK a megyei sport- és ifjúsági igazgatósággal közösen. A verseny György István Emlékversenyként indult (1993), azonban több korábbi neves szakembert elveszített még a sportág: György István, Bakó György, Simon László, Ioanovici Tibor, Kósa Árpád és Ştefănescu Voicu. <br /><strong>Irod.:</strong> Székelyhon. ro; Vásárhely. ro; Vásárhelyi Hírlap (1912. okt. 19.)</br></p>

<p>? † ? : edző, bírkozó. – Az arra érdemes birkozó edzők egyike, akik tiszteletére évente az edzők emlékversenyét rendezi meg a mv.-i Muresul SK a megyei sport- és ifjúsági igazgatósággal közösen. A verseny György István Emlékversenyként indult (1993), azonban több korábbi neves szakembert elveszített még a sportág: György István, Bakó György, Simon László, Ioanovici Tibor, [&hellip;]</p>
