{"id":4351,"date":"2025-06-28T16:38:39","date_gmt":"2025-06-28T14:38:39","guid":{"rendered":"https:\/\/uj.adatbank.ro\/lexikon\/termek\/benedek-mihaly-kisbaconi\/"},"modified":"2025-06-28T16:38:39","modified_gmt":"2025-06-28T14:38:39","slug":"benedek-mihaly-kisbaconi","status":"publish","type":"product","link":"https:\/\/uj.adatbank.ro\/lexikon\/termek\/benedek-mihaly-kisbaconi\/","title":{"rendered":"BENEDEK Mih\u00e1ly, kisbaconi"},"content":{"rendered":"<p>Brass\u00f3, 1859. nov. 28., \u2020 ? : tan\u00edt\u00f3, iskolaigazgat\u00f3. \u2013 A gimn.-ot Nagyenyeden, a tan\u00edt\u00f3k\u00e9pz\u0151t Sz\u00e9kelykereszt\u00faron v\u00e9gezte (1879). Tan\u00edtott Alam\u00f3ron, Segesv\u00e1ron (1884\u2013), ahol iskolaigazgat\u00f3 is (1891\u2013), a Nagyk\u00fck\u00fcll\u0151v\u00e1rmegyei \u00c1lt. Tan\u00edt\u00f3egyes\u00fcletnek eln\u00f6ke (1892\u2013), Segesv\u00e1ron az \u00c1llami \u00d3v\u00f3d\u00e1nak (1894\u2013), az \u00c1llami Iparostanonc -iskol\u00e1nak (1895\u2013), az \u00c1llami Gyermekmenhelynek (1896\u2013) igazgat\u00f3ja. Negyedsz\u00e1zados tan\u00edt\u00f3i jubileuma alkalm\u00e1b\u00f3 N\u00e9ptan\u00edt\u00f3i jutalmat kapott az EMKE-t\u0151l (1904). Szerkesztette Kozma L\u00e1szl\u00f3val Az \u00c1ll. Tan\u00edt\u00f3k Orsz. Egyes. \u00c9rtes\u00edt\u0151je 1\/2 \u00e9vf.-\u00e1t (Munk\u00e1cs, 1897). <br \/><strong>Irod.:<\/strong> Guly\u00e1s; Rava; S\u00e1ndor<\/br><\/p>\n","protected":false},"excerpt":{"rendered":"<p>Brass\u00f3, 1859. nov. 28., \u2020 ? : tan\u00edt\u00f3, iskolaigazgat\u00f3. \u2013 A gimn.-ot Nagyenyeden, a tan\u00edt\u00f3k\u00e9pz\u0151t Sz\u00e9kelykereszt\u00faron v\u00e9gezte (1879). Tan\u00edtott Alam\u00f3ron, Segesv\u00e1ron (1884\u2013), ahol iskolaigazgat\u00f3 is (1891\u2013), a Nagyk\u00fck\u00fcll\u0151v\u00e1rmegyei \u00c1lt. Tan\u00edt\u00f3egyes\u00fcletnek eln\u00f6ke (1892\u2013), Segesv\u00e1ron az \u00c1llami \u00d3v\u00f3d\u00e1nak (1894\u2013), az \u00c1llami Iparostanonc -iskol\u00e1nak (1895\u2013), az \u00c1llami Gyermekmenhelynek (1896\u2013) igazgat\u00f3ja. Negyedsz\u00e1zados tan\u00edt\u00f3i jubileuma alkalm\u00e1b\u00f3 N\u00e9ptan\u00edt\u00f3i jutalmat kapott az [&hellip;]<\/p>\n","protected":false},"featured_media":0,"comment_status":"open","ping_status":"closed","template":"","meta":[],"product_brand":[],"product_cat":[137],"product_tag":[],"class_list":{"0":"post-4351","1":"product","2":"type-product","3":"status-publish","5":"product_cat-maros-megyei-eletrajzi-lexikon","7":"first","8":"instock","9":"shipping-taxable","10":"product-type-simple"},"_links":{"self":[{"href":"https:\/\/uj.adatbank.ro\/lexikon\/wp-json\/wp\/v2\/product\/4351","targetHints":{"allow":["GET"]}}],"collection":[{"href":"https:\/\/uj.adatbank.ro\/lexikon\/wp-json\/wp\/v2\/product"}],"about":[{"href":"https:\/\/uj.adatbank.ro\/lexikon\/wp-json\/wp\/v2\/types\/product"}],"replies":[{"embeddable":true,"href":"https:\/\/uj.adatbank.ro\/lexikon\/wp-json\/wp\/v2\/comments?post=4351"}],"wp:attachment":[{"href":"https:\/\/uj.adatbank.ro\/lexikon\/wp-json\/wp\/v2\/media?parent=4351"}],"wp:term":[{"taxonomy":"product_brand","embeddable":true,"href":"https:\/\/uj.adatbank.ro\/lexikon\/wp-json\/wp\/v2\/product_brand?post=4351"},{"taxonomy":"product_cat","embeddable":true,"href":"https:\/\/uj.adatbank.ro\/lexikon\/wp-json\/wp\/v2\/product_cat?post=4351"},{"taxonomy":"product_tag","embeddable":true,"href":"https:\/\/uj.adatbank.ro\/lexikon\/wp-json\/wp\/v2\/product_tag?post=4351"}],"curies":[{"name":"wp","href":"https:\/\/api.w.org\/{rel}","templated":true}]}}

BENEDEK Mihály, kisbaconi

<p>Brassó, 1859. nov. 28., † ? : tanító, iskolaigazgató. – A gimn.-ot Nagyenyeden, a tanítóképzőt Székelykeresztúron végezte (1879). Tanított Alamóron, Segesváron (1884–), ahol iskolaigazgató is (1891–), a Nagyküküllővármegyei Ált. Tanítóegyesületnek elnöke (1892–), Segesváron az Állami Óvódának (1894–), az Állami Iparostanonc -iskolának (1895–), az Állami Gyermekmenhelynek (1896–) igazgatója. Negyedszázados tanítói jubileuma alkalmábó Néptanítói jutalmat kapott az EMKE-től (1904). Szerkesztette Kozma Lászlóval Az Áll. Tanítók Orsz. Egyes. Értesítője 1/2 évf.-át (Munkács, 1897). <br /><strong>Irod.:</strong> Gulyás; Rava; Sándor</br></p>

<p>Brassó, 1859. nov. 28., † ? : tanító, iskolaigazgató. – A gimn.-ot Nagyenyeden, a tanítóképzőt Székelykeresztúron végezte (1879). Tanított Alamóron, Segesváron (1884–), ahol iskolaigazgató is (1891–), a Nagyküküllővármegyei Ált. Tanítóegyesületnek elnöke (1892–), Segesváron az Állami Óvódának (1894–), az Állami Iparostanonc -iskolának (1895–), az Állami Gyermekmenhelynek (1896–) igazgatója. Negyedszázados tanítói jubileuma alkalmábó Néptanítói jutalmat kapott az [&hellip;]</p>
