{"id":4359,"date":"2025-06-28T16:38:57","date_gmt":"2025-06-28T14:38:57","guid":{"rendered":"https:\/\/uj.adatbank.ro\/lexikon\/termek\/benedek-magister-2\/"},"modified":"2025-06-28T16:38:57","modified_gmt":"2025-06-28T14:38:57","slug":"benedek-magister-2","status":"publish","type":"product","link":"https:\/\/uj.adatbank.ro\/lexikon\/termek\/benedek-magister-2\/","title":{"rendered":"BENEDEK, magister"},"content":{"rendered":"<p>? \u2020\u00a0? : r. k. pap. \u2013 \u00d3zdi f\u0151esperes (1308). Kv.-i pl\u00e9b\u00e1nos (1313\u20131326), az erd\u00e9lyi k\u00e1ptalan tagja. R\u00e9szt vett Benedek erd\u00e9lyi p\u00fcsp\u00f6kk\u00e9 v\u00e1laszt\u00e1s\u00e1n (1309. j\u00fal. 24.). Fra Gentile b\u00edborosn\u00e1l k\u00f6zbenj\u00e1rt a p\u00fcsp\u00f6kk\u00e9 v\u00e1lasztott benedeknek a Szentsz\u00e9k \u00e1ltali elismer\u00e9se \u00e9rdek\u00e9ben. Apja megkoron\u00e1ztatta (1214), megb\u00edzta Szlav\u00f3nia \u00e9s Erd\u00e9ly korm\u00e1nyz\u00e1s\u00e1val. Murza Beszter tat\u00e1r vez\u00e9r a magyarokhoz \u00e1llt, \u00e9rdemei\u00e9rt a m. kir. megaj\u00e1nd\u00e9kozta Harangl\u00e1b \u00e9s m\u00e9g 17 faluval. A tat\u00e1r vez\u00e9r a lak\u00e1s\u00e1ul v\u00e1lasztotta Harangl\u00e1bot \u00e9s ben\u00e9pes\u00edtette a tat\u00e1rok \u00e1ltal elpuszt\u00edtott B\u00fckk\u00f6s \u00e9s K\u00e1polna helys\u00e9gekb\u0151l. <br \/><strong>Irod.:<\/strong> Ferenczi S\u00e1ndor 2012; Pesty 2014<\/br><\/p>\n","protected":false},"excerpt":{"rendered":"<p>? \u2020\u00a0? : r. k. pap. \u2013 \u00d3zdi f\u0151esperes (1308). Kv.-i pl\u00e9b\u00e1nos (1313\u20131326), az erd\u00e9lyi k\u00e1ptalan tagja. R\u00e9szt vett Benedek erd\u00e9lyi p\u00fcsp\u00f6kk\u00e9 v\u00e1laszt\u00e1s\u00e1n (1309. j\u00fal. 24.). Fra Gentile b\u00edborosn\u00e1l k\u00f6zbenj\u00e1rt a p\u00fcsp\u00f6kk\u00e9 v\u00e1lasztott benedeknek a Szentsz\u00e9k \u00e1ltali elismer\u00e9se \u00e9rdek\u00e9ben. Apja megkoron\u00e1ztatta (1214), megb\u00edzta Szlav\u00f3nia \u00e9s Erd\u00e9ly korm\u00e1nyz\u00e1s\u00e1val. Murza Beszter tat\u00e1r vez\u00e9r a magyarokhoz \u00e1llt, \u00e9rdemei\u00e9rt [&hellip;]<\/p>\n","protected":false},"featured_media":0,"comment_status":"open","ping_status":"closed","template":"","meta":[],"product_brand":[],"product_cat":[137],"product_tag":[],"class_list":{"0":"post-4359","1":"product","2":"type-product","3":"status-publish","5":"product_cat-maros-megyei-eletrajzi-lexikon","7":"first","8":"instock","9":"shipping-taxable","10":"product-type-simple"},"_links":{"self":[{"href":"https:\/\/uj.adatbank.ro\/lexikon\/wp-json\/wp\/v2\/product\/4359","targetHints":{"allow":["GET"]}}],"collection":[{"href":"https:\/\/uj.adatbank.ro\/lexikon\/wp-json\/wp\/v2\/product"}],"about":[{"href":"https:\/\/uj.adatbank.ro\/lexikon\/wp-json\/wp\/v2\/types\/product"}],"replies":[{"embeddable":true,"href":"https:\/\/uj.adatbank.ro\/lexikon\/wp-json\/wp\/v2\/comments?post=4359"}],"wp:attachment":[{"href":"https:\/\/uj.adatbank.ro\/lexikon\/wp-json\/wp\/v2\/media?parent=4359"}],"wp:term":[{"taxonomy":"product_brand","embeddable":true,"href":"https:\/\/uj.adatbank.ro\/lexikon\/wp-json\/wp\/v2\/product_brand?post=4359"},{"taxonomy":"product_cat","embeddable":true,"href":"https:\/\/uj.adatbank.ro\/lexikon\/wp-json\/wp\/v2\/product_cat?post=4359"},{"taxonomy":"product_tag","embeddable":true,"href":"https:\/\/uj.adatbank.ro\/lexikon\/wp-json\/wp\/v2\/product_tag?post=4359"}],"curies":[{"name":"wp","href":"https:\/\/api.w.org\/{rel}","templated":true}]}}

<p>? † ? : r. k. pap. – Ózdi főesperes (1308). Kv.-i plébános (1313–1326), az erdélyi káptalan tagja. Részt vett Benedek erdélyi püspökké választásán (1309. júl. 24.). Fra Gentile bíborosnál közbenjárt a püspökké választott benedeknek a Szentszék általi elismerése érdekében. Apja megkoronáztatta (1214), megbízta Szlavónia és Erdély kormányzásával. Murza Beszter tatár vezér a magyarokhoz állt, érdemeiért a m. kir. megajándékozta Harangláb és még 17 faluval. A tatár vezér a lakásául választotta Haranglábot és benépesítette a tatárok által elpusztított Bükkös és Kápolna helységekből. <br /><strong>Irod.:</strong> Ferenczi Sándor 2012; Pesty 2014</br></p>

<p>? † ? : r. k. pap. – Ózdi főesperes (1308). Kv.-i plébános (1313–1326), az erdélyi káptalan tagja. Részt vett Benedek erdélyi püspökké választásán (1309. júl. 24.). Fra Gentile bíborosnál közbenjárt a püspökké választott benedeknek a Szentszék általi elismerése érdekében. Apja megkoronáztatta (1214), megbízta Szlavónia és Erdély kormányzásával. Murza Beszter tatár vezér a magyarokhoz állt, érdemeiért [&hellip;]</p>
