{"id":4365,"date":"2025-06-28T16:39:07","date_gmt":"2025-06-28T14:39:07","guid":{"rendered":"https:\/\/uj.adatbank.ro\/lexikon\/termek\/beney-antal-benei-antal\/"},"modified":"2025-06-28T16:39:07","modified_gmt":"2025-06-28T14:39:07","slug":"beney-antal-benei-antal","status":"publish","type":"product","link":"https:\/\/uj.adatbank.ro\/lexikon\/termek\/beney-antal-benei-antal\/","title":{"rendered":"BENEY Antal, Benei Antal"},"content":{"rendered":"<p>? \u2020\u00a0Brass\u00f3, 1919. m\u00e1j. 18. Mv-en temett\u00e9k: igazgat\u00f3-tan\u00edt\u00f3. \u2013 Testv\u00e9rei: P\u00e9ter, feles\u00e9ge Kov\u00e1cs Erzs\u00e9bet; J\u00f3zsef; Mariska, Po\u00f3r Vinc\u00e9n\u00e9. Feles\u00e9ge: Naprawszky Gizella. \u2013 Mv.-en \u00e1llami igazgat\u00f3-tan\u00edt\u00f3, az \u00e1llami elemi iskol\u00e1k helyi gondnoks\u00e1g\u00e1nak jegyz\u0151je, a patronage egylet p\u00e1rtfog\u00f3ja, a Stef\u00e1nia \u00f3voda v\u00e1lasztott tagja \u00e9s p\u00e9nzt\u00e1rnoka, az \u00e1llami tisztvisel\u0151k orsz\u00e1gos egyes\u00fclet\u00e9nek titk\u00e1ra. A mv.-i v\u00e1rosi \u00e9s megyei Nemzeti Tan\u00e1cs tagja (1918). Mv-en fogadta a Piave mell\u0151l hazat\u00e9r\u0151 9. husz\u00e1rezredet (1918. nov. 23.). <br \/><strong>Irod.:<\/strong> Gy\u00e1szjelent\u0151; Koszta BOTOS J\u00falia, \u00a7 *Ludas-Gezse, 1923. nov. 14. \u2020 lehet, h. m\u00e9g \u00e9l ? : tan\u00e1r. \u2013 Elemi iskol\u00e1t Ludason, l\u00edc.-ot Mv.-en v\u00e9gzett (1939\u201342). Kv.-on tan\u00edt\u00f3i okl.-t szerzett (1943). Borg\u00f3beszterc\u00e9n, Mv.-en, B\u00e1ndon, Mez\u0151madarason, Ny\u00e1r\u00e1dszered\u00e1ban tan\u00edtott (1943\u201355). Marosszentgy\u00f6rgyre helyezt\u00e9k az Elemi Iskol\u00e1ba, ahol r\u00f6videsen igazgat\u00f3 lett (1955- a m. tagozaton, majd mindk\u00e9t tagozaton 1958\u2013). Kv.-on a BBTE rom\u00e1nszakos tan\u00e1ri okl.-t szerzett (1959). R\u00e9szt vett az iskola ter\u00fcleti n\u00f6vel\u00e9s\u00e9ben, a k\u00f6zs\u00e9gi k\u00f6nyvt\u00e1r b\u0151v\u00edt\u00e9s\u00e9ben \u00e9s a kult\u00fartev\u00e9kenys\u00e9gben. \u00c1thelyez\u00e9ssel Mv.-re a 10-es sz \u00c1lt. Isk.-ba ker\u00fclt (1966. szept. 1. \u2013), majd nyugd\u00edjba vonult (1979. szept. 1. \u2013). <br \/><strong>Irod.:<\/strong> S\u00e2ngeorgiu de Mure\u015f<\/br><\/p>\n","protected":false},"excerpt":{"rendered":"<p>? \u2020\u00a0Brass\u00f3, 1919. m\u00e1j. 18. Mv-en temett\u00e9k: igazgat\u00f3-tan\u00edt\u00f3. \u2013 Testv\u00e9rei: P\u00e9ter, feles\u00e9ge Kov\u00e1cs Erzs\u00e9bet; J\u00f3zsef; Mariska, Po\u00f3r Vinc\u00e9n\u00e9. Feles\u00e9ge: Naprawszky Gizella. \u2013 Mv.-en \u00e1llami igazgat\u00f3-tan\u00edt\u00f3, az \u00e1llami elemi iskol\u00e1k helyi gondnoks\u00e1g\u00e1nak jegyz\u0151je, a patronage egylet p\u00e1rtfog\u00f3ja, a Stef\u00e1nia \u00f3voda v\u00e1lasztott tagja \u00e9s p\u00e9nzt\u00e1rnoka, az \u00e1llami tisztvisel\u0151k orsz\u00e1gos egyes\u00fclet\u00e9nek titk\u00e1ra. A mv.-i v\u00e1rosi \u00e9s megyei Nemzeti [&hellip;]<\/p>\n","protected":false},"featured_media":0,"comment_status":"open","ping_status":"closed","template":"","meta":[],"product_brand":[],"product_cat":[137],"product_tag":[],"class_list":{"0":"post-4365","1":"product","2":"type-product","3":"status-publish","5":"product_cat-maros-megyei-eletrajzi-lexikon","7":"first","8":"instock","9":"shipping-taxable","10":"product-type-simple"},"_links":{"self":[{"href":"https:\/\/uj.adatbank.ro\/lexikon\/wp-json\/wp\/v2\/product\/4365","targetHints":{"allow":["GET"]}}],"collection":[{"href":"https:\/\/uj.adatbank.ro\/lexikon\/wp-json\/wp\/v2\/product"}],"about":[{"href":"https:\/\/uj.adatbank.ro\/lexikon\/wp-json\/wp\/v2\/types\/product"}],"replies":[{"embeddable":true,"href":"https:\/\/uj.adatbank.ro\/lexikon\/wp-json\/wp\/v2\/comments?post=4365"}],"wp:attachment":[{"href":"https:\/\/uj.adatbank.ro\/lexikon\/wp-json\/wp\/v2\/media?parent=4365"}],"wp:term":[{"taxonomy":"product_brand","embeddable":true,"href":"https:\/\/uj.adatbank.ro\/lexikon\/wp-json\/wp\/v2\/product_brand?post=4365"},{"taxonomy":"product_cat","embeddable":true,"href":"https:\/\/uj.adatbank.ro\/lexikon\/wp-json\/wp\/v2\/product_cat?post=4365"},{"taxonomy":"product_tag","embeddable":true,"href":"https:\/\/uj.adatbank.ro\/lexikon\/wp-json\/wp\/v2\/product_tag?post=4365"}],"curies":[{"name":"wp","href":"https:\/\/api.w.org\/{rel}","templated":true}]}}

<p>? † Brassó, 1919. máj. 18. Mv-en temették: igazgató-tanító. – Testvérei: Péter, felesége Kovács Erzsébet; József; Mariska, Poór Vincéné. Felesége: Naprawszky Gizella. – Mv.-en állami igazgató-tanító, az állami elemi iskolák helyi gondnokságának jegyzője, a patronage egylet pártfogója, a Stefánia óvoda választott tagja és pénztárnoka, az állami tisztviselők országos egyesületének titkára. A mv.-i városi és megyei Nemzeti Tanács tagja (1918). Mv-en fogadta a Piave mellől hazatérő 9. huszárezredet (1918. nov. 23.). <br /><strong>Irod.:</strong> Gyászjelentő; Koszta BOTOS Júlia, § *Ludas-Gezse, 1923. nov. 14. † lehet, h. még él ? : tanár. – Elemi iskolát Ludason, líc.-ot Mv.-en végzett (1939–42). Kv.-on tanítói okl.-t szerzett (1943). Borgóbesztercén, Mv.-en, Bándon, Mezőmadarason, Nyárádszeredában tanított (1943–55). Marosszentgyörgyre helyezték az Elemi Iskolába, ahol rövidesen igazgató lett (1955- a m. tagozaton, majd mindkét tagozaton 1958–). Kv.-on a BBTE románszakos tanári okl.-t szerzett (1959). Részt vett az iskola területi növelésében, a községi könyvtár bővítésében és a kultúrtevékenységben. Áthelyezéssel Mv.-re a 10-es sz Ált. Isk.-ba került (1966. szept. 1. –), majd nyugdíjba vonult (1979. szept. 1. –). <br /><strong>Irod.:</strong> Sângeorgiu de Mureş</br></p>

<p>? † Brassó, 1919. máj. 18. Mv-en temették: igazgató-tanító. – Testvérei: Péter, felesége Kovács Erzsébet; József; Mariska, Poór Vincéné. Felesége: Naprawszky Gizella. – Mv.-en állami igazgató-tanító, az állami elemi iskolák helyi gondnokságának jegyzője, a patronage egylet pártfogója, a Stefánia óvoda választott tagja és pénztárnoka, az állami tisztviselők országos egyesületének titkára. A mv.-i városi és megyei Nemzeti [&hellip;]</p>
