{"id":4366,"date":"2025-06-28T16:39:09","date_gmt":"2025-06-28T14:39:09","guid":{"rendered":"https:\/\/uj.adatbank.ro\/lexikon\/termek\/beniamin-vasile-todor\/"},"modified":"2025-06-28T16:39:09","modified_gmt":"2025-06-28T14:39:09","slug":"beniamin-vasile-todor","status":"publish","type":"product","link":"https:\/\/uj.adatbank.ro\/lexikon\/termek\/beniamin-vasile-todor\/","title":{"rendered":"BENIAMIN Vasile Todor"},"content":{"rendered":"<p>Marosszentanna, 1794.? \u2020 ? : g\u00f6r. kat. lelk\u00e9sz. \u2013 K\u00f6z\u00e9piskol\u00e1t Mv.-en, teol\u00f3gi\u00e1t Bal\u00e1zsfalv\u00e1n v\u00e9gzett. Tanulm\u00e1nyai befejezt\u00e9vel Gyulafeh\u00e9rv\u00e1rra k\u00fcldt\u00e9k dolgozni, majd Bal\u00e1zsfav\u00e1n tan\u00e1r (1821\u201325); g\u00f6r. kat. hitt\u00e9r\u00edt\u0151 Buk.-ben (1829-ig), ism\u00e9t Bal\u00e1zsfav\u00e1n tan\u00edtott, el\u00e9gedetlen az ottani viszonyokkal, a fejedelems\u00e9gbe menek\u00fclt, majd tan\u00edtott a R\u00e2mnicu-V\u00e2lcea-i teol\u00f3gi\u00e1n (1835\u2013), val\u00f3sz\u00edn\u0171leg hal\u00e1l\u00e1ig. <br \/><strong>Irod.:<\/strong> Com\u015fa; Com\u015fa\u2013Seiceanu; Todea 2013<\/br><\/p>\n","protected":false},"excerpt":{"rendered":"<p>Marosszentanna, 1794.? \u2020 ? : g\u00f6r. kat. lelk\u00e9sz. \u2013 K\u00f6z\u00e9piskol\u00e1t Mv.-en, teol\u00f3gi\u00e1t Bal\u00e1zsfalv\u00e1n v\u00e9gzett. Tanulm\u00e1nyai befejezt\u00e9vel Gyulafeh\u00e9rv\u00e1rra k\u00fcldt\u00e9k dolgozni, majd Bal\u00e1zsfav\u00e1n tan\u00e1r (1821\u201325); g\u00f6r. kat. hitt\u00e9r\u00edt\u0151 Buk.-ben (1829-ig), ism\u00e9t Bal\u00e1zsfav\u00e1n tan\u00edtott, el\u00e9gedetlen az ottani viszonyokkal, a fejedelems\u00e9gbe menek\u00fclt, majd tan\u00edtott a R\u00e2mnicu-V\u00e2lcea-i teol\u00f3gi\u00e1n (1835\u2013), val\u00f3sz\u00edn\u0171leg hal\u00e1l\u00e1ig. Irod.: Com\u015fa; Com\u015fa\u2013Seiceanu; Todea 2013<\/p>\n","protected":false},"featured_media":0,"comment_status":"open","ping_status":"closed","template":"","meta":[],"product_brand":[],"product_cat":[137],"product_tag":[],"class_list":{"0":"post-4366","1":"product","2":"type-product","3":"status-publish","5":"product_cat-maros-megyei-eletrajzi-lexikon","7":"first","8":"instock","9":"shipping-taxable","10":"product-type-simple"},"_links":{"self":[{"href":"https:\/\/uj.adatbank.ro\/lexikon\/wp-json\/wp\/v2\/product\/4366","targetHints":{"allow":["GET"]}}],"collection":[{"href":"https:\/\/uj.adatbank.ro\/lexikon\/wp-json\/wp\/v2\/product"}],"about":[{"href":"https:\/\/uj.adatbank.ro\/lexikon\/wp-json\/wp\/v2\/types\/product"}],"replies":[{"embeddable":true,"href":"https:\/\/uj.adatbank.ro\/lexikon\/wp-json\/wp\/v2\/comments?post=4366"}],"wp:attachment":[{"href":"https:\/\/uj.adatbank.ro\/lexikon\/wp-json\/wp\/v2\/media?parent=4366"}],"wp:term":[{"taxonomy":"product_brand","embeddable":true,"href":"https:\/\/uj.adatbank.ro\/lexikon\/wp-json\/wp\/v2\/product_brand?post=4366"},{"taxonomy":"product_cat","embeddable":true,"href":"https:\/\/uj.adatbank.ro\/lexikon\/wp-json\/wp\/v2\/product_cat?post=4366"},{"taxonomy":"product_tag","embeddable":true,"href":"https:\/\/uj.adatbank.ro\/lexikon\/wp-json\/wp\/v2\/product_tag?post=4366"}],"curies":[{"name":"wp","href":"https:\/\/api.w.org\/{rel}","templated":true}]}}

<p>Marosszentanna, 1794.? † ? : gör. kat. lelkész. – Középiskolát Mv.-en, teológiát Balázsfalván végzett. Tanulmányai befejeztével Gyulafehérvárra küldték dolgozni, majd Balázsfaván tanár (1821–25); gör. kat. hittérítő Buk.-ben (1829-ig), ismét Balázsfaván tanított, elégedetlen az ottani viszonyokkal, a fejedelemségbe menekült, majd tanított a Râmnicu-Vâlcea-i teológián (1835–), valószínűleg haláláig. <br /><strong>Irod.:</strong> Comşa; Comşa–Seiceanu; Todea 2013</br></p>

<p>Marosszentanna, 1794.? † ? : gör. kat. lelkész. – Középiskolát Mv.-en, teológiát Balázsfalván végzett. Tanulmányai befejeztével Gyulafehérvárra küldték dolgozni, majd Balázsfaván tanár (1821–25); gör. kat. hittérítő Buk.-ben (1829-ig), ismét Balázsfaván tanított, elégedetlen az ottani viszonyokkal, a fejedelemségbe menekült, majd tanított a Râmnicu-Vâlcea-i teológián (1835–), valószínűleg haláláig. Irod.: Comşa; Comşa–Seiceanu; Todea 2013</p>
