{"id":4369,"date":"2025-06-28T16:39:14","date_gmt":"2025-06-28T14:39:14","guid":{"rendered":"https:\/\/uj.adatbank.ro\/lexikon\/termek\/benke-jozsef\/"},"modified":"2025-06-28T16:39:14","modified_gmt":"2025-06-28T14:39:14","slug":"benke-jozsef","status":"publish","type":"product","link":"https:\/\/uj.adatbank.ro\/lexikon\/termek\/benke-jozsef\/","title":{"rendered":"BENKE J\u00f3zsef"},"content":{"rendered":"<p>1891, \u2020 Mv., 1952. jan. 1.: \u00e9p\u00edt\u00e9sz, \u00e1cs, szakszervezeti vezet\u0151. \u2013 \u00c1cs mesters\u00e9get tanult \u00e9s az \u00e9p\u00edt\u0151iparban dolgozott. A mv.-i \u00e9p\u00edt\u0151ipari munk\u00e1sok szakszervezet\u00e9nek aleln\u00f6ke, a munk\u00e1s-szakszervezetek \u00faj vezet\u0151s\u00e9g\u00e9nek aleln\u00f6ke, eln\u00f6ke So\u00f3s J\u00f3zsef \u00e9s titk\u00e1ra Sim\u00f3 G\u00e9za (1926. okt. 23. \u2013), majd eln\u00f6ke. R\u00e9szt vett a v\u00e1ros \u00fajj\u00e1\u00e9p\u00edt\u00e9s\u00e9ben (1945 ut\u00e1n), a \u201ePro Grecia\u201d Bizotts\u00e1g titk\u00e1rak\u00e9nt, a 380 megy\u00e9nkbe helyezett g\u00f6r\u00f6g gyermek helyzet\u00e9\u00e9rt felelt. \u00d6nk\u00e9ntes aktivista a n\u00e9pv\u00e9delmi szervezetn\u00e9l (1944\u201347). A munk\u00e1s dal\u00e1rda d\u00edszeln\u00f6ke. <br \/><strong>Irod.:<\/strong> B. J. (N\u00e9p\u00fajs\u00e1g, 1950. nov. 20.); B. J. [Nekrol\u00f3g] (El\u0151re, Mv., 1952. jan. 3.); Fodor S\u00e1ndor (S): Constantin Br\u00e2ncu\u015fi \u00c9p\u00edt\u00e9szeti Iskolak\u00f6zpont (K\u00f6zpont, 9. sz., 2010. m\u00e1rc. 3\u20139.); Id\u0151t\u00e1r 3<\/br><\/p>\n","protected":false},"excerpt":{"rendered":"<p>1891, \u2020 Mv., 1952. jan. 1.: \u00e9p\u00edt\u00e9sz, \u00e1cs, szakszervezeti vezet\u0151. \u2013 \u00c1cs mesters\u00e9get tanult \u00e9s az \u00e9p\u00edt\u0151iparban dolgozott. A mv.-i \u00e9p\u00edt\u0151ipari munk\u00e1sok szakszervezet\u00e9nek aleln\u00f6ke, a munk\u00e1s-szakszervezetek \u00faj vezet\u0151s\u00e9g\u00e9nek aleln\u00f6ke, eln\u00f6ke So\u00f3s J\u00f3zsef \u00e9s titk\u00e1ra Sim\u00f3 G\u00e9za (1926. okt. 23. \u2013), majd eln\u00f6ke. R\u00e9szt vett a v\u00e1ros \u00fajj\u00e1\u00e9p\u00edt\u00e9s\u00e9ben (1945 ut\u00e1n), a \u201ePro Grecia\u201d Bizotts\u00e1g titk\u00e1rak\u00e9nt, a [&hellip;]<\/p>\n","protected":false},"featured_media":0,"comment_status":"open","ping_status":"closed","template":"","meta":[],"product_brand":[],"product_cat":[137],"product_tag":[],"class_list":{"0":"post-4369","1":"product","2":"type-product","3":"status-publish","5":"product_cat-maros-megyei-eletrajzi-lexikon","7":"first","8":"instock","9":"shipping-taxable","10":"product-type-simple"},"_links":{"self":[{"href":"https:\/\/uj.adatbank.ro\/lexikon\/wp-json\/wp\/v2\/product\/4369","targetHints":{"allow":["GET"]}}],"collection":[{"href":"https:\/\/uj.adatbank.ro\/lexikon\/wp-json\/wp\/v2\/product"}],"about":[{"href":"https:\/\/uj.adatbank.ro\/lexikon\/wp-json\/wp\/v2\/types\/product"}],"replies":[{"embeddable":true,"href":"https:\/\/uj.adatbank.ro\/lexikon\/wp-json\/wp\/v2\/comments?post=4369"}],"wp:attachment":[{"href":"https:\/\/uj.adatbank.ro\/lexikon\/wp-json\/wp\/v2\/media?parent=4369"}],"wp:term":[{"taxonomy":"product_brand","embeddable":true,"href":"https:\/\/uj.adatbank.ro\/lexikon\/wp-json\/wp\/v2\/product_brand?post=4369"},{"taxonomy":"product_cat","embeddable":true,"href":"https:\/\/uj.adatbank.ro\/lexikon\/wp-json\/wp\/v2\/product_cat?post=4369"},{"taxonomy":"product_tag","embeddable":true,"href":"https:\/\/uj.adatbank.ro\/lexikon\/wp-json\/wp\/v2\/product_tag?post=4369"}],"curies":[{"name":"wp","href":"https:\/\/api.w.org\/{rel}","templated":true}]}}

BENKE József

<p>1891, † Mv., 1952. jan. 1.: építész, ács, szakszervezeti vezető. – Ács mesterséget tanult és az építőiparban dolgozott. A mv.-i építőipari munkások szakszervezetének alelnöke, a munkás-szakszervezetek új vezetőségének alelnöke, elnöke Soós József és titkára Simó Géza (1926. okt. 23. –), majd elnöke. Részt vett a város újjáépítésében (1945 után), a „Pro Grecia” Bizottság titkáraként, a 380 megyénkbe helyezett görög gyermek helyzetéért felelt. Önkéntes aktivista a népvédelmi szervezetnél (1944–47). A munkás dalárda díszelnöke. <br /><strong>Irod.:</strong> B. J. (Népújság, 1950. nov. 20.); B. J. [Nekrológ] (Előre, Mv., 1952. jan. 3.); Fodor Sándor (S): Constantin Brâncuşi Építészeti Iskolaközpont (Központ, 9. sz., 2010. márc. 3–9.); Időtár 3</br></p>

<p>1891, † Mv., 1952. jan. 1.: építész, ács, szakszervezeti vezető. – Ács mesterséget tanult és az építőiparban dolgozott. A mv.-i építőipari munkások szakszervezetének alelnöke, a munkás-szakszervezetek új vezetőségének alelnöke, elnöke Soós József és titkára Simó Géza (1926. okt. 23. –), majd elnöke. Részt vett a város újjáépítésében (1945 után), a „Pro Grecia” Bizottság titkáraként, a [&hellip;]</p>
