{"id":4370,"date":"2025-06-28T16:39:19","date_gmt":"2025-06-28T14:39:19","guid":{"rendered":"https:\/\/uj.adatbank.ro\/lexikon\/termek\/benke-zsigmond\/"},"modified":"2025-06-28T16:39:19","modified_gmt":"2025-06-28T14:39:19","slug":"benke-zsigmond","status":"publish","type":"product","link":"https:\/\/uj.adatbank.ro\/lexikon\/termek\/benke-zsigmond\/","title":{"rendered":"BENKE Zsigmond"},"content":{"rendered":"<p>? \u2020 ? : igazgat\u00f3tan\u00edt\u00f3. \u2013 A mez\u0151b\u00e1ndi \u00e1llami el. isk. igazgat\u00f3tan\u00edt\u00f3ja. A MT megyei \u00c1ltal\u00e1nos Tan\u00edt\u00f3test\u00fclet Mez\u0151s\u00e9gi k\u00f6r\u00e9nek megalap\u00edt\u00f3ja (1883), jegyz\u0151je majd eln\u00f6ke (1884\u201398). Elt\u00e1vozott a megy\u00e9b\u0151l (1898). <br \/><strong>Irod.:<\/strong> Eml\u00e9kk\u00f6nyv<\/br><\/p>\n","protected":false},"excerpt":{"rendered":"<p>? \u2020 ? : igazgat\u00f3tan\u00edt\u00f3. \u2013 A mez\u0151b\u00e1ndi \u00e1llami el. isk. igazgat\u00f3tan\u00edt\u00f3ja. A MT megyei \u00c1ltal\u00e1nos Tan\u00edt\u00f3test\u00fclet Mez\u0151s\u00e9gi k\u00f6r\u00e9nek megalap\u00edt\u00f3ja (1883), jegyz\u0151je majd eln\u00f6ke (1884\u201398). Elt\u00e1vozott a megy\u00e9b\u0151l (1898). Irod.: Eml\u00e9kk\u00f6nyv<\/p>\n","protected":false},"featured_media":0,"comment_status":"open","ping_status":"closed","template":"","meta":[],"product_brand":[],"product_cat":[137],"product_tag":[],"class_list":{"0":"post-4370","1":"product","2":"type-product","3":"status-publish","5":"product_cat-maros-megyei-eletrajzi-lexikon","7":"first","8":"instock","9":"shipping-taxable","10":"product-type-simple"},"_links":{"self":[{"href":"https:\/\/uj.adatbank.ro\/lexikon\/wp-json\/wp\/v2\/product\/4370","targetHints":{"allow":["GET"]}}],"collection":[{"href":"https:\/\/uj.adatbank.ro\/lexikon\/wp-json\/wp\/v2\/product"}],"about":[{"href":"https:\/\/uj.adatbank.ro\/lexikon\/wp-json\/wp\/v2\/types\/product"}],"replies":[{"embeddable":true,"href":"https:\/\/uj.adatbank.ro\/lexikon\/wp-json\/wp\/v2\/comments?post=4370"}],"wp:attachment":[{"href":"https:\/\/uj.adatbank.ro\/lexikon\/wp-json\/wp\/v2\/media?parent=4370"}],"wp:term":[{"taxonomy":"product_brand","embeddable":true,"href":"https:\/\/uj.adatbank.ro\/lexikon\/wp-json\/wp\/v2\/product_brand?post=4370"},{"taxonomy":"product_cat","embeddable":true,"href":"https:\/\/uj.adatbank.ro\/lexikon\/wp-json\/wp\/v2\/product_cat?post=4370"},{"taxonomy":"product_tag","embeddable":true,"href":"https:\/\/uj.adatbank.ro\/lexikon\/wp-json\/wp\/v2\/product_tag?post=4370"}],"curies":[{"name":"wp","href":"https:\/\/api.w.org\/{rel}","templated":true}]}}