{"id":4374,"date":"2025-06-28T16:39:33","date_gmt":"2025-06-28T14:39:33","guid":{"rendered":"https:\/\/uj.adatbank.ro\/lexikon\/termek\/benko-farkas\/"},"modified":"2025-06-28T16:39:33","modified_gmt":"2025-06-28T14:39:33","slug":"benko-farkas","status":"publish","type":"product","link":"https:\/\/uj.adatbank.ro\/lexikon\/termek\/benko-farkas\/","title":{"rendered":"BENK\u0150 Farkas"},"content":{"rendered":"<p>? \u2020\u00a0? : \u00edrnok. \u2013 Feles\u00e9ge: de\u00e9sfalvi Simon Joz\u00e9fa (1851.? \u2013 Mv., 1890. febr. 19). Gyermekeik: Ilona, Elem\u00e9r, Jen\u0151, J\u00f3zsef, M\u00e1risk\u00f3. \u2013 Kir. t\u00f6rv\u00e9nysz\u00e9ki \u00edrnok Mv.-en. <br \/><strong>Irod.:<\/strong> Gy\u00e1szjelent\u0151<\/br><\/p>\n","protected":false},"excerpt":{"rendered":"<p>? \u2020\u00a0? : \u00edrnok. \u2013 Feles\u00e9ge: de\u00e9sfalvi Simon Joz\u00e9fa (1851.? \u2013 Mv., 1890. febr. 19). Gyermekeik: Ilona, Elem\u00e9r, Jen\u0151, J\u00f3zsef, M\u00e1risk\u00f3. \u2013 Kir. t\u00f6rv\u00e9nysz\u00e9ki \u00edrnok Mv.-en. Irod.: Gy\u00e1szjelent\u0151<\/p>\n","protected":false},"featured_media":0,"comment_status":"open","ping_status":"closed","template":"","meta":[],"product_brand":[],"product_cat":[137],"product_tag":[],"class_list":{"0":"post-4374","1":"product","2":"type-product","3":"status-publish","5":"product_cat-maros-megyei-eletrajzi-lexikon","7":"first","8":"instock","9":"shipping-taxable","10":"product-type-simple"},"_links":{"self":[{"href":"https:\/\/uj.adatbank.ro\/lexikon\/wp-json\/wp\/v2\/product\/4374","targetHints":{"allow":["GET"]}}],"collection":[{"href":"https:\/\/uj.adatbank.ro\/lexikon\/wp-json\/wp\/v2\/product"}],"about":[{"href":"https:\/\/uj.adatbank.ro\/lexikon\/wp-json\/wp\/v2\/types\/product"}],"replies":[{"embeddable":true,"href":"https:\/\/uj.adatbank.ro\/lexikon\/wp-json\/wp\/v2\/comments?post=4374"}],"wp:attachment":[{"href":"https:\/\/uj.adatbank.ro\/lexikon\/wp-json\/wp\/v2\/media?parent=4374"}],"wp:term":[{"taxonomy":"product_brand","embeddable":true,"href":"https:\/\/uj.adatbank.ro\/lexikon\/wp-json\/wp\/v2\/product_brand?post=4374"},{"taxonomy":"product_cat","embeddable":true,"href":"https:\/\/uj.adatbank.ro\/lexikon\/wp-json\/wp\/v2\/product_cat?post=4374"},{"taxonomy":"product_tag","embeddable":true,"href":"https:\/\/uj.adatbank.ro\/lexikon\/wp-json\/wp\/v2\/product_tag?post=4374"}],"curies":[{"name":"wp","href":"https:\/\/api.w.org\/{rel}","templated":true}]}}