{"id":4375,"date":"2025-06-28T16:39:36","date_gmt":"2025-06-28T14:39:36","guid":{"rendered":"https:\/\/uj.adatbank.ro\/lexikon\/termek\/benko-ferenc-arkosi\/"},"modified":"2025-06-28T16:39:36","modified_gmt":"2025-06-28T14:39:36","slug":"benko-ferenc-arkosi","status":"publish","type":"product","link":"https:\/\/uj.adatbank.ro\/lexikon\/termek\/benko-ferenc-arkosi\/","title":{"rendered":"BENK\u0150 Ferenc, \u00e1rkosi"},"content":{"rendered":"<p>1783.?, \u2020 Mv., 1845. m\u00e1j. 27.: \u00fcgyv\u00e9d. \u2013 V\u00e1rosi esk\u00fcdt polg\u00e1r (1791). Mv.-en v\u00e1rosi protokolista (1805), majd kir. t\u00e1blai \u00fcgyv\u00e9d. \u2013 <strong>F. m.:<\/strong> K\u00f6z\u00e9p-ajtai \u00e9s \u00e1rkosi nemes Benk\u0151 J\u00f3zsef biogr\u00e1phi\u00e1ja (Kv., 1822). <br \/><strong>Irod.:<\/strong> Gy\u00e1szjelent\u0151; Kr\u00f3n. F\u00fcz. (1939. 4\/6); P\u00e1l-Antal 2006; P\u00e1l-Antal 2009; Petrik; Szinnyei<\/br><\/p>\n","protected":false},"excerpt":{"rendered":"<p>1783.?, \u2020 Mv., 1845. m\u00e1j. 27.: \u00fcgyv\u00e9d. \u2013 V\u00e1rosi esk\u00fcdt polg\u00e1r (1791). Mv.-en v\u00e1rosi protokolista (1805), majd kir. t\u00e1blai \u00fcgyv\u00e9d. \u2013 F. m.: K\u00f6z\u00e9p-ajtai \u00e9s \u00e1rkosi nemes Benk\u0151 J\u00f3zsef biogr\u00e1phi\u00e1ja (Kv., 1822). Irod.: Gy\u00e1szjelent\u0151; Kr\u00f3n. F\u00fcz. (1939. 4\/6); P\u00e1l-Antal 2006; P\u00e1l-Antal 2009; Petrik; Szinnyei<\/p>\n","protected":false},"featured_media":0,"comment_status":"open","ping_status":"closed","template":"","meta":[],"product_brand":[],"product_cat":[137],"product_tag":[],"class_list":{"0":"post-4375","1":"product","2":"type-product","3":"status-publish","5":"product_cat-maros-megyei-eletrajzi-lexikon","7":"first","8":"instock","9":"shipping-taxable","10":"product-type-simple"},"_links":{"self":[{"href":"https:\/\/uj.adatbank.ro\/lexikon\/wp-json\/wp\/v2\/product\/4375","targetHints":{"allow":["GET"]}}],"collection":[{"href":"https:\/\/uj.adatbank.ro\/lexikon\/wp-json\/wp\/v2\/product"}],"about":[{"href":"https:\/\/uj.adatbank.ro\/lexikon\/wp-json\/wp\/v2\/types\/product"}],"replies":[{"embeddable":true,"href":"https:\/\/uj.adatbank.ro\/lexikon\/wp-json\/wp\/v2\/comments?post=4375"}],"wp:attachment":[{"href":"https:\/\/uj.adatbank.ro\/lexikon\/wp-json\/wp\/v2\/media?parent=4375"}],"wp:term":[{"taxonomy":"product_brand","embeddable":true,"href":"https:\/\/uj.adatbank.ro\/lexikon\/wp-json\/wp\/v2\/product_brand?post=4375"},{"taxonomy":"product_cat","embeddable":true,"href":"https:\/\/uj.adatbank.ro\/lexikon\/wp-json\/wp\/v2\/product_cat?post=4375"},{"taxonomy":"product_tag","embeddable":true,"href":"https:\/\/uj.adatbank.ro\/lexikon\/wp-json\/wp\/v2\/product_tag?post=4375"}],"curies":[{"name":"wp","href":"https:\/\/api.w.org\/{rel}","templated":true}]}}