{"id":4376,"date":"2025-06-28T16:39:37","date_gmt":"2025-06-28T14:39:37","guid":{"rendered":"https:\/\/uj.adatbank.ro\/lexikon\/termek\/benko-ferenc-arkosi-es-kozepajtai\/"},"modified":"2025-06-28T16:39:37","modified_gmt":"2025-06-28T14:39:37","slug":"benko-ferenc-arkosi-es-kozepajtai","status":"publish","type":"product","link":"https:\/\/uj.adatbank.ro\/lexikon\/termek\/benko-ferenc-arkosi-es-kozepajtai\/","title":{"rendered":"BENK\u0150 Ferenc, \u00e1rkosi \u00e9s k\u00f6z\u00e9pajtai"},"content":{"rendered":"<p>? \u2020\u00a0? : hivatalnok, v\u00e1rosi tan\u00e1csos. \u2013 Feles\u00e9ge: Wallhoffer Ter\u00e9zia (1797-Mv., 1850. febr. 4.). Fia: Benk\u0151 Mikl\u00f3s, mostoha le\u00e1nyai: Benk\u0151 Kata, K\u00f6vendi Lajosn\u00e9, B. Anna, Gy\u00f6rgy Zsigmondn\u00e9. \u2013 A Marossz\u00e9ki fels\u0151 ker\u00fclet kir\u00e1lyi p\u00e9nzt\u00e1rnoka (1848 elej\u00e9n). Hivatalt v\u00e1llalt a Mv.-en fel\u00e1ll\u00edtott v\u00e9rb\u00edr\u00f3s\u00e1gban, amely a forradalomban r\u00e9szt vev\u0151 polg\u00e1rok felett it\u00e9lkezett (1848. nov.). Majd ad\u00f3kivet\u00e9si inspektor. <br \/><strong>Irod.:<\/strong> Gy\u00e1szjelent\u0151; Id\u0151t\u00e1r 2; K\u0151v\u00e1ry; P\u00e1l-Antal 2004; P\u00e1l-Antal 2009<\/br><\/p>\n","protected":false},"excerpt":{"rendered":"<p>? \u2020\u00a0? : hivatalnok, v\u00e1rosi tan\u00e1csos. \u2013 Feles\u00e9ge: Wallhoffer Ter\u00e9zia (1797-Mv., 1850. febr. 4.). Fia: Benk\u0151 Mikl\u00f3s, mostoha le\u00e1nyai: Benk\u0151 Kata, K\u00f6vendi Lajosn\u00e9, B. Anna, Gy\u00f6rgy Zsigmondn\u00e9. \u2013 A Marossz\u00e9ki fels\u0151 ker\u00fclet kir\u00e1lyi p\u00e9nzt\u00e1rnoka (1848 elej\u00e9n). Hivatalt v\u00e1llalt a Mv.-en fel\u00e1ll\u00edtott v\u00e9rb\u00edr\u00f3s\u00e1gban, amely a forradalomban r\u00e9szt vev\u0151 polg\u00e1rok felett it\u00e9lkezett (1848. nov.). Majd ad\u00f3kivet\u00e9si inspektor. [&hellip;]<\/p>\n","protected":false},"featured_media":0,"comment_status":"open","ping_status":"closed","template":"","meta":[],"product_brand":[],"product_cat":[137],"product_tag":[],"class_list":{"0":"post-4376","1":"product","2":"type-product","3":"status-publish","5":"product_cat-maros-megyei-eletrajzi-lexikon","7":"first","8":"instock","9":"shipping-taxable","10":"product-type-simple"},"_links":{"self":[{"href":"https:\/\/uj.adatbank.ro\/lexikon\/wp-json\/wp\/v2\/product\/4376","targetHints":{"allow":["GET"]}}],"collection":[{"href":"https:\/\/uj.adatbank.ro\/lexikon\/wp-json\/wp\/v2\/product"}],"about":[{"href":"https:\/\/uj.adatbank.ro\/lexikon\/wp-json\/wp\/v2\/types\/product"}],"replies":[{"embeddable":true,"href":"https:\/\/uj.adatbank.ro\/lexikon\/wp-json\/wp\/v2\/comments?post=4376"}],"wp:attachment":[{"href":"https:\/\/uj.adatbank.ro\/lexikon\/wp-json\/wp\/v2\/media?parent=4376"}],"wp:term":[{"taxonomy":"product_brand","embeddable":true,"href":"https:\/\/uj.adatbank.ro\/lexikon\/wp-json\/wp\/v2\/product_brand?post=4376"},{"taxonomy":"product_cat","embeddable":true,"href":"https:\/\/uj.adatbank.ro\/lexikon\/wp-json\/wp\/v2\/product_cat?post=4376"},{"taxonomy":"product_tag","embeddable":true,"href":"https:\/\/uj.adatbank.ro\/lexikon\/wp-json\/wp\/v2\/product_tag?post=4376"}],"curies":[{"name":"wp","href":"https:\/\/api.w.org\/{rel}","templated":true}]}}

BENKŐ Ferenc, árkosi és középajtai

<p>? † ? : hivatalnok, városi tanácsos. – Felesége: Wallhoffer Terézia (1797-Mv., 1850. febr. 4.). Fia: Benkő Miklós, mostoha leányai: Benkő Kata, Kövendi Lajosné, B. Anna, György Zsigmondné. – A Marosszéki felső kerület királyi pénztárnoka (1848 elején). Hivatalt vállalt a Mv.-en felállított vérbíróságban, amely a forradalomban részt vevő polgárok felett itélkezett (1848. nov.). Majd adókivetési inspektor. <br /><strong>Irod.:</strong> Gyászjelentő; Időtár 2; Kőváry; Pál-Antal 2004; Pál-Antal 2009</br></p>

<p>? † ? : hivatalnok, városi tanácsos. – Felesége: Wallhoffer Terézia (1797-Mv., 1850. febr. 4.). Fia: Benkő Miklós, mostoha leányai: Benkő Kata, Kövendi Lajosné, B. Anna, György Zsigmondné. – A Marosszéki felső kerület királyi pénztárnoka (1848 elején). Hivatalt vállalt a Mv.-en felállított vérbíróságban, amely a forradalomban részt vevő polgárok felett itélkezett (1848. nov.). Majd adókivetési inspektor. [&hellip;]</p>
