{"id":4377,"date":"2025-06-28T16:39:38","date_gmt":"2025-06-28T14:39:38","guid":{"rendered":"https:\/\/uj.adatbank.ro\/lexikon\/termek\/benko-ferenc-benkeo-franciscus-kissolymosi\/"},"modified":"2025-06-28T16:39:38","modified_gmt":"2025-06-28T14:39:38","slug":"benko-ferenc-benkeo-franciscus-kissolymosi","status":"publish","type":"product","link":"https:\/\/uj.adatbank.ro\/lexikon\/termek\/benko-ferenc-benkeo-franciscus-kissolymosi\/","title":{"rendered":"BENK\u0150 Ferenc, Benkeo, Franciscus, kissolymosi"},"content":{"rendered":"<p>Mv.?, \u2020 Mv., 1745. \u00e1pr. 24.: ref. lelk\u00e9sz, tan\u00edt\u00f3. \u2013 Unok\u00e1ja volt Tofeus Mih\u00e1lynak. \u2013 Tanult Mv.-en (1722. m\u00e1j. 12. \u2013), ahol retorica-classica tan\u00edt\u00f3i is (1722\u2013), majd beiratkozott a franekera-i egyetemre (1731\u201332), ahol teol\u00f3gi\u00e1t hallgatott. Mv.-en ref. lelk\u00e9sz Bonyhai Simon Gy\u00f6rgy p\u00fcsp\u00f6k \u00e9s mv.- i pap k\u00e1pl\u00e1nja a V\u00e1rtemplomban (1734\u2013), majd rendes pap (1738\u2013). M\u0171v\u00e9t Szil\u00e1gyi Istv\u00e1n m\u00e1ramarosszigeti igazgat\u00f3-tan\u00e1r fedezte fel az ottani iskola k\u00f6nyvt\u00e1r\u00e1ban. \u2013 <strong>F. m.:<\/strong> Dissertatio theologica exhibens grammaticae Arabicae specimen, quam\u2026praeside Emore Lucio Vriemoet\u2026examini subiiciet\u2026(Franequerae, 1732); En\u00f3knak Istennel val\u00f3 j\u00e1r\u00e1sa: Halotti pr\u00e9dik\u00e1ci\u00f3 Bonyhai Simon Gy\u00f6rgy felett 1737-ben (Kv., 1738). <br \/><strong>Irod.:<\/strong> Farcz\u00e1dy; Halotti besz\u00e9dek; Id\u0151t\u00e1r 1; Kr\u00f3n F\u00fcz. (1940. 4\/10); Marossz\u00e9ki kr\u00f3nik\u00e1k 1.; RMK III\/18. sz.; Szab\u00f3\u2013Sz\u00f6gi; Szinnyei; Zov\u00e1nyi<\/br><\/p>\n","protected":false},"excerpt":{"rendered":"<p>Mv.?, \u2020 Mv., 1745. \u00e1pr. 24.: ref. lelk\u00e9sz, tan\u00edt\u00f3. \u2013 Unok\u00e1ja volt Tofeus Mih\u00e1lynak. \u2013 Tanult Mv.-en (1722. m\u00e1j. 12. \u2013), ahol retorica-classica tan\u00edt\u00f3i is (1722\u2013), majd beiratkozott a franekera-i egyetemre (1731\u201332), ahol teol\u00f3gi\u00e1t hallgatott. Mv.-en ref. lelk\u00e9sz Bonyhai Simon Gy\u00f6rgy p\u00fcsp\u00f6k \u00e9s mv.- i pap k\u00e1pl\u00e1nja a V\u00e1rtemplomban (1734\u2013), majd rendes pap (1738\u2013). M\u0171v\u00e9t [&hellip;]<\/p>\n","protected":false},"featured_media":0,"comment_status":"open","ping_status":"closed","template":"","meta":[],"product_brand":[],"product_cat":[137],"product_tag":[],"class_list":{"0":"post-4377","1":"product","2":"type-product","3":"status-publish","5":"product_cat-maros-megyei-eletrajzi-lexikon","7":"first","8":"instock","9":"shipping-taxable","10":"product-type-simple"},"_links":{"self":[{"href":"https:\/\/uj.adatbank.ro\/lexikon\/wp-json\/wp\/v2\/product\/4377","targetHints":{"allow":["GET"]}}],"collection":[{"href":"https:\/\/uj.adatbank.ro\/lexikon\/wp-json\/wp\/v2\/product"}],"about":[{"href":"https:\/\/uj.adatbank.ro\/lexikon\/wp-json\/wp\/v2\/types\/product"}],"replies":[{"embeddable":true,"href":"https:\/\/uj.adatbank.ro\/lexikon\/wp-json\/wp\/v2\/comments?post=4377"}],"wp:attachment":[{"href":"https:\/\/uj.adatbank.ro\/lexikon\/wp-json\/wp\/v2\/media?parent=4377"}],"wp:term":[{"taxonomy":"product_brand","embeddable":true,"href":"https:\/\/uj.adatbank.ro\/lexikon\/wp-json\/wp\/v2\/product_brand?post=4377"},{"taxonomy":"product_cat","embeddable":true,"href":"https:\/\/uj.adatbank.ro\/lexikon\/wp-json\/wp\/v2\/product_cat?post=4377"},{"taxonomy":"product_tag","embeddable":true,"href":"https:\/\/uj.adatbank.ro\/lexikon\/wp-json\/wp\/v2\/product_tag?post=4377"}],"curies":[{"name":"wp","href":"https:\/\/api.w.org\/{rel}","templated":true}]}}

BENKŐ Ferenc, Benkeo, Franciscus, kissolymosi

<p>Mv.?, † Mv., 1745. ápr. 24.: ref. lelkész, tanító. – Unokája volt Tofeus Mihálynak. – Tanult Mv.-en (1722. máj. 12. –), ahol retorica-classica tanítói is (1722–), majd beiratkozott a franekera-i egyetemre (1731–32), ahol teológiát hallgatott. Mv.-en ref. lelkész Bonyhai Simon György püspök és mv.- i pap káplánja a Vártemplomban (1734–), majd rendes pap (1738–). Művét Szilágyi István máramarosszigeti igazgató-tanár fedezte fel az ottani iskola könyvtárában. – <strong>F. m.:</strong> Dissertatio theologica exhibens grammaticae Arabicae specimen, quam…praeside Emore Lucio Vriemoet…examini subiiciet…(Franequerae, 1732); Enóknak Istennel való járása: Halotti prédikáció Bonyhai Simon György felett 1737-ben (Kv., 1738). <br /><strong>Irod.:</strong> Farczády; Halotti beszédek; Időtár 1; Krón Füz. (1940. 4/10); Marosszéki krónikák 1.; RMK III/18. sz.; Szabó–Szögi; Szinnyei; Zoványi</br></p>

<p>Mv.?, † Mv., 1745. ápr. 24.: ref. lelkész, tanító. – Unokája volt Tofeus Mihálynak. – Tanult Mv.-en (1722. máj. 12. –), ahol retorica-classica tanítói is (1722–), majd beiratkozott a franekera-i egyetemre (1731–32), ahol teológiát hallgatott. Mv.-en ref. lelkész Bonyhai Simon György püspök és mv.- i pap káplánja a Vártemplomban (1734–), majd rendes pap (1738–). Művét [&hellip;]</p>
