{"id":4381,"date":"2025-06-28T16:39:47","date_gmt":"2025-06-28T14:39:47","guid":{"rendered":"https:\/\/uj.adatbank.ro\/lexikon\/termek\/benko-janos-%c2%a7\/"},"modified":"2025-06-28T16:39:47","modified_gmt":"2025-06-28T14:39:47","slug":"benko-janos-%c2%a7","status":"publish","type":"product","link":"https:\/\/uj.adatbank.ro\/lexikon\/termek\/benko-janos-%c2%a7\/","title":{"rendered":"BENK\u0150 J\u00e1nos, \u00a7"},"content":{"rendered":"<p>Lup\u00e9ny, 1922. \u00e1pr. 18., \u2020 Mv., 1991. jan. 28.: tan\u00e1r, k\u00f6nyvt\u00e1ros, kulturaktivista. \u2013 B. J\u00e1nos b\u00e1ny\u00e1sz \u00e9s Lakatos Jusztina fia. Feles\u00e9ge: Ambrus Karolina. \u2013 Lup\u00e9nyban tanult az \u00e1ltal\u00e1nos iskol\u00e1ban (1928\u201334), Nagyenyeden a Bethlen Koll.-ban tan\u00edt\u00f3i \u00e9s k\u00e1ntori k\u00e9pes\u00edt\u00e9st szerzett (1935\u201342). A kv.-i TE term\u00e9szetrajz-f\u00f6ldrajz szakos levelez\u0151 hallgat\u00f3ja (1953\u201357). Erd\u0151szentgy\u00f6rgy\u00f6n (1944\u201346), Als\u00f3s\u00f3falv\u00e1n (1946\u201349) volt igazgat\u00f3-tan\u00edt\u00f3, Parajdon tanfel\u00fcgyel\u0151 \u00e9s kult\u00farir\u00e1ny\u00edt\u00f3 (1949\u201350), Sz\u00e9kelyudvarhelyen tanfel\u00fcgyel\u0151 (1950\u201354). A mv.-i Tartom\u00e1nyi K\u00f6nyvt\u00e1r munkat\u00e1rsa ( ), a MAT N\u00e9pi Alkot\u00e1sok H\u00e1z\u00e1nak igazgat\u00f3ja (1955\u201371), vezet\u00e9se alatt a megye t\u00e1rgyi \u00e9s szellemi n\u00e9prajzi k\u00f6r\u00e9b\u0151l sz\u00e1mos kiadv\u00e1nyt jelentetett meg, az erd\u00e9lyi \u0151reg t\u00e1ncosok (hiteles n\u00e9pi el\u0151ad\u00f3k) els\u0151, s\u00e1rpataki tal\u00e1lkoz\u00f3j\u00e1nak kezdem\u00e9nyez\u0151je \u00e9s megszervez\u0151je. A Megyei Kult\u00farbizotts\u00e1g fel\u00fcgyel\u0151je (1971\u20131973. j\u00fan. 15.). H\u00e1rom h\u00f3napi munkan\u00e9lk\u00fclis\u00e9g ut\u00e1n Somosdon biol\u00f3gia-f\u00f6ldrajz tan\u00e1r (1973. szept. 15. \u2013 1975), v\u00e9g\u00fcl Balav\u00e1s\u00e1ron volt tan\u00e1r nyugd\u00edjaz\u00e1s\u00e1ig (1975\u201382). <br \/><strong>Irod.:<\/strong> Aranykorszak; Kusz\u00e1lik; [Nekrol\u00f3g](N\u00fa., 1991. jan. 30.)<\/br><\/p>\n","protected":false},"excerpt":{"rendered":"<p>Lup\u00e9ny, 1922. \u00e1pr. 18., \u2020 Mv., 1991. jan. 28.: tan\u00e1r, k\u00f6nyvt\u00e1ros, kulturaktivista. \u2013 B. J\u00e1nos b\u00e1ny\u00e1sz \u00e9s Lakatos Jusztina fia. Feles\u00e9ge: Ambrus Karolina. \u2013 Lup\u00e9nyban tanult az \u00e1ltal\u00e1nos iskol\u00e1ban (1928\u201334), Nagyenyeden a Bethlen Koll.-ban tan\u00edt\u00f3i \u00e9s k\u00e1ntori k\u00e9pes\u00edt\u00e9st szerzett (1935\u201342). A kv.-i TE term\u00e9szetrajz-f\u00f6ldrajz szakos levelez\u0151 hallgat\u00f3ja (1953\u201357). Erd\u0151szentgy\u00f6rgy\u00f6n (1944\u201346), Als\u00f3s\u00f3falv\u00e1n (1946\u201349) volt igazgat\u00f3-tan\u00edt\u00f3, Parajdon [&hellip;]<\/p>\n","protected":false},"featured_media":0,"comment_status":"open","ping_status":"closed","template":"","meta":[],"product_brand":[],"product_cat":[137],"product_tag":[],"class_list":{"0":"post-4381","1":"product","2":"type-product","3":"status-publish","5":"product_cat-maros-megyei-eletrajzi-lexikon","7":"first","8":"instock","9":"shipping-taxable","10":"product-type-simple"},"_links":{"self":[{"href":"https:\/\/uj.adatbank.ro\/lexikon\/wp-json\/wp\/v2\/product\/4381","targetHints":{"allow":["GET"]}}],"collection":[{"href":"https:\/\/uj.adatbank.ro\/lexikon\/wp-json\/wp\/v2\/product"}],"about":[{"href":"https:\/\/uj.adatbank.ro\/lexikon\/wp-json\/wp\/v2\/types\/product"}],"replies":[{"embeddable":true,"href":"https:\/\/uj.adatbank.ro\/lexikon\/wp-json\/wp\/v2\/comments?post=4381"}],"wp:attachment":[{"href":"https:\/\/uj.adatbank.ro\/lexikon\/wp-json\/wp\/v2\/media?parent=4381"}],"wp:term":[{"taxonomy":"product_brand","embeddable":true,"href":"https:\/\/uj.adatbank.ro\/lexikon\/wp-json\/wp\/v2\/product_brand?post=4381"},{"taxonomy":"product_cat","embeddable":true,"href":"https:\/\/uj.adatbank.ro\/lexikon\/wp-json\/wp\/v2\/product_cat?post=4381"},{"taxonomy":"product_tag","embeddable":true,"href":"https:\/\/uj.adatbank.ro\/lexikon\/wp-json\/wp\/v2\/product_tag?post=4381"}],"curies":[{"name":"wp","href":"https:\/\/api.w.org\/{rel}","templated":true}]}}

BENKŐ János, §

<p>Lupény, 1922. ápr. 18., † Mv., 1991. jan. 28.: tanár, könyvtáros, kulturaktivista. – B. János bányász és Lakatos Jusztina fia. Felesége: Ambrus Karolina. – Lupényban tanult az általános iskolában (1928–34), Nagyenyeden a Bethlen Koll.-ban tanítói és kántori képesítést szerzett (1935–42). A kv.-i TE természetrajz-földrajz szakos levelező hallgatója (1953–57). Erdőszentgyörgyön (1944–46), Alsósófalván (1946–49) volt igazgató-tanító, Parajdon tanfelügyelő és kultúrirányító (1949–50), Székelyudvarhelyen tanfelügyelő (1950–54). A mv.-i Tartományi Könyvtár munkatársa ( ), a MAT Népi Alkotások Házának igazgatója (1955–71), vezetése alatt a megye tárgyi és szellemi néprajzi köréből számos kiadványt jelentetett meg, az erdélyi őreg táncosok (hiteles népi előadók) első, sárpataki találkozójának kezdeményezője és megszervezője. A Megyei Kultúrbizottság felügyelője (1971–1973. jún. 15.). Három hónapi munkanélküliség után Somosdon biológia-földrajz tanár (1973. szept. 15. – 1975), végül Balavásáron volt tanár nyugdíjazásáig (1975–82). <br /><strong>Irod.:</strong> Aranykorszak; Kuszálik; [Nekrológ](Nú., 1991. jan. 30.)</br></p>

<p>Lupény, 1922. ápr. 18., † Mv., 1991. jan. 28.: tanár, könyvtáros, kulturaktivista. – B. János bányász és Lakatos Jusztina fia. Felesége: Ambrus Karolina. – Lupényban tanult az általános iskolában (1928–34), Nagyenyeden a Bethlen Koll.-ban tanítói és kántori képesítést szerzett (1935–42). A kv.-i TE természetrajz-földrajz szakos levelező hallgatója (1953–57). Erdőszentgyörgyön (1944–46), Alsósófalván (1946–49) volt igazgató-tanító, Parajdon [&hellip;]</p>
