{"id":4383,"date":"2025-06-28T16:39:50","date_gmt":"2025-06-28T14:39:50","guid":{"rendered":"https:\/\/uj.adatbank.ro\/lexikon\/termek\/benko-janos-arkosi\/"},"modified":"2025-06-28T16:39:50","modified_gmt":"2025-06-28T14:39:50","slug":"benko-janos-arkosi","status":"publish","type":"product","link":"https:\/\/uj.adatbank.ro\/lexikon\/termek\/benko-janos-arkosi\/","title":{"rendered":"BENK\u0150 J\u00e1nos, \u00e1rkosi"},"content":{"rendered":"<p>Mez\u0151szak\u00e1ll, 1817. szept. 14., \u2020 Magyarp\u00e9terlaka, 1889. szept. 12.: ref. lelk\u00e9sz. \u2013 Feles\u00e9ge: Garda Anna, a tekei ref. pap le\u00e1nya. Gyermekeik: Lajos, Gyula, Anna, Kl\u00e1ra. \u2013 Elemi iskol\u00e1it sz\u00fcl\u0151faluj\u00e1ban v\u00e9gezte, azut\u00e1n a mv.-i Ref. Koll.-ban a gimn. \u00e9s teol\u00f3gia oszt\u00e1lyokat v\u00e9gezte \u00e9s papi vizsg\u00e1t tett (1839). Megv\u00e1lasztott\u00e1k jur\u00e1tus-k\u00f6ztan\u00edt\u00f3nak a grammatika oszt.-ban (1839-40). A tordai zsinaton szentelt\u00e9k fel lelkip\u00e1sztornak (1840). Magyarp\u00e9terlakon a ref. egyh\u00e1z rendes papj\u00e1nak v\u00e1lasztott\u00e1k meg (1840. j\u00fan. \u2013 1889. szept. 11.). Paps\u00e1ga idej\u00e9n orgon\u00e1t kapott a templom (1843), lelk\u00e9szi lak \u00e9p\u00fclt (1878). A G\u00f6rg\u00e9nyi egyh\u00e1zmegye k\u00f6z\u00fcgyi igazgat\u00f3ja (1854-), rendes jegyz\u0151je (1862-), g\u00f6rg\u00e9nyi esperes (1865\u201389). Sz\u00e9lesebb k\u00f6rben ismertt\u00e9 lett munk\u00e1ss\u00e1ga \u00edgy az egyh\u00e1z ker\u00fclet igazgat\u00f3-tan\u00e1cs\u00e1nak tagj\u00e1v\u00e1 v\u00e1lasztott\u00e1k (1873\u2013), az erd\u00e9lyi ref. egyh\u00e1z ker\u00fcleti (k\u00f6z\u00fcgyigazgat\u00f3) gener\u00e1lis direktora lett (1878. j\u00fan), orsz\u00e1gos zsinati k\u00e9pvisel\u0151 (1881\u2013), az Egyetemes Konvent tagja (1883\u201388). A zsinaton az egyh\u00e1z bir\u00e1skod\u00e1si bizotts\u00e1g\u00e1nak tagja volt, a gy\u0171l\u00e9seken tev\u00e9kenyen r\u00e9szt vett gyakran felsz\u00f3lalt. Kezdem\u00e9nyezte hogy a zsinaton r\u00e9sztvev\u0151 k\u00fcld\u00f6ttek f\u00e9nyk\u00e9peztess\u00e9k le magukat egy albumba \u00e9s egym\u00e1snak k\u00f6lcs\u00f6n\u00f6sen adj\u00e1k \u00e1t ezeket. <br \/><strong>Irod.:<\/strong> B\u00f6jthe Andor: A G\u00f6rg\u00e9nyi ev. ref. egyh\u00e1zmegye t\u00f6rt\u00e9nete [k\u00e9zirat]; D\u00f6m\u00e9ny; Az Erd\u00e9lyi Ref. Egyh\u00e1zker\u00fclet k\u00f6zgy\u0171l\u00e9s\u00e9nek jegyz\u0151k\u00f6nyve (Kv, 1888); Gy\u00e1szjelent\u0151; P\u00e1lmay; Tanterv, utas\u00edt\u00e1s \u00e9s rendszab\u00e1lyok az erd\u00e9lyr\u00e9szi helv\u00e9thit\u0171 elemi n\u00e9piskol\u00e1k sz\u00e1m\u00e1ra (Kv., 1878); Zov\u00e1nyi<\/br><\/p>\n","protected":false},"excerpt":{"rendered":"<p>Mez\u0151szak\u00e1ll, 1817. szept. 14., \u2020 Magyarp\u00e9terlaka, 1889. szept. 12.: ref. lelk\u00e9sz. \u2013 Feles\u00e9ge: Garda Anna, a tekei ref. pap le\u00e1nya. Gyermekeik: Lajos, Gyula, Anna, Kl\u00e1ra. \u2013 Elemi iskol\u00e1it sz\u00fcl\u0151faluj\u00e1ban v\u00e9gezte, azut\u00e1n a mv.-i Ref. Koll.-ban a gimn. \u00e9s teol\u00f3gia oszt\u00e1lyokat v\u00e9gezte \u00e9s papi vizsg\u00e1t tett (1839). Megv\u00e1lasztott\u00e1k jur\u00e1tus-k\u00f6ztan\u00edt\u00f3nak a grammatika oszt.-ban (1839-40). A tordai zsinaton [&hellip;]<\/p>\n","protected":false},"featured_media":0,"comment_status":"open","ping_status":"closed","template":"","meta":[],"product_brand":[],"product_cat":[137],"product_tag":[],"class_list":{"0":"post-4383","1":"product","2":"type-product","3":"status-publish","5":"product_cat-maros-megyei-eletrajzi-lexikon","7":"first","8":"instock","9":"shipping-taxable","10":"product-type-simple"},"_links":{"self":[{"href":"https:\/\/uj.adatbank.ro\/lexikon\/wp-json\/wp\/v2\/product\/4383","targetHints":{"allow":["GET"]}}],"collection":[{"href":"https:\/\/uj.adatbank.ro\/lexikon\/wp-json\/wp\/v2\/product"}],"about":[{"href":"https:\/\/uj.adatbank.ro\/lexikon\/wp-json\/wp\/v2\/types\/product"}],"replies":[{"embeddable":true,"href":"https:\/\/uj.adatbank.ro\/lexikon\/wp-json\/wp\/v2\/comments?post=4383"}],"wp:attachment":[{"href":"https:\/\/uj.adatbank.ro\/lexikon\/wp-json\/wp\/v2\/media?parent=4383"}],"wp:term":[{"taxonomy":"product_brand","embeddable":true,"href":"https:\/\/uj.adatbank.ro\/lexikon\/wp-json\/wp\/v2\/product_brand?post=4383"},{"taxonomy":"product_cat","embeddable":true,"href":"https:\/\/uj.adatbank.ro\/lexikon\/wp-json\/wp\/v2\/product_cat?post=4383"},{"taxonomy":"product_tag","embeddable":true,"href":"https:\/\/uj.adatbank.ro\/lexikon\/wp-json\/wp\/v2\/product_tag?post=4383"}],"curies":[{"name":"wp","href":"https:\/\/api.w.org\/{rel}","templated":true}]}}

BENKŐ János, árkosi

<p>Mezőszakáll, 1817. szept. 14., † Magyarpéterlaka, 1889. szept. 12.: ref. lelkész. – Felesége: Garda Anna, a tekei ref. pap leánya. Gyermekeik: Lajos, Gyula, Anna, Klára. – Elemi iskoláit szülőfalujában végezte, azután a mv.-i Ref. Koll.-ban a gimn. és teológia osztályokat végezte és papi vizsgát tett (1839). Megválasztották jurátus-köztanítónak a grammatika oszt.-ban (1839-40). A tordai zsinaton szentelték fel lelkipásztornak (1840). Magyarpéterlakon a ref. egyház rendes papjának választották meg (1840. jún. – 1889. szept. 11.). Papsága idején orgonát kapott a templom (1843), lelkészi lak épült (1878). A Görgényi egyházmegye közügyi igazgatója (1854-), rendes jegyzője (1862-), görgényi esperes (1865–89). Szélesebb körben ismertté lett munkássága így az egyház kerület igazgató-tanácsának tagjává választották (1873–), az erdélyi ref. egyház kerületi (közügyigazgató) generális direktora lett (1878. jún), országos zsinati képviselő (1881–), az Egyetemes Konvent tagja (1883–88). A zsinaton az egyház biráskodási bizottságának tagja volt, a gyűléseken tevékenyen részt vett gyakran felszólalt. Kezdeményezte hogy a zsinaton résztvevő küldöttek fényképeztessék le magukat egy albumba és egymásnak kölcsönösen adják át ezeket. <br /><strong>Irod.:</strong> Böjthe Andor: A Görgényi ev. ref. egyházmegye története [kézirat]; Dömény; Az Erdélyi Ref. Egyházkerület közgyűlésének jegyzőkönyve (Kv, 1888); Gyászjelentő; Pálmay; Tanterv, utasítás és rendszabályok az erdélyrészi helvéthitű elemi népiskolák számára (Kv., 1878); Zoványi</br></p>

<p>Mezőszakáll, 1817. szept. 14., † Magyarpéterlaka, 1889. szept. 12.: ref. lelkész. – Felesége: Garda Anna, a tekei ref. pap leánya. Gyermekeik: Lajos, Gyula, Anna, Klára. – Elemi iskoláit szülőfalujában végezte, azután a mv.-i Ref. Koll.-ban a gimn. és teológia osztályokat végezte és papi vizsgát tett (1839). Megválasztották jurátus-köztanítónak a grammatika oszt.-ban (1839-40). A tordai zsinaton [&hellip;]</p>
