{"id":4384,"date":"2025-06-28T16:39:52","date_gmt":"2025-06-28T14:39:52","guid":{"rendered":"https:\/\/uj.adatbank.ro\/lexikon\/termek\/benko-janos-benko-joanes-kissolymosi\/"},"modified":"2025-06-28T16:39:52","modified_gmt":"2025-06-28T14:39:52","slug":"benko-janos-benko-joanes-kissolymosi","status":"publish","type":"product","link":"https:\/\/uj.adatbank.ro\/lexikon\/termek\/benko-janos-benko-joanes-kissolymosi\/","title":{"rendered":"BENK\u0150 J\u00e1nos, Benk\u0151 Joanes, kissolymosi"},"content":{"rendered":"<p>Mv., 1788, \u2020\u00a0Mv., 1860. m\u00e1rc. 17.: gy\u00f3gyszer\u00e9sz. \u2013 Feles\u00e9ge: Mauks Zsuzs\u00e1nna. Gyermekei: Kl\u00e1ra, Orb\u00e1n J\u00f3zsefn\u00e9; S\u00e1ndor, feles\u00e9ge: Kostelezky Emilia. \u2013 \u00c1rva gyerek volt, ez\u00e9rt Pesten inaskodott. Tanulm\u00e1nyait befejezve, k\u00e9t gyakorlati vizsg\u00e1t tett, majd szigorlatozott \u00e9s mesterr\u00e9 avatt\u00e1k (1824. szept. 9.), gy\u00f3gyszer\u00e9sz oklevelet kapott Bp.-en 32 \u00e9ves kor\u00e1ban. Gy\u00f3gyszert\u00e1r\u00e1ban Mv.-en egy labor\u00e1ns \u00e9s egy gyakornok is dolgozott (1836). Mv. v\u00e1rosban a k\u00f6zterhekben \u00e9vi 50 forinttal r\u00e9sztvev\u0151 virilista (1837). Mv.-en volt gy\u00f3gyszer\u00e9sz (1850\u201365). <br \/><strong>Irod.:<\/strong> Gy\u00e1szjelent\u0151; Kr\u00f3n. F\u00fcz. (1939. 4\/6); P\u00e1l-Antal 2009; P\u00e1l Antal S\u00e1ndor: K\u00f6zeg\u00e9szs\u00e9g\u00fcgy \u00e9s szoci\u00e1lis gondoskod\u00e1s a 18\u201319. sz\u00e1zadi Mv.-en (N\u00fa., Sz\u00ednes Vil\u00e1g, 2010. j\u00fan. 12.); P\u00e9ter H. M.; P\u00e9ter H. M. 2013; Szab\u00f3 Mikl\u00f3s 2005<\/br><\/p>\n","protected":false},"excerpt":{"rendered":"<p>Mv., 1788, \u2020\u00a0Mv., 1860. m\u00e1rc. 17.: gy\u00f3gyszer\u00e9sz. \u2013 Feles\u00e9ge: Mauks Zsuzs\u00e1nna. Gyermekei: Kl\u00e1ra, Orb\u00e1n J\u00f3zsefn\u00e9; S\u00e1ndor, feles\u00e9ge: Kostelezky Emilia. \u2013 \u00c1rva gyerek volt, ez\u00e9rt Pesten inaskodott. Tanulm\u00e1nyait befejezve, k\u00e9t gyakorlati vizsg\u00e1t tett, majd szigorlatozott \u00e9s mesterr\u00e9 avatt\u00e1k (1824. szept. 9.), gy\u00f3gyszer\u00e9sz oklevelet kapott Bp.-en 32 \u00e9ves kor\u00e1ban. Gy\u00f3gyszert\u00e1r\u00e1ban Mv.-en egy labor\u00e1ns \u00e9s egy gyakornok is [&hellip;]<\/p>\n","protected":false},"featured_media":0,"comment_status":"open","ping_status":"closed","template":"","meta":[],"product_brand":[],"product_cat":[137],"product_tag":[],"class_list":{"0":"post-4384","1":"product","2":"type-product","3":"status-publish","5":"product_cat-maros-megyei-eletrajzi-lexikon","7":"first","8":"instock","9":"shipping-taxable","10":"product-type-simple"},"_links":{"self":[{"href":"https:\/\/uj.adatbank.ro\/lexikon\/wp-json\/wp\/v2\/product\/4384","targetHints":{"allow":["GET"]}}],"collection":[{"href":"https:\/\/uj.adatbank.ro\/lexikon\/wp-json\/wp\/v2\/product"}],"about":[{"href":"https:\/\/uj.adatbank.ro\/lexikon\/wp-json\/wp\/v2\/types\/product"}],"replies":[{"embeddable":true,"href":"https:\/\/uj.adatbank.ro\/lexikon\/wp-json\/wp\/v2\/comments?post=4384"}],"wp:attachment":[{"href":"https:\/\/uj.adatbank.ro\/lexikon\/wp-json\/wp\/v2\/media?parent=4384"}],"wp:term":[{"taxonomy":"product_brand","embeddable":true,"href":"https:\/\/uj.adatbank.ro\/lexikon\/wp-json\/wp\/v2\/product_brand?post=4384"},{"taxonomy":"product_cat","embeddable":true,"href":"https:\/\/uj.adatbank.ro\/lexikon\/wp-json\/wp\/v2\/product_cat?post=4384"},{"taxonomy":"product_tag","embeddable":true,"href":"https:\/\/uj.adatbank.ro\/lexikon\/wp-json\/wp\/v2\/product_tag?post=4384"}],"curies":[{"name":"wp","href":"https:\/\/api.w.org\/{rel}","templated":true}]}}