{"id":4385,"date":"2025-06-28T16:39:54","date_gmt":"2025-06-28T14:39:54","guid":{"rendered":"https:\/\/uj.adatbank.ro\/lexikon\/termek\/benko-janos-benko-joannaes\/"},"modified":"2025-06-28T16:39:54","modified_gmt":"2025-06-28T14:39:54","slug":"benko-janos-benko-joannaes","status":"publish","type":"product","link":"https:\/\/uj.adatbank.ro\/lexikon\/termek\/benko-janos-benko-joannaes\/","title":{"rendered":"BENK\u0150 J\u00e1nos, Benk\u0151 Joannaes"},"content":{"rendered":"<p>Sz\u00e9kelyhodos, ? \u2020 1769. dec. 7.: r. k. pap. \u2013 Sz\u00e9kelyudvarhelyen tanult (1717), Kv.-on (1718\u201322) a Szent Adalbert szemin\u00e1rium v\u00e9gzettje, majd hittudom\u00e1nyokat tanult Nagyszombatban (1723\u201326), ahol III. \u00e9ves hallgat\u00f3k\u00e9nt a szabad m\u0171v\u00e9szetek \u00e9s b\u00f6lcs\u00e9szet bab\u00e9rkoszor\u00fasa \u00e9s doktorr\u00e1 avatt\u00e1k (1725. m\u00e1j. 15.). Pl\u00e9b\u00e1nos Sz\u00e9kelyk\u00e1lon (1726\u201332), Sz\u00e1rhegyen (1753\u2013). <br \/><strong>Irod.:<\/strong> Ferenczi S\u00e1ndor 2009; P\u00e1l-Antal 2004; Szab\u00f3 Mikl\u00f3s 2005; Sz\u00e9kelyk\u00e1l<\/br><\/p>\n","protected":false},"excerpt":{"rendered":"<p>Sz\u00e9kelyhodos, ? \u2020 1769. dec. 7.: r. k. pap. \u2013 Sz\u00e9kelyudvarhelyen tanult (1717), Kv.-on (1718\u201322) a Szent Adalbert szemin\u00e1rium v\u00e9gzettje, majd hittudom\u00e1nyokat tanult Nagyszombatban (1723\u201326), ahol III. \u00e9ves hallgat\u00f3k\u00e9nt a szabad m\u0171v\u00e9szetek \u00e9s b\u00f6lcs\u00e9szet bab\u00e9rkoszor\u00fasa \u00e9s doktorr\u00e1 avatt\u00e1k (1725. m\u00e1j. 15.). Pl\u00e9b\u00e1nos Sz\u00e9kelyk\u00e1lon (1726\u201332), Sz\u00e1rhegyen (1753\u2013). Irod.: Ferenczi S\u00e1ndor 2009; P\u00e1l-Antal 2004; Szab\u00f3 Mikl\u00f3s 2005; [&hellip;]<\/p>\n","protected":false},"featured_media":0,"comment_status":"open","ping_status":"closed","template":"","meta":[],"product_brand":[],"product_cat":[137],"product_tag":[],"class_list":{"0":"post-4385","1":"product","2":"type-product","3":"status-publish","5":"product_cat-maros-megyei-eletrajzi-lexikon","7":"first","8":"instock","9":"shipping-taxable","10":"product-type-simple"},"_links":{"self":[{"href":"https:\/\/uj.adatbank.ro\/lexikon\/wp-json\/wp\/v2\/product\/4385","targetHints":{"allow":["GET"]}}],"collection":[{"href":"https:\/\/uj.adatbank.ro\/lexikon\/wp-json\/wp\/v2\/product"}],"about":[{"href":"https:\/\/uj.adatbank.ro\/lexikon\/wp-json\/wp\/v2\/types\/product"}],"replies":[{"embeddable":true,"href":"https:\/\/uj.adatbank.ro\/lexikon\/wp-json\/wp\/v2\/comments?post=4385"}],"wp:attachment":[{"href":"https:\/\/uj.adatbank.ro\/lexikon\/wp-json\/wp\/v2\/media?parent=4385"}],"wp:term":[{"taxonomy":"product_brand","embeddable":true,"href":"https:\/\/uj.adatbank.ro\/lexikon\/wp-json\/wp\/v2\/product_brand?post=4385"},{"taxonomy":"product_cat","embeddable":true,"href":"https:\/\/uj.adatbank.ro\/lexikon\/wp-json\/wp\/v2\/product_cat?post=4385"},{"taxonomy":"product_tag","embeddable":true,"href":"https:\/\/uj.adatbank.ro\/lexikon\/wp-json\/wp\/v2\/product_tag?post=4385"}],"curies":[{"name":"wp","href":"https:\/\/api.w.org\/{rel}","templated":true}]}}

BENKŐ János, Benkő Joannaes

<p>Székelyhodos, ? † 1769. dec. 7.: r. k. pap. – Székelyudvarhelyen tanult (1717), Kv.-on (1718–22) a Szent Adalbert szeminárium végzettje, majd hittudományokat tanult Nagyszombatban (1723–26), ahol III. éves hallgatóként a szabad művészetek és bölcsészet babérkoszorúsa és doktorrá avatták (1725. máj. 15.). Plébános Székelykálon (1726–32), Szárhegyen (1753–). <br /><strong>Irod.:</strong> Ferenczi Sándor 2009; Pál-Antal 2004; Szabó Miklós 2005; Székelykál</br></p>

<p>Székelyhodos, ? † 1769. dec. 7.: r. k. pap. – Székelyudvarhelyen tanult (1717), Kv.-on (1718–22) a Szent Adalbert szeminárium végzettje, majd hittudományokat tanult Nagyszombatban (1723–26), ahol III. éves hallgatóként a szabad művészetek és bölcsészet babérkoszorúsa és doktorrá avatták (1725. máj. 15.). Plébános Székelykálon (1726–32), Szárhegyen (1753–). Irod.: Ferenczi Sándor 2009; Pál-Antal 2004; Szabó Miklós 2005; [&hellip;]</p>
