{"id":4386,"date":"2025-06-28T16:39:56","date_gmt":"2025-06-28T14:39:56","guid":{"rendered":"https:\/\/uj.adatbank.ro\/lexikon\/termek\/benko-jeno\/"},"modified":"2025-06-28T16:39:56","modified_gmt":"2025-06-28T14:39:56","slug":"benko-jeno","status":"publish","type":"product","link":"https:\/\/uj.adatbank.ro\/lexikon\/termek\/benko-jeno\/","title":{"rendered":"BENK\u0150 Jen\u0151"},"content":{"rendered":"<p>Sz\u00e1szr\u00e9gen, 1917. j\u00fan. 2., \u2020 ? : k\u00f6nyvt\u00e1ros, k\u00f6zgazd\u00e1sz. \u2013 Lakhelye Ausztria (1947), USA. <br \/><strong>Irod.:<\/strong> Nagy Csaba BUGYI P\u00e1l, \u00a7 *Biharr\u00f3sa, 1919., \u2020\u00a0? : kommunista politikus. \u2013 Paraszt sz\u00e1rmaz\u00e1s\u00fa. Napsz\u00e1mos. N\u00e9ptan\u00e1cseln\u00f6k (1945), Sepsi rajon els\u0151titk\u00e1ra volt, a h\u00e1romsz\u00e9ki er\u0151szakos kollektiviz\u00e1l\u00e1s elleni l\u00e1zad\u00e1sok leveres\u00e9ben volt szerepe. Az \u00faj MAT-ban, az orsz\u00e1g \u00faj k\u00f6zigazgat\u00e1si feloszl\u00e1sa ut\u00e1n (331\/1952. sz. t\u00f6rv\u00e9ny alapj\u00e1n), a MAT N\u00e9ptan\u00e1cs VB ideiglenes, majd v\u00e9gleges eln\u00f6ke, a Tartom\u00e1nyi N\u00e9ptan\u00e1cs eln\u00f6ke (1952. j\u00fal. 22. \u2013 1958. aug.), Eml\u00e9k\u00fcl\u00e9s keret\u00e9ben bejelentette, h. a Iosif Ranghe\u021b k\u00f6z\u00e9piskola, az egykori Ref. Koll. ezut\u00e1n a Bolyai Farkas nev\u00e9t fogja viselni (1956. nov. 16\u201318), ezt meger\u0151s\u00edtette az NNGy hat\u00e1rozata (1956. nov. 19.). MAT k\u00e9pvisel\u0151je (1957. febr. 3. \u2013). A K\u00e1d\u00e1r J\u00e1nos vezette magyar deleg\u00e1ci\u00f3 a MAT \u2013ba, Mv.-re l\u00e1togatott, k\u00f6sz\u00f6nt\u00f6tte a deleg\u00e1ci\u00f3t (1958. febr. 24.). Felmentett\u00e9k tiszts\u00e9g\u00e9b\u0151l (1958. aug.) \u00e9s a Szovjetuni\u00f3ba k\u00fcldt\u00e9k tanulm\u00e1ny\u00fatra. Majd Buk.-ben dolgozott, a Sportvad\u00e1szok \u00e9s Hal\u00e1szok Orsz\u00e1gos Sz\u00f6vets\u00e9g\u00e9nek aleln\u00f6ke (1968. k.), kisebb \u00e1ll\u00e1sokat t\u00f6lt\u00f6tt be miniszt.-okban, majd nyugd\u00edjazt\u00e1k (1969\u201370?). <br \/><strong>Irod.:<\/strong> Auton\u00f3m magyarok; Bartos 2012; Bottoni 2006; Bottoni 2008; Cri\u015fan; D. M.: Vad\u00e1szok, hal\u00e1szok (\u00daj \u00c9let, 11. sz., 1968); Egyed \u00c1. 2013; Gagyi J\u00f3zsef: Egy munkaterv 1952-b\u0151l: A MAT sz\u00fclet\u00e9se (Sz\u00e9kelyf\u00f6ld, 9. sz., 2002. szept.); Id\u0151t\u00e1r 4.<\/br><\/p>\n","protected":false},"excerpt":{"rendered":"<p>Sz\u00e1szr\u00e9gen, 1917. j\u00fan. 2., \u2020 ? : k\u00f6nyvt\u00e1ros, k\u00f6zgazd\u00e1sz. \u2013 Lakhelye Ausztria (1947), USA. Irod.: Nagy Csaba BUGYI P\u00e1l, \u00a7 *Biharr\u00f3sa, 1919., \u2020\u00a0? : kommunista politikus. \u2013 Paraszt sz\u00e1rmaz\u00e1s\u00fa. Napsz\u00e1mos. N\u00e9ptan\u00e1cseln\u00f6k (1945), Sepsi rajon els\u0151titk\u00e1ra volt, a h\u00e1romsz\u00e9ki er\u0151szakos kollektiviz\u00e1l\u00e1s elleni l\u00e1zad\u00e1sok leveres\u00e9ben volt szerepe. Az \u00faj MAT-ban, az orsz\u00e1g \u00faj k\u00f6zigazgat\u00e1si feloszl\u00e1sa ut\u00e1n (331\/1952. [&hellip;]<\/p>\n","protected":false},"featured_media":0,"comment_status":"open","ping_status":"closed","template":"","meta":[],"product_brand":[],"product_cat":[137],"product_tag":[],"class_list":{"0":"post-4386","1":"product","2":"type-product","3":"status-publish","5":"product_cat-maros-megyei-eletrajzi-lexikon","7":"first","8":"instock","9":"shipping-taxable","10":"product-type-simple"},"_links":{"self":[{"href":"https:\/\/uj.adatbank.ro\/lexikon\/wp-json\/wp\/v2\/product\/4386","targetHints":{"allow":["GET"]}}],"collection":[{"href":"https:\/\/uj.adatbank.ro\/lexikon\/wp-json\/wp\/v2\/product"}],"about":[{"href":"https:\/\/uj.adatbank.ro\/lexikon\/wp-json\/wp\/v2\/types\/product"}],"replies":[{"embeddable":true,"href":"https:\/\/uj.adatbank.ro\/lexikon\/wp-json\/wp\/v2\/comments?post=4386"}],"wp:attachment":[{"href":"https:\/\/uj.adatbank.ro\/lexikon\/wp-json\/wp\/v2\/media?parent=4386"}],"wp:term":[{"taxonomy":"product_brand","embeddable":true,"href":"https:\/\/uj.adatbank.ro\/lexikon\/wp-json\/wp\/v2\/product_brand?post=4386"},{"taxonomy":"product_cat","embeddable":true,"href":"https:\/\/uj.adatbank.ro\/lexikon\/wp-json\/wp\/v2\/product_cat?post=4386"},{"taxonomy":"product_tag","embeddable":true,"href":"https:\/\/uj.adatbank.ro\/lexikon\/wp-json\/wp\/v2\/product_tag?post=4386"}],"curies":[{"name":"wp","href":"https:\/\/api.w.org\/{rel}","templated":true}]}}

BENKŐ Jenő

<p>Szászrégen, 1917. jún. 2., † ? : könyvtáros, közgazdász. – Lakhelye Ausztria (1947), USA. <br /><strong>Irod.:</strong> Nagy Csaba BUGYI Pál, § *Biharrósa, 1919., † ? : kommunista politikus. – Paraszt származású. Napszámos. Néptanácselnök (1945), Sepsi rajon elsőtitkára volt, a háromszéki erőszakos kollektivizálás elleni lázadások leveresében volt szerepe. Az új MAT-ban, az ország új közigazgatási feloszlása után (331/1952. sz. törvény alapján), a MAT Néptanács VB ideiglenes, majd végleges elnöke, a Tartományi Néptanács elnöke (1952. júl. 22. – 1958. aug.), Emlékülés keretében bejelentette, h. a Iosif Rangheț középiskola, az egykori Ref. Koll. ezután a Bolyai Farkas nevét fogja viselni (1956. nov. 16–18), ezt megerősítette az NNGy határozata (1956. nov. 19.). MAT képviselője (1957. febr. 3. –). A Kádár János vezette magyar delegáció a MAT –ba, Mv.-re látogatott, köszöntötte a delegációt (1958. febr. 24.). Felmentették tisztségéből (1958. aug.) és a Szovjetunióba küldték tanulmányútra. Majd Buk.-ben dolgozott, a Sportvadászok és Halászok Országos Szövetségének alelnöke (1968. k.), kisebb állásokat töltött be miniszt.-okban, majd nyugdíjazták (1969–70?). <br /><strong>Irod.:</strong> Autonóm magyarok; Bartos 2012; Bottoni 2006; Bottoni 2008; Crişan; D. M.: Vadászok, halászok (Új Élet, 11. sz., 1968); Egyed Á. 2013; Gagyi József: Egy munkaterv 1952-ből: A MAT születése (Székelyföld, 9. sz., 2002. szept.); Időtár 4.</br></p>

<p>Szászrégen, 1917. jún. 2., † ? : könyvtáros, közgazdász. – Lakhelye Ausztria (1947), USA. Irod.: Nagy Csaba BUGYI Pál, § *Biharrósa, 1919., † ? : kommunista politikus. – Paraszt származású. Napszámos. Néptanácselnök (1945), Sepsi rajon elsőtitkára volt, a háromszéki erőszakos kollektivizálás elleni lázadások leveresében volt szerepe. Az új MAT-ban, az ország új közigazgatási feloszlása után (331/1952. [&hellip;]</p>
