{"id":4389,"date":"2025-06-28T16:40:00","date_gmt":"2025-06-28T14:40:00","guid":{"rendered":"https:\/\/uj.adatbank.ro\/lexikon\/termek\/benko-laszlo\/"},"modified":"2025-06-28T16:40:00","modified_gmt":"2025-06-28T14:40:00","slug":"benko-laszlo","status":"publish","type":"product","link":"https:\/\/uj.adatbank.ro\/lexikon\/termek\/benko-laszlo\/","title":{"rendered":"BENK\u0150 L\u00e1szl\u00f3"},"content":{"rendered":"<p>1874., \u2020 Mv., 1938. nov. 1.: nyomdatulajdonos, lapkiad\u00f3, v\u00e1rosi tan\u00e1csos. \u2013 Feles\u00e9ge: V\u00edt\u00e9z Julianna. \u2013 Megvette a mv.- i Ref. Koll. nyomd\u00e1j\u00e1t (1897), amely az \u00e1llamos\u00edt\u00e1sig m\u0171k\u00f6d\u00f6tt (1948-ig). Az \u00fczem saj\u00e1t h\u00e1z\u00e1ban volt elhelyezve. Nyomdaterm\u00e9kei magukon viselik a tulajdonos kiv\u00e1l\u00f3 szaktud\u00e1s\u00e1t, ped\u00e1ns lelkiismeretess\u00e9g\u00e9t, \u00fagy hogy a legjobb h\u00edrn\u00e9vnek \u00f6rvendett. Az \u0151 nyomd\u00e1j\u00e1ban nyomt\u00e1k a Sz\u00e9kely Napl\u00f3 c. napilapot (1910\u20131930), amelynek felel\u0151s szerkeszt\u0151je volt (1911\u2013). Megjelentette Maros megye t\u00e9rk\u00e9p\u00e9t (1928). K\u00f6z\u00e9leti tev\u00e9kenys\u00e9get is kifejett: A M. Sz\u00f6vets\u00e9g v\u00e1rosi tagozat\u00e1nak k\u00e9pviselet\u00e9ben Groza seg\u00edts\u00e9g\u00e9t k\u00e9rte a m. iskol\u00e1k \u00fcgy\u00e9ben (1921); Az OMP tagja, p\u00e9nzt\u00e1rosa (1927); v\u00e1rosi tan\u00e1csos (1926\u2013), mint ilyen felvetette a k\u00e9tnylv\u0171 utcan\u00e9v t\u00e1bl\u00e1k k\u00e9rd\u00e9s\u00e9t (1931). A v\u00e1s\u00e1rhelyi \u00dajs\u00e1g\u00edr\u00f3k Egyes\u00fclet\u00e9nek tagja (1921); a M. Iparosok Egyes\u00fclet\u00e9nek aleln\u00f6ke; a Kereskedelmi \u00e9s Iparkamara tagja, aleln\u00f6ke (1930); a mv.-i Kaszin\u00f3 tagja volt. \u00d6tven\u00e9ves munk\u00e1ss\u00e1g\u00e1t d\u00edszk\u00f6zgy\u0171l\u00e9ss\u00e9l \u00fcnnepelte meg a Rom\u00e1niai Grafikai Munkaad\u00f3k Sz\u00f6vets\u00e9g\u00e9nek mv.-i csoportja (1937). A Mv.-i Kaszin\u00f3 v\u00e1lasztm\u00e1nyi tagja (1932). \u2013 <strong>F. m.:<\/strong> A halott v\u0151leg\u00e9ny t\u00f6rt\u00e9nete (Lenore-monda \u2013 Die Lenoren Sage): Tipustanulm\u00e1ny (Szeged, 1934). <br \/><strong>Irod.:<\/strong> Bern\u00e1dy; Bi\u00e1s Istv\u00e1n; Csekme; EBKL; Id\u0151t\u00e1r 2; Id\u0151t\u00e1r 3; Guly\u00e1s; Gy\u00e1szjelent\u0151; \u00d6kr\u00f6s; P\u00e1l-Antal 2003; Pan\u0103; Popt\u0103ma\u015f\u2013M\u00f3zes<\/br><\/p>\n","protected":false},"excerpt":{"rendered":"<p>1874., \u2020 Mv., 1938. nov. 1.: nyomdatulajdonos, lapkiad\u00f3, v\u00e1rosi tan\u00e1csos. \u2013 Feles\u00e9ge: V\u00edt\u00e9z Julianna. \u2013 Megvette a mv.- i Ref. Koll. nyomd\u00e1j\u00e1t (1897), amely az \u00e1llamos\u00edt\u00e1sig m\u0171k\u00f6d\u00f6tt (1948-ig). Az \u00fczem saj\u00e1t h\u00e1z\u00e1ban volt elhelyezve. Nyomdaterm\u00e9kei magukon viselik a tulajdonos kiv\u00e1l\u00f3 szaktud\u00e1s\u00e1t, ped\u00e1ns lelkiismeretess\u00e9g\u00e9t, \u00fagy hogy a legjobb h\u00edrn\u00e9vnek \u00f6rvendett. Az \u0151 nyomd\u00e1j\u00e1ban nyomt\u00e1k a Sz\u00e9kely [&hellip;]<\/p>\n","protected":false},"featured_media":0,"comment_status":"open","ping_status":"closed","template":"","meta":[],"product_brand":[],"product_cat":[137],"product_tag":[],"class_list":{"0":"post-4389","1":"product","2":"type-product","3":"status-publish","5":"product_cat-maros-megyei-eletrajzi-lexikon","7":"first","8":"instock","9":"shipping-taxable","10":"product-type-simple"},"_links":{"self":[{"href":"https:\/\/uj.adatbank.ro\/lexikon\/wp-json\/wp\/v2\/product\/4389","targetHints":{"allow":["GET"]}}],"collection":[{"href":"https:\/\/uj.adatbank.ro\/lexikon\/wp-json\/wp\/v2\/product"}],"about":[{"href":"https:\/\/uj.adatbank.ro\/lexikon\/wp-json\/wp\/v2\/types\/product"}],"replies":[{"embeddable":true,"href":"https:\/\/uj.adatbank.ro\/lexikon\/wp-json\/wp\/v2\/comments?post=4389"}],"wp:attachment":[{"href":"https:\/\/uj.adatbank.ro\/lexikon\/wp-json\/wp\/v2\/media?parent=4389"}],"wp:term":[{"taxonomy":"product_brand","embeddable":true,"href":"https:\/\/uj.adatbank.ro\/lexikon\/wp-json\/wp\/v2\/product_brand?post=4389"},{"taxonomy":"product_cat","embeddable":true,"href":"https:\/\/uj.adatbank.ro\/lexikon\/wp-json\/wp\/v2\/product_cat?post=4389"},{"taxonomy":"product_tag","embeddable":true,"href":"https:\/\/uj.adatbank.ro\/lexikon\/wp-json\/wp\/v2\/product_tag?post=4389"}],"curies":[{"name":"wp","href":"https:\/\/api.w.org\/{rel}","templated":true}]}}

BENKŐ László

<p>1874., † Mv., 1938. nov. 1.: nyomdatulajdonos, lapkiadó, városi tanácsos. – Felesége: Vítéz Julianna. – Megvette a mv.- i Ref. Koll. nyomdáját (1897), amely az államosításig működött (1948-ig). Az üzem saját házában volt elhelyezve. Nyomdatermékei magukon viselik a tulajdonos kiváló szaktudását, pedáns lelkiismeretességét, úgy hogy a legjobb hírnévnek örvendett. Az ő nyomdájában nyomták a Székely Napló c. napilapot (1910–1930), amelynek felelős szerkesztője volt (1911–). Megjelentette Maros megye térképét (1928). Közéleti tevékenységet is kifejett: A M. Szövetség városi tagozatának képviseletében Groza segítségét kérte a m. iskolák ügyében (1921); Az OMP tagja, pénztárosa (1927); városi tanácsos (1926–), mint ilyen felvetette a kétnylvű utcanév táblák kérdését (1931). A vásárhelyi Újságírók Egyesületének tagja (1921); a M. Iparosok Egyesületének alelnöke; a Kereskedelmi és Iparkamara tagja, alelnöke (1930); a mv.-i Kaszinó tagja volt. Ötvenéves munkásságát díszközgyűléssél ünnepelte meg a Romániai Grafikai Munkaadók Szövetségének mv.-i csoportja (1937). A Mv.-i Kaszinó választmányi tagja (1932). – <strong>F. m.:</strong> A halott vőlegény története (Lenore-monda – Die Lenoren Sage): Tipustanulmány (Szeged, 1934). <br /><strong>Irod.:</strong> Bernády; Biás István; Csekme; EBKL; Időtár 2; Időtár 3; Gulyás; Gyászjelentő; Ökrös; Pál-Antal 2003; Pană; Poptămaş–Mózes</br></p>

<p>1874., † Mv., 1938. nov. 1.: nyomdatulajdonos, lapkiadó, városi tanácsos. – Felesége: Vítéz Julianna. – Megvette a mv.- i Ref. Koll. nyomdáját (1897), amely az államosításig működött (1948-ig). Az üzem saját házában volt elhelyezve. Nyomdatermékei magukon viselik a tulajdonos kiváló szaktudását, pedáns lelkiismeretességét, úgy hogy a legjobb hírnévnek örvendett. Az ő nyomdájában nyomták a Székely [&hellip;]</p>
