{"id":4396,"date":"2025-06-28T16:40:14","date_gmt":"2025-06-28T14:40:14","guid":{"rendered":"https:\/\/uj.adatbank.ro\/lexikon\/termek\/benko-mihaly-besenyoi-2\/"},"modified":"2025-06-28T16:40:14","modified_gmt":"2025-06-28T14:40:14","slug":"benko-mihaly-besenyoi-2","status":"publish","type":"product","link":"https:\/\/uj.adatbank.ro\/lexikon\/termek\/benko-mihaly-besenyoi-2\/","title":{"rendered":"BENK\u0150 Mih\u00e1ly, beseny\u0151i"},"content":{"rendered":"<p>1719 \u2020 Mv., 1797. dec. 13.: tan\u00e1r. \u2013 Mv.-en di\u00e1k (1742), Kov\u00e1sznai tanul\u00f3t\u00e1rsa (1749), majd a klasszikus retorika v. hitsz\u00f3noklattan oszt\u00e1lytan\u00edt\u00f3 \u00e9s a g\u00f6r\u00f6g nyelvben praeses\/ eln\u00f6k lett. Utrechtben folytatta tanulm\u00e1nyait (1756). A mv.-i Ref. Koll. tan\u00e1r\u00e1nak v\u00e1lasztott\u00e1k (1756), mint catheca \/lelkip\u00e1sztori munkat\u00e1rs m\u0171k\u00f6d\u00f6tt hal\u00e1l\u00e1ig (1757\u201397), mint a teol\u00f3gia professzora, rektor (1757\u201374. m\u00e1j.). Sok kellemetlens\u00e9ge volt a ref. f\u0151konziszt\u00f3riummal, t\u00f6bbsz\u00f6ri felsz\u00f3l\u00edt\u00e1s\u00e1ra sem cser\u00e9lte fel a tan\u00e1ri \u00e1ll\u00e1s\u00e1t a papival. Ennek \u00e9rtelm\u00e9ben a teol\u00f3gia \u00e9s mell\u00e9k t\u00e1rgyai tan\u00edt\u00e1s\u00e1t\u00f3l felf\u00fcggesztett\u00e9k. Gr. Toldalagi Ferenc seg\u00edtette, \u00fajra prof.-nak nyilv\u00e1n\u00edtott\u00e1k, de tant\u00e1rgyul csak a heidelbergi k\u00e1t\u00e9 magyar\u00e1zat\u00e1t jel\u00f6lt\u00e9k ki, ilyen min\u0151s\u00e9gben mint catheca \/ katek\u00e9ta maradt meg a koll.-ban hal\u00e1l\u00e1ig (1774\u201397). \u00dcdv\u00f6zl\u0151 latin verset \u00edrt M\u00e1tyus Istv\u00e1n orvoshoz (1756. m\u00e1j. 12.) Utrechtben tartott orvosi disszert\u00e1ci\u00f3ja megv\u00e9d\u00e9se alkalm\u00e1b\u00f3l. \u2013 <strong>F. m.:<\/strong> R\u00f6vid halotti tan\u00edt\u00e1s losonczi br. B\u00e1nffy Erzs\u00e9bet, nagyercsei gr. Toldalagi P\u00e1ln\u00e9 felett, 1757. dec. 18. (Kv., 1758.), <strong>t\u00e1rssz.:<\/strong> Dersi J\u00e1nos eml\u00e9ke (Kv., 1893). <br \/><strong>Irod.:<\/strong> Fogarasi; Halotti besz\u00e9dek; Id\u0151t\u00e1r 1; Kiss K\u00e1roly Sz.; Koncz; Kov\u00e1sznai; Kozma; Kr\u00f3n. F\u00fcz. (1939. 4\/8); P\u00e1lmay; S\u00e1muel Alad\u00e1r: Fels\u0151csern\u00e1toni Bod P\u00e9ter \u00e9lete \u00e9s m\u0171vei (Bp., 1899); Szinnyei<\/br><\/p>\n","protected":false},"excerpt":{"rendered":"<p>1719 \u2020 Mv., 1797. dec. 13.: tan\u00e1r. \u2013 Mv.-en di\u00e1k (1742), Kov\u00e1sznai tanul\u00f3t\u00e1rsa (1749), majd a klasszikus retorika v. hitsz\u00f3noklattan oszt\u00e1lytan\u00edt\u00f3 \u00e9s a g\u00f6r\u00f6g nyelvben praeses\/ eln\u00f6k lett. Utrechtben folytatta tanulm\u00e1nyait (1756). A mv.-i Ref. Koll. tan\u00e1r\u00e1nak v\u00e1lasztott\u00e1k (1756), mint catheca \/lelkip\u00e1sztori munkat\u00e1rs m\u0171k\u00f6d\u00f6tt hal\u00e1l\u00e1ig (1757\u201397), mint a teol\u00f3gia professzora, rektor (1757\u201374. m\u00e1j.). Sok kellemetlens\u00e9ge [&hellip;]<\/p>\n","protected":false},"featured_media":0,"comment_status":"open","ping_status":"closed","template":"","meta":[],"product_brand":[],"product_cat":[137],"product_tag":[],"class_list":{"0":"post-4396","1":"product","2":"type-product","3":"status-publish","5":"product_cat-maros-megyei-eletrajzi-lexikon","7":"first","8":"instock","9":"shipping-taxable","10":"product-type-simple"},"_links":{"self":[{"href":"https:\/\/uj.adatbank.ro\/lexikon\/wp-json\/wp\/v2\/product\/4396","targetHints":{"allow":["GET"]}}],"collection":[{"href":"https:\/\/uj.adatbank.ro\/lexikon\/wp-json\/wp\/v2\/product"}],"about":[{"href":"https:\/\/uj.adatbank.ro\/lexikon\/wp-json\/wp\/v2\/types\/product"}],"replies":[{"embeddable":true,"href":"https:\/\/uj.adatbank.ro\/lexikon\/wp-json\/wp\/v2\/comments?post=4396"}],"wp:attachment":[{"href":"https:\/\/uj.adatbank.ro\/lexikon\/wp-json\/wp\/v2\/media?parent=4396"}],"wp:term":[{"taxonomy":"product_brand","embeddable":true,"href":"https:\/\/uj.adatbank.ro\/lexikon\/wp-json\/wp\/v2\/product_brand?post=4396"},{"taxonomy":"product_cat","embeddable":true,"href":"https:\/\/uj.adatbank.ro\/lexikon\/wp-json\/wp\/v2\/product_cat?post=4396"},{"taxonomy":"product_tag","embeddable":true,"href":"https:\/\/uj.adatbank.ro\/lexikon\/wp-json\/wp\/v2\/product_tag?post=4396"}],"curies":[{"name":"wp","href":"https:\/\/api.w.org\/{rel}","templated":true}]}}

BENKŐ Mihály, besenyői

<p>1719 † Mv., 1797. dec. 13.: tanár. – Mv.-en diák (1742), Kovásznai tanulótársa (1749), majd a klasszikus retorika v. hitszónoklattan osztálytanító és a görög nyelvben praeses/ elnök lett. Utrechtben folytatta tanulmányait (1756). A mv.-i Ref. Koll. tanárának választották (1756), mint catheca /lelkipásztori munkatárs működött haláláig (1757–97), mint a teológia professzora, rektor (1757–74. máj.). Sok kellemetlensége volt a ref. főkonzisztóriummal, többszöri felszólítására sem cserélte fel a tanári állását a papival. Ennek értelmében a teológia és mellék tárgyai tanításától felfüggesztették. Gr. Toldalagi Ferenc segítette, újra prof.-nak nyilvánították, de tantárgyul csak a heidelbergi káté magyarázatát jelölték ki, ilyen minőségben mint catheca / katekéta maradt meg a koll.-ban haláláig (1774–97). Üdvözlő latin verset írt Mátyus István orvoshoz (1756. máj. 12.) Utrechtben tartott orvosi disszertációja megvédése alkalmából. – <strong>F. m.:</strong> Rövid halotti tanítás losonczi br. Bánffy Erzsébet, nagyercsei gr. Toldalagi Pálné felett, 1757. dec. 18. (Kv., 1758.), <strong>társsz.:</strong> Dersi János emléke (Kv., 1893). <br /><strong>Irod.:</strong> Fogarasi; Halotti beszédek; Időtár 1; Kiss Károly Sz.; Koncz; Kovásznai; Kozma; Krón. Füz. (1939. 4/8); Pálmay; Sámuel Aladár: Felsőcsernátoni Bod Péter élete és művei (Bp., 1899); Szinnyei</br></p>

<p>1719 † Mv., 1797. dec. 13.: tanár. – Mv.-en diák (1742), Kovásznai tanulótársa (1749), majd a klasszikus retorika v. hitszónoklattan osztálytanító és a görög nyelvben praeses/ elnök lett. Utrechtben folytatta tanulmányait (1756). A mv.-i Ref. Koll. tanárának választották (1756), mint catheca /lelkipásztori munkatárs működött haláláig (1757–97), mint a teológia professzora, rektor (1757–74. máj.). Sok kellemetlensége [&hellip;]</p>
