{"id":4398,"date":"2025-06-28T16:40:18","date_gmt":"2025-06-28T14:40:18","guid":{"rendered":"https:\/\/uj.adatbank.ro\/lexikon\/termek\/benko-pal\/"},"modified":"2025-06-28T16:40:18","modified_gmt":"2025-06-28T14:40:18","slug":"benko-pal","status":"publish","type":"product","link":"https:\/\/uj.adatbank.ro\/lexikon\/termek\/benko-pal\/","title":{"rendered":"BENK\u0150 P\u00e1l"},"content":{"rendered":"<p>K\u00e9zdiv\u00e1s\u00e1rhely, 1822. febr. 6. v. 1821.? , \u2020 1904. aug. 5.: r. k. pap. \u2013 Papp\u00e1 szentelt\u00e9k (1845. \u00e1pr. 23.). K\u00e1pl\u00e1n Mv.-en, Hodoson (1847), Jobb\u00e1gytelk\u00e9n pl\u00e9b\u00e1nos (1847\u201356), a szabads\u00e1gharc alatt t\u00e1bori lelk\u00e9szi feladatokat v\u00e1llalt a honv\u00e9ds\u00e9gben. Lelkip\u00e1sztor T\u00fcrben (1857), Cs\u00edkszered\u00e1ban (1858), D\u00e9sakn\u00e1n (1866 v. 1867.?), Szentkatoln\u00e1n (1869 v. 1870?), Kily\u00e9nfalv\u00e1n (1876), majd kinevezett pl\u00e9b\u00e1nos (1879\u2013). <br \/><strong>Irod.:<\/strong> Cs\u00edkfalva; Eml\u00e9kk\u00f6nyv a jobb\u00e1gytelki iskola \u00e9vfordul\u00f3j\u00e1ra; Ferenczi S\u00e1ndor 2009; Internet; Tam\u00e1si Zsolt: A marosi r\u00f3mai katolikus esperesi ker\u00fclet helyzete 1848<\/br><\/p>\n","protected":false},"excerpt":{"rendered":"<p>K\u00e9zdiv\u00e1s\u00e1rhely, 1822. febr. 6. v. 1821.? , \u2020 1904. aug. 5.: r. k. pap. \u2013 Papp\u00e1 szentelt\u00e9k (1845. \u00e1pr. 23.). K\u00e1pl\u00e1n Mv.-en, Hodoson (1847), Jobb\u00e1gytelk\u00e9n pl\u00e9b\u00e1nos (1847\u201356), a szabads\u00e1gharc alatt t\u00e1bori lelk\u00e9szi feladatokat v\u00e1llalt a honv\u00e9ds\u00e9gben. Lelkip\u00e1sztor T\u00fcrben (1857), Cs\u00edkszered\u00e1ban (1858), D\u00e9sakn\u00e1n (1866 v. 1867.?), Szentkatoln\u00e1n (1869 v. 1870?), Kily\u00e9nfalv\u00e1n (1876), majd kinevezett pl\u00e9b\u00e1nos (1879\u2013). [&hellip;]<\/p>\n","protected":false},"featured_media":0,"comment_status":"open","ping_status":"closed","template":"","meta":[],"product_brand":[],"product_cat":[137],"product_tag":[],"class_list":{"0":"post-4398","1":"product","2":"type-product","3":"status-publish","5":"product_cat-maros-megyei-eletrajzi-lexikon","7":"first","8":"instock","9":"shipping-taxable","10":"product-type-simple"},"_links":{"self":[{"href":"https:\/\/uj.adatbank.ro\/lexikon\/wp-json\/wp\/v2\/product\/4398","targetHints":{"allow":["GET"]}}],"collection":[{"href":"https:\/\/uj.adatbank.ro\/lexikon\/wp-json\/wp\/v2\/product"}],"about":[{"href":"https:\/\/uj.adatbank.ro\/lexikon\/wp-json\/wp\/v2\/types\/product"}],"replies":[{"embeddable":true,"href":"https:\/\/uj.adatbank.ro\/lexikon\/wp-json\/wp\/v2\/comments?post=4398"}],"wp:attachment":[{"href":"https:\/\/uj.adatbank.ro\/lexikon\/wp-json\/wp\/v2\/media?parent=4398"}],"wp:term":[{"taxonomy":"product_brand","embeddable":true,"href":"https:\/\/uj.adatbank.ro\/lexikon\/wp-json\/wp\/v2\/product_brand?post=4398"},{"taxonomy":"product_cat","embeddable":true,"href":"https:\/\/uj.adatbank.ro\/lexikon\/wp-json\/wp\/v2\/product_cat?post=4398"},{"taxonomy":"product_tag","embeddable":true,"href":"https:\/\/uj.adatbank.ro\/lexikon\/wp-json\/wp\/v2\/product_tag?post=4398"}],"curies":[{"name":"wp","href":"https:\/\/api.w.org\/{rel}","templated":true}]}}

BENKŐ Pál

<p>Kézdivásárhely, 1822. febr. 6. v. 1821.? , † 1904. aug. 5.: r. k. pap. – Pappá szentelték (1845. ápr. 23.). Káplán Mv.-en, Hodoson (1847), Jobbágytelkén plébános (1847–56), a szabadságharc alatt tábori lelkészi feladatokat vállalt a honvédségben. Lelkipásztor Türben (1857), Csíkszeredában (1858), Désaknán (1866 v. 1867.?), Szentkatolnán (1869 v. 1870?), Kilyénfalván (1876), majd kinevezett plébános (1879–). <br /><strong>Irod.:</strong> Csíkfalva; Emlékkönyv a jobbágytelki iskola évfordulójára; Ferenczi Sándor 2009; Internet; Tamási Zsolt: A marosi római katolikus esperesi kerület helyzete 1848</br></p>

<p>Kézdivásárhely, 1822. febr. 6. v. 1821.? , † 1904. aug. 5.: r. k. pap. – Pappá szentelték (1845. ápr. 23.). Káplán Mv.-en, Hodoson (1847), Jobbágytelkén plébános (1847–56), a szabadságharc alatt tábori lelkészi feladatokat vállalt a honvédségben. Lelkipásztor Türben (1857), Csíkszeredában (1858), Désaknán (1866 v. 1867.?), Szentkatolnán (1869 v. 1870?), Kilyénfalván (1876), majd kinevezett plébános (1879–). [&hellip;]</p>
