{"id":4399,"date":"2025-06-28T16:40:20","date_gmt":"2025-06-28T14:40:20","guid":{"rendered":"https:\/\/uj.adatbank.ro\/lexikon\/termek\/benko-samu\/"},"modified":"2025-06-28T16:40:20","modified_gmt":"2025-06-28T14:40:20","slug":"benko-samu","status":"publish","type":"product","link":"https:\/\/uj.adatbank.ro\/lexikon\/termek\/benko-samu\/","title":{"rendered":"BENK\u0150 Samu"},"content":{"rendered":"<p>L\u0151rincfalva, 1928. febr. 25. \u2020\u00a0Kv., 2021. dec. 21.: m\u0171vel\u0151d\u00e9st\u00f6rt\u00e9n\u00e9sz, tudom\u00e1nyos kutat\u00f3. \u2013 B. Elek ref. lelk\u00e9sz \u00e9s D\u00f3sa Erzs\u00e9bet fia. Nagy Margit m\u0171v\u00e9szett\u00f6rt\u00e9n\u00e9sz f\u00e9rje, fi\u00fak: Elek (1954\u2013) r\u00e9g\u00e9sz. \u2013 Mv.-en \u00e9s Kv.-on a ref. koll.-ban k\u00f6z\u00e9piskol\u00e1s. A Bolyai TE filoz\u00f3fia szak\u00e1n v\u00e9gzett (1950) \u00e9s uo. egyetemi gyakornok Ga\u00e1l G\u00e1bor mellett, tan\u00edtott egy iskol\u00e1ban, tan\u00e1rseg\u00e9d a Bolyai TE-en (1951\u201352), munkan\u00e9lk\u00fcli (1952\u201353), a Rom\u00e1n Akad. kv.-i T\u00f6rt\u00e9nettudom\u00e1nyi Int\u00e9zet\u00e9ben tudom\u00e1nyos kutat\u00f3 (1953\u20131975), a Korunk szerk. (1957\u201358). A T\u00e9ka sorozat szerkeszt\u0151bizotts\u00e1gi tagja. a Kriterion K\u00f6nyvkiad\u00f3n\u00e1l. Tudom\u00e1nyos f\u0151kutat\u00f3 a Rom\u00e1n Akad. Kv.-i Fi\u00f3kja k\u00f6nyvt\u00e1r\u00e1ban nyugd\u00edjaz\u00e1s\u00e1ig. Jelent\u0151s szerepe volt az Erd\u00e9lyi M\u00fazeum-Egyes\u00fclet \u00fajraszervez\u00e9s\u00e9ben- \u00e9s ind\u00edt\u00e1s\u00e1ban, melynek a kezdetben aleln\u00f6ke, majd k\u00e9t cikluson \u00e1t eln\u00f6ke (1994\u20132002) \u00e9s tiszteleti tagja, a Rom\u00e1n \u00cdr\u00f3sz\u00f6vets\u00e9g D\u00edja, Nicolae B\u0103lcescu d\u00edj, a Magyar K\u00f6zt\u00e1rsas\u00e1gi \u00c9rdemrend K\u00f6z\u00e9pkeresztje, Nagy Imre-eml\u00e9kplakett, D\u00e9ry Tibor \u2013d\u00edj, Sz\u00e9chenyi-d\u00edj, Kem\u00e9ny Zsigmond-d\u00edj a Magyar M\u0171v\u00e9szeti Akad. arany\u00e9rme, Bethlen-G\u00e1bor-d\u00edj, Gr\u00f3f Mik\u00f3 Imre-eml\u00e9klap, Haz\u00e1m d\u00edj, Pro Scientia \u00c9rem, Arany J\u00e1nos-\u00e9letm\u0171d\u00edj. A kv.-i h\u00e1zsong\u00e1rdi temet\u0151ben nyugszik.-\u00a0<strong>F. m.:<\/strong> Kem\u00e9ny Zsigmond napl\u00f3ja. (Kiad., bev. Benk\u0151 Samu; Buk., 1966; Kv., 2019.); Murokorsz\u00e1g. M\u0171vel\u0151d\u00e9st\u00f6rt\u00e9neti barangol\u00e1s sz\u00fcl\u0151f\u00f6ldemen (Buk., 1972); T\u00e1rsszerz\u0151: Az erd\u00e9lyi m\u0171szaki \u00e9s gazdas\u00e1gi \u00e9rtelmis\u00e9g kialakul\u00e1s\u00e1nak k\u00e9rd\u00e9s\u00e9r\u0151l = Tanulm\u00e1nyok az erd\u00e9lyi kapitalizmus kezdeteir\u0151l (Csetri Elek \u00e9s Imreh Istv\u00e1n, Buk., 1956).<\/br><\/p>\n","protected":false},"excerpt":{"rendered":"<p>L\u0151rincfalva, 1928. febr. 25. \u2020\u00a0Kv., 2021. dec. 21.: m\u0171vel\u0151d\u00e9st\u00f6rt\u00e9n\u00e9sz, tudom\u00e1nyos kutat\u00f3. \u2013 B. Elek ref. lelk\u00e9sz \u00e9s D\u00f3sa Erzs\u00e9bet fia. Nagy Margit m\u0171v\u00e9szett\u00f6rt\u00e9n\u00e9sz f\u00e9rje, fi\u00fak: Elek (1954\u2013) r\u00e9g\u00e9sz. \u2013 Mv.-en \u00e9s Kv.-on a ref. koll.-ban k\u00f6z\u00e9piskol\u00e1s. A Bolyai TE filoz\u00f3fia szak\u00e1n v\u00e9gzett (1950) \u00e9s uo. egyetemi gyakornok Ga\u00e1l G\u00e1bor mellett, tan\u00edtott egy iskol\u00e1ban, tan\u00e1rseg\u00e9d a [&hellip;]<\/p>\n","protected":false},"featured_media":0,"comment_status":"open","ping_status":"closed","template":"","meta":[],"product_brand":[],"product_cat":[137],"product_tag":[],"class_list":{"0":"post-4399","1":"product","2":"type-product","3":"status-publish","5":"product_cat-maros-megyei-eletrajzi-lexikon","7":"first","8":"instock","9":"shipping-taxable","10":"product-type-simple"},"_links":{"self":[{"href":"https:\/\/uj.adatbank.ro\/lexikon\/wp-json\/wp\/v2\/product\/4399","targetHints":{"allow":["GET"]}}],"collection":[{"href":"https:\/\/uj.adatbank.ro\/lexikon\/wp-json\/wp\/v2\/product"}],"about":[{"href":"https:\/\/uj.adatbank.ro\/lexikon\/wp-json\/wp\/v2\/types\/product"}],"replies":[{"embeddable":true,"href":"https:\/\/uj.adatbank.ro\/lexikon\/wp-json\/wp\/v2\/comments?post=4399"}],"wp:attachment":[{"href":"https:\/\/uj.adatbank.ro\/lexikon\/wp-json\/wp\/v2\/media?parent=4399"}],"wp:term":[{"taxonomy":"product_brand","embeddable":true,"href":"https:\/\/uj.adatbank.ro\/lexikon\/wp-json\/wp\/v2\/product_brand?post=4399"},{"taxonomy":"product_cat","embeddable":true,"href":"https:\/\/uj.adatbank.ro\/lexikon\/wp-json\/wp\/v2\/product_cat?post=4399"},{"taxonomy":"product_tag","embeddable":true,"href":"https:\/\/uj.adatbank.ro\/lexikon\/wp-json\/wp\/v2\/product_tag?post=4399"}],"curies":[{"name":"wp","href":"https:\/\/api.w.org\/{rel}","templated":true}]}}

BENKŐ Samu

<p>Lőrincfalva, 1928. febr. 25. † Kv., 2021. dec. 21.: művelődéstörténész, tudományos kutató. – B. Elek ref. lelkész és Dósa Erzsébet fia. Nagy Margit művészettörténész férje, fiúk: Elek (1954–) régész. – Mv.-en és Kv.-on a ref. koll.-ban középiskolás. A Bolyai TE filozófia szakán végzett (1950) és uo. egyetemi gyakornok Gaál Gábor mellett, tanított egy iskolában, tanársegéd a Bolyai TE-en (1951–52), munkanélküli (1952–53), a Román Akad. kv.-i Történettudományi Intézetében tudományos kutató (1953–1975), a Korunk szerk. (1957–58). A Téka sorozat szerkesztőbizottsági tagja. a Kriterion Könyvkiadónál. Tudományos főkutató a Román Akad. Kv.-i Fiókja könyvtárában nyugdíjazásáig. Jelentős szerepe volt az Erdélyi Múzeum-Egyesület újraszervezésében- és indításában, melynek a kezdetben alelnöke, majd két cikluson át elnöke (1994–2002) és tiszteleti tagja, a Román Írószövetség Díja, Nicolae Bălcescu díj, a Magyar Köztársasági Érdemrend Középkeresztje, Nagy Imre-emlékplakett, Déry Tibor –díj, Széchenyi-díj, Kemény Zsigmond-díj a Magyar Művészeti Akad. aranyérme, Bethlen-Gábor-díj, Gróf Mikó Imre-emléklap, Hazám díj, Pro Scientia Érem, Arany János-életműdíj. A kv.-i házsongárdi temetőben nyugszik.- <strong>F. m.:</strong> Kemény Zsigmond naplója. (Kiad., bev. Benkő Samu; Buk., 1966; Kv., 2019.); Murokország. Művelődéstörténeti barangolás szülőföldemen (Buk., 1972); Társszerző: Az erdélyi műszaki és gazdasági értelmiség kialakulásának kérdéséről = Tanulmányok az erdélyi kapitalizmus kezdeteiről (Csetri Elek és Imreh István, Buk., 1956).</br></p>

<p>Lőrincfalva, 1928. febr. 25. † Kv., 2021. dec. 21.: művelődéstörténész, tudományos kutató. – B. Elek ref. lelkész és Dósa Erzsébet fia. Nagy Margit művészettörténész férje, fiúk: Elek (1954–) régész. – Mv.-en és Kv.-on a ref. koll.-ban középiskolás. A Bolyai TE filozófia szakán végzett (1950) és uo. egyetemi gyakornok Gaál Gábor mellett, tanított egy iskolában, tanársegéd a [&hellip;]</p>
