{"id":4400,"date":"2025-06-28T16:40:21","date_gmt":"2025-06-28T14:40:21","guid":{"rendered":"https:\/\/uj.adatbank.ro\/lexikon\/termek\/benko-samuel\/"},"modified":"2025-06-28T16:40:21","modified_gmt":"2025-06-28T14:40:21","slug":"benko-samuel","status":"publish","type":"product","link":"https:\/\/uj.adatbank.ro\/lexikon\/termek\/benko-samuel\/","title":{"rendered":"BENK\u0150 S\u00e1muel"},"content":{"rendered":"<p>? \u2020\u00a0? : tan\u00edt\u00f3. \u2013 Mv.-en subscrib\u00e1lt (1772). Dics\u0151szentm\u00e1rtonban (1777\u201380), V\u00e1mosg\u00e1lfalv\u00e1n (1782\u201392) \u00e9s Nagyteremiben (1792\u20131825) tan\u00edtott. \u2013 <strong>F. m.:<\/strong> Ephemerides meteorologico-medicae annorum 1780, 1781, 1782, 1783, 1784., 1785, 1786, 1787, 1788, 1789, 1790, 1791, 1792, 1793. Vol. 1\u20135. (Vindobonae, 1794). <br \/><strong>Irod.:<\/strong> K\u00fck\u00fcll\u0151i Ref. Egyh\u00e1zm. 2., 4.; RMK III\/18. sz.<\/br><\/p>\n","protected":false},"excerpt":{"rendered":"<p>? \u2020\u00a0? : tan\u00edt\u00f3. \u2013 Mv.-en subscrib\u00e1lt (1772). Dics\u0151szentm\u00e1rtonban (1777\u201380), V\u00e1mosg\u00e1lfalv\u00e1n (1782\u201392) \u00e9s Nagyteremiben (1792\u20131825) tan\u00edtott. \u2013 F. m.: Ephemerides meteorologico-medicae annorum 1780, 1781, 1782, 1783, 1784., 1785, 1786, 1787, 1788, 1789, 1790, 1791, 1792, 1793. Vol. 1\u20135. (Vindobonae, 1794). Irod.: K\u00fck\u00fcll\u0151i Ref. Egyh\u00e1zm. 2., 4.; RMK III\/18. sz.<\/p>\n","protected":false},"featured_media":0,"comment_status":"open","ping_status":"closed","template":"","meta":[],"product_brand":[],"product_cat":[137],"product_tag":[],"class_list":{"0":"post-4400","1":"product","2":"type-product","3":"status-publish","5":"product_cat-maros-megyei-eletrajzi-lexikon","7":"first","8":"instock","9":"shipping-taxable","10":"product-type-simple"},"_links":{"self":[{"href":"https:\/\/uj.adatbank.ro\/lexikon\/wp-json\/wp\/v2\/product\/4400","targetHints":{"allow":["GET"]}}],"collection":[{"href":"https:\/\/uj.adatbank.ro\/lexikon\/wp-json\/wp\/v2\/product"}],"about":[{"href":"https:\/\/uj.adatbank.ro\/lexikon\/wp-json\/wp\/v2\/types\/product"}],"replies":[{"embeddable":true,"href":"https:\/\/uj.adatbank.ro\/lexikon\/wp-json\/wp\/v2\/comments?post=4400"}],"wp:attachment":[{"href":"https:\/\/uj.adatbank.ro\/lexikon\/wp-json\/wp\/v2\/media?parent=4400"}],"wp:term":[{"taxonomy":"product_brand","embeddable":true,"href":"https:\/\/uj.adatbank.ro\/lexikon\/wp-json\/wp\/v2\/product_brand?post=4400"},{"taxonomy":"product_cat","embeddable":true,"href":"https:\/\/uj.adatbank.ro\/lexikon\/wp-json\/wp\/v2\/product_cat?post=4400"},{"taxonomy":"product_tag","embeddable":true,"href":"https:\/\/uj.adatbank.ro\/lexikon\/wp-json\/wp\/v2\/product_tag?post=4400"}],"curies":[{"name":"wp","href":"https:\/\/api.w.org\/{rel}","templated":true}]}}