{"id":4401,"date":"2025-06-28T16:40:22","date_gmt":"2025-06-28T14:40:22","guid":{"rendered":"https:\/\/uj.adatbank.ro\/lexikon\/termek\/benko-samuel-2\/"},"modified":"2025-06-28T16:40:22","modified_gmt":"2025-06-28T14:40:22","slug":"benko-samuel-2","status":"publish","type":"product","link":"https:\/\/uj.adatbank.ro\/lexikon\/termek\/benko-samuel-2\/","title":{"rendered":"BENK\u0150 S\u00e1muel"},"content":{"rendered":"<p>\u00c1rkos, 1856. j\u00fal. 26., \u2020\u00a0H\u00e9derf\u00e1ja, 1895. j\u00fan. 13.: ref. lelklsz. \u2013. Alpestesen szolg\u00e1lt, onnan h\u00edvt\u00e1k meg H\u00e9derf\u00e1j\u00e1ra lelk\u00e9sznek (1883. j\u00fan. 3.), ahol a h\u00edvek megel\u00e9ged\u00e9s\u00e9re hal\u00e1l\u00e1ig szolg\u00e1lt. A bonyhai lelk\u00e9szi k\u00f6r eln\u00f6ke (1892), egyh\u00e1zmegyei aljegyz\u0151, sz\u00e1mvev\u0151 (1887). A templom \u00fajj\u00e1\u00e9p\u00edt\u00e9se miatt sok adoss\u00e1got \u00f6r\u00f6k\u00f6lt \u00e9s kellett t\u00f6rlesztenie, de j\u00f3l megszervezett tev\u00e9kenys\u00e9ggel, ez siker\u00fclt neki. Megjav\u00edttatta a papi lakot (1874), a templomba \u00faj orgon\u00e1t szerzett, Vass Istv\u00e1n mv.-i orgonak\u00e9sz\u00edt\u0151 harmadik munk\u00e1j\u00e1t (1876), Sz\u00f3sz\u00e9ket k\u00e9sz\u00edtetett (1881), \u00fajj\u00e1\u00e9p\u00edtette a portikuszt (1888), megkezdte az iskola \u00e9s tan\u00edt\u00f3i lak\u00e1s \u00e9p\u00edt\u00e9s\u00e9t (1888), korai hal\u00e1la miatt nem fejezhette be. <br \/><strong>Irod.:<\/strong> H\u00e9derf\u00e1ja \u00e9s egyh\u00e1za<\/br><\/p>\n","protected":false},"excerpt":{"rendered":"<p>\u00c1rkos, 1856. j\u00fal. 26., \u2020\u00a0H\u00e9derf\u00e1ja, 1895. j\u00fan. 13.: ref. lelklsz. \u2013. Alpestesen szolg\u00e1lt, onnan h\u00edvt\u00e1k meg H\u00e9derf\u00e1j\u00e1ra lelk\u00e9sznek (1883. j\u00fan. 3.), ahol a h\u00edvek megel\u00e9ged\u00e9s\u00e9re hal\u00e1l\u00e1ig szolg\u00e1lt. A bonyhai lelk\u00e9szi k\u00f6r eln\u00f6ke (1892), egyh\u00e1zmegyei aljegyz\u0151, sz\u00e1mvev\u0151 (1887). A templom \u00fajj\u00e1\u00e9p\u00edt\u00e9se miatt sok adoss\u00e1got \u00f6r\u00f6k\u00f6lt \u00e9s kellett t\u00f6rlesztenie, de j\u00f3l megszervezett tev\u00e9kenys\u00e9ggel, ez siker\u00fclt neki. Megjav\u00edttatta [&hellip;]<\/p>\n","protected":false},"featured_media":0,"comment_status":"open","ping_status":"closed","template":"","meta":[],"product_brand":[],"product_cat":[137],"product_tag":[],"class_list":{"0":"post-4401","1":"product","2":"type-product","3":"status-publish","5":"product_cat-maros-megyei-eletrajzi-lexikon","7":"first","8":"instock","9":"shipping-taxable","10":"product-type-simple"},"_links":{"self":[{"href":"https:\/\/uj.adatbank.ro\/lexikon\/wp-json\/wp\/v2\/product\/4401","targetHints":{"allow":["GET"]}}],"collection":[{"href":"https:\/\/uj.adatbank.ro\/lexikon\/wp-json\/wp\/v2\/product"}],"about":[{"href":"https:\/\/uj.adatbank.ro\/lexikon\/wp-json\/wp\/v2\/types\/product"}],"replies":[{"embeddable":true,"href":"https:\/\/uj.adatbank.ro\/lexikon\/wp-json\/wp\/v2\/comments?post=4401"}],"wp:attachment":[{"href":"https:\/\/uj.adatbank.ro\/lexikon\/wp-json\/wp\/v2\/media?parent=4401"}],"wp:term":[{"taxonomy":"product_brand","embeddable":true,"href":"https:\/\/uj.adatbank.ro\/lexikon\/wp-json\/wp\/v2\/product_brand?post=4401"},{"taxonomy":"product_cat","embeddable":true,"href":"https:\/\/uj.adatbank.ro\/lexikon\/wp-json\/wp\/v2\/product_cat?post=4401"},{"taxonomy":"product_tag","embeddable":true,"href":"https:\/\/uj.adatbank.ro\/lexikon\/wp-json\/wp\/v2\/product_tag?post=4401"}],"curies":[{"name":"wp","href":"https:\/\/api.w.org\/{rel}","templated":true}]}}

BENKŐ Sámuel

<p>Árkos, 1856. júl. 26., † Héderfája, 1895. jún. 13.: ref. lelklsz. –. Alpestesen szolgált, onnan hívták meg Héderfájára lelkésznek (1883. jún. 3.), ahol a hívek megelégedésére haláláig szolgált. A bonyhai lelkészi kör elnöke (1892), egyházmegyei aljegyző, számvevő (1887). A templom újjáépítése miatt sok adosságot örökölt és kellett törlesztenie, de jól megszervezett tevékenységgel, ez sikerült neki. Megjavíttatta a papi lakot (1874), a templomba új orgonát szerzett, Vass István mv.-i orgonakészítő harmadik munkáját (1876), Szószéket készítetett (1881), újjáépítette a portikuszt (1888), megkezdte az iskola és tanítói lakás építését (1888), korai halála miatt nem fejezhette be. <br /><strong>Irod.:</strong> Héderfája és egyháza</br></p>

<p>Árkos, 1856. júl. 26., † Héderfája, 1895. jún. 13.: ref. lelklsz. –. Alpestesen szolgált, onnan hívták meg Héderfájára lelkésznek (1883. jún. 3.), ahol a hívek megelégedésére haláláig szolgált. A bonyhai lelkészi kör elnöke (1892), egyházmegyei aljegyző, számvevő (1887). A templom újjáépítése miatt sok adosságot örökölt és kellett törlesztenie, de jól megszervezett tevékenységgel, ez sikerült neki. Megjavíttatta [&hellip;]</p>
