{"id":4406,"date":"2025-06-28T16:40:32","date_gmt":"2025-06-28T14:40:32","guid":{"rendered":"https:\/\/uj.adatbank.ro\/lexikon\/termek\/beno-lajos\/"},"modified":"2025-06-28T16:40:32","modified_gmt":"2025-06-28T14:40:32","slug":"beno-lajos","status":"publish","type":"product","link":"https:\/\/uj.adatbank.ro\/lexikon\/termek\/beno-lajos\/","title":{"rendered":"BEN\u0150 Lajos"},"content":{"rendered":"<p>Jedd, 1897., \u2020\u00a0?: igazgat\u00f3-tan\u00edt\u00f3, gazd\u00e1lkod\u00f3. \u2013 Nagyenyeden szerezte tan\u00edt\u00f3i oklevel\u00e9t (1916). Vajdaszentiv\u00e1nyon tan\u00edtott, amig elbocs\u00e1tott\u00e1k \u00e1ll\u00e1s\u00e1b\u00f3l, azut\u00e1n Galambodon gazd\u00e1lkodott, ahol a ref. egyh\u00e1zi iskol\u00e1ban tan\u00edtott is. Az els\u0151 vh.-ban a 62. gy. ezredben az orosz, olasz \u00e9s francia fronton harcolt. Mint hadnagy szerelt le. A bronz v. \u00e9rem, a bajor kereszt, \u00e9s a K\u00e1roly Csapatkereszt tulajdonosa. Az Orsz\u00e1gos Gazdas\u00e1gi Egyes\u00fclet tud\u00f3s\u00edt\u00f3ja, a helybeli sz\u00f6vezkezett jegyz\u0151je. <br \/><strong>Irod.:<\/strong> Sz\u00e9kelyf\u00f6ld \u00ed. k<\/br><\/p>\n","protected":false},"excerpt":{"rendered":"<p>Jedd, 1897., \u2020\u00a0?: igazgat\u00f3-tan\u00edt\u00f3, gazd\u00e1lkod\u00f3. \u2013 Nagyenyeden szerezte tan\u00edt\u00f3i oklevel\u00e9t (1916). Vajdaszentiv\u00e1nyon tan\u00edtott, amig elbocs\u00e1tott\u00e1k \u00e1ll\u00e1s\u00e1b\u00f3l, azut\u00e1n Galambodon gazd\u00e1lkodott, ahol a ref. egyh\u00e1zi iskol\u00e1ban tan\u00edtott is. Az els\u0151 vh.-ban a 62. gy. ezredben az orosz, olasz \u00e9s francia fronton harcolt. Mint hadnagy szerelt le. A bronz v. \u00e9rem, a bajor kereszt, \u00e9s a K\u00e1roly Csapatkereszt [&hellip;]<\/p>\n","protected":false},"featured_media":0,"comment_status":"open","ping_status":"closed","template":"","meta":[],"product_brand":[],"product_cat":[137],"product_tag":[],"class_list":{"0":"post-4406","1":"product","2":"type-product","3":"status-publish","5":"product_cat-maros-megyei-eletrajzi-lexikon","7":"first","8":"instock","9":"shipping-taxable","10":"product-type-simple"},"_links":{"self":[{"href":"https:\/\/uj.adatbank.ro\/lexikon\/wp-json\/wp\/v2\/product\/4406","targetHints":{"allow":["GET"]}}],"collection":[{"href":"https:\/\/uj.adatbank.ro\/lexikon\/wp-json\/wp\/v2\/product"}],"about":[{"href":"https:\/\/uj.adatbank.ro\/lexikon\/wp-json\/wp\/v2\/types\/product"}],"replies":[{"embeddable":true,"href":"https:\/\/uj.adatbank.ro\/lexikon\/wp-json\/wp\/v2\/comments?post=4406"}],"wp:attachment":[{"href":"https:\/\/uj.adatbank.ro\/lexikon\/wp-json\/wp\/v2\/media?parent=4406"}],"wp:term":[{"taxonomy":"product_brand","embeddable":true,"href":"https:\/\/uj.adatbank.ro\/lexikon\/wp-json\/wp\/v2\/product_brand?post=4406"},{"taxonomy":"product_cat","embeddable":true,"href":"https:\/\/uj.adatbank.ro\/lexikon\/wp-json\/wp\/v2\/product_cat?post=4406"},{"taxonomy":"product_tag","embeddable":true,"href":"https:\/\/uj.adatbank.ro\/lexikon\/wp-json\/wp\/v2\/product_tag?post=4406"}],"curies":[{"name":"wp","href":"https:\/\/api.w.org\/{rel}","templated":true}]}}

BENŐ Lajos

<p>Jedd, 1897., † ?: igazgató-tanító, gazdálkodó. – Nagyenyeden szerezte tanítói oklevelét (1916). Vajdaszentiványon tanított, amig elbocsátották állásából, azután Galambodon gazdálkodott, ahol a ref. egyházi iskolában tanított is. Az első vh.-ban a 62. gy. ezredben az orosz, olasz és francia fronton harcolt. Mint hadnagy szerelt le. A bronz v. érem, a bajor kereszt, és a Károly Csapatkereszt tulajdonosa. Az Országos Gazdasági Egyesület tudósítója, a helybeli szövezkezett jegyzője. <br /><strong>Irod.:</strong> Székelyföld í. k</br></p>

<p>Jedd, 1897., † ?: igazgató-tanító, gazdálkodó. – Nagyenyeden szerezte tanítói oklevelét (1916). Vajdaszentiványon tanított, amig elbocsátották állásából, azután Galambodon gazdálkodott, ahol a ref. egyházi iskolában tanított is. Az első vh.-ban a 62. gy. ezredben az orosz, olasz és francia fronton harcolt. Mint hadnagy szerelt le. A bronz v. érem, a bajor kereszt, és a Károly Csapatkereszt [&hellip;]</p>
