{"id":4408,"date":"2025-06-28T16:40:35","date_gmt":"2025-06-28T14:40:35","guid":{"rendered":"https:\/\/uj.adatbank.ro\/lexikon\/termek\/benyei-deak-janos-erdobenyei-erdobenyei-deak-janos-erdobenyi-deak-janos\/"},"modified":"2025-06-28T16:40:35","modified_gmt":"2025-06-28T14:40:35","slug":"benyei-deak-janos-erdobenyei-erdobenyei-deak-janos-erdobenyi-deak-janos","status":"publish","type":"product","link":"https:\/\/uj.adatbank.ro\/lexikon\/termek\/benyei-deak-janos-erdobenyei-erdobenyei-deak-janos-erdobenyi-deak-janos\/","title":{"rendered":"B\u00c9NYEI DE\u00c1K J\u00e1nos, erd\u0151b\u00e9nyei; Erd\u0151b\u00e9nyei De\u00e1k J\u00e1nos, Erd\u0151b\u00e9nyi De\u00e1k J\u00e1nos"},"content":{"rendered":"<p>? \u2020 1645.: iskolamester \u00e9s lelk\u00e9sz. \u2013 Iskolamester Gyulafeh\u00e9rv\u00e1ron (1630). A n\u00e9metekn\u00e9l \u00e9s Angli\u00e1ban v\u00e9gzett tanulm\u00e1nyai ut\u00e1n, Mv.-en purit\u00e1nus iskolamester n\u00e9h\u00e1ny h\u00f3napig (1633). R\u00e1k\u00f3czi Gy\u00f6rgy fejedelem k\u00e9t fia Zsigmond \u00e9s Gy\u00f6rgy mellett volt nevel\u0151 Gyulafeh\u00e9rv\u00e1ron (1634), ahol tan\u00edtv\u00e1nyaival egy\u00fctt szerkesztette a Janua linguarum bilingvis, latina et hungarica c. Tan\u00edtv\u00e1nyaival angol \u00e9s belga egyetemekre ment (1634). S\u00e1rospatakra ker\u00fclt tan\u00e1rnak (1637. szept. 17.), beiktat\u00e1sa alkalm\u00e1val a Kegyes b\u00f6lcsess\u00e9gr\u0151l \u00e9s a b\u00f6lcs kegyess\u00e9gr\u0151l \u00e9rtekezett; r\u00e9szt vett az erd\u0151b\u00e9nyei gy\u0171l\u00e9sen (1639); lemondott hivatal\u00e1r\u00f3l \u00e9s M\u00e1dra ment papnak (1641) ugyanakkor az aba\u00faji egyh\u00e1zmegye jegyz\u0151je; r\u00e9szt vett a t\u00e1llyai gy\u0171l\u00e9sen (1645) de m\u00e9g az \u00e9vben meghalt koler\u00e1ban. A purit\u00e1nizmus egyik f\u0151 harcosa Erd\u00e9lyben. \u2013 <strong>F. m.:<\/strong> De concursu causae primae cum secundis (Alba Juliae, 1630); Praescriptiones et antidota generalia pro christianismo, adversus socinianos (Utrecht, 1635); t\u00e1rssz: Janua lingvarum bilingvis, latina et hungarica&#8230; ( Gyulafeh\u00e9r v\u00e1r 1634; L\u0151cse, 1641; V\u00e1rad, 1654). <br \/><strong>Irod.:<\/strong> Chiorean 2008; Er\u0151s v\u00e1runk; Id\u0151t\u00e1r 1; Keresztes; Koncz; P\u00e1l-Antal 2009; Par\u00e1di; RNL; Szinnyei<\/br><\/p>\n","protected":false},"excerpt":{"rendered":"<p>? \u2020 1645.: iskolamester \u00e9s lelk\u00e9sz. \u2013 Iskolamester Gyulafeh\u00e9rv\u00e1ron (1630). A n\u00e9metekn\u00e9l \u00e9s Angli\u00e1ban v\u00e9gzett tanulm\u00e1nyai ut\u00e1n, Mv.-en purit\u00e1nus iskolamester n\u00e9h\u00e1ny h\u00f3napig (1633). R\u00e1k\u00f3czi Gy\u00f6rgy fejedelem k\u00e9t fia Zsigmond \u00e9s Gy\u00f6rgy mellett volt nevel\u0151 Gyulafeh\u00e9rv\u00e1ron (1634), ahol tan\u00edtv\u00e1nyaival egy\u00fctt szerkesztette a Janua linguarum bilingvis, latina et hungarica c. Tan\u00edtv\u00e1nyaival angol \u00e9s belga egyetemekre ment (1634). [&hellip;]<\/p>\n","protected":false},"featured_media":0,"comment_status":"open","ping_status":"closed","template":"","meta":[],"product_brand":[],"product_cat":[137],"product_tag":[],"class_list":{"0":"post-4408","1":"product","2":"type-product","3":"status-publish","5":"product_cat-maros-megyei-eletrajzi-lexikon","7":"first","8":"instock","9":"shipping-taxable","10":"product-type-simple"},"_links":{"self":[{"href":"https:\/\/uj.adatbank.ro\/lexikon\/wp-json\/wp\/v2\/product\/4408","targetHints":{"allow":["GET"]}}],"collection":[{"href":"https:\/\/uj.adatbank.ro\/lexikon\/wp-json\/wp\/v2\/product"}],"about":[{"href":"https:\/\/uj.adatbank.ro\/lexikon\/wp-json\/wp\/v2\/types\/product"}],"replies":[{"embeddable":true,"href":"https:\/\/uj.adatbank.ro\/lexikon\/wp-json\/wp\/v2\/comments?post=4408"}],"wp:attachment":[{"href":"https:\/\/uj.adatbank.ro\/lexikon\/wp-json\/wp\/v2\/media?parent=4408"}],"wp:term":[{"taxonomy":"product_brand","embeddable":true,"href":"https:\/\/uj.adatbank.ro\/lexikon\/wp-json\/wp\/v2\/product_brand?post=4408"},{"taxonomy":"product_cat","embeddable":true,"href":"https:\/\/uj.adatbank.ro\/lexikon\/wp-json\/wp\/v2\/product_cat?post=4408"},{"taxonomy":"product_tag","embeddable":true,"href":"https:\/\/uj.adatbank.ro\/lexikon\/wp-json\/wp\/v2\/product_tag?post=4408"}],"curies":[{"name":"wp","href":"https:\/\/api.w.org\/{rel}","templated":true}]}}

BÉNYEI DEÁK János, erdőbényei; Erdőbényei Deák János, Erdőbényi Deák János

<p>? † 1645.: iskolamester és lelkész. – Iskolamester Gyulafehérváron (1630). A németeknél és Angliában végzett tanulmányai után, Mv.-en puritánus iskolamester néhány hónapig (1633). Rákóczi György fejedelem két fia Zsigmond és György mellett volt nevelő Gyulafehérváron (1634), ahol tanítványaival együtt szerkesztette a Janua linguarum bilingvis, latina et hungarica c. Tanítványaival angol és belga egyetemekre ment (1634). Sárospatakra került tanárnak (1637. szept. 17.), beiktatása alkalmával a Kegyes bölcsességről és a bölcs kegyességről értekezett; részt vett az erdőbényei gyűlésen (1639); lemondott hivataláról és Mádra ment papnak (1641) ugyanakkor az abaúji egyházmegye jegyzője; részt vett a tállyai gyűlésen (1645) de még az évben meghalt kolerában. A puritánizmus egyik fő harcosa Erdélyben. – <strong>F. m.:</strong> De concursu causae primae cum secundis (Alba Juliae, 1630); Praescriptiones et antidota generalia pro christianismo, adversus socinianos (Utrecht, 1635); társsz: Janua lingvarum bilingvis, latina et hungarica&#8230; ( Gyulafehér vár 1634; Lőcse, 1641; Várad, 1654). <br /><strong>Irod.:</strong> Chiorean 2008; Erős várunk; Időtár 1; Keresztes; Koncz; Pál-Antal 2009; Parádi; RNL; Szinnyei</br></p>

<p>? † 1645.: iskolamester és lelkész. – Iskolamester Gyulafehérváron (1630). A németeknél és Angliában végzett tanulmányai után, Mv.-en puritánus iskolamester néhány hónapig (1633). Rákóczi György fejedelem két fia Zsigmond és György mellett volt nevelő Gyulafehérváron (1634), ahol tanítványaival együtt szerkesztette a Janua linguarum bilingvis, latina et hungarica c. Tanítványaival angol és belga egyetemekre ment (1634). [&hellip;]</p>
