{"id":4409,"date":"2025-06-28T16:40:38","date_gmt":"2025-06-28T14:40:38","guid":{"rendered":"https:\/\/uj.adatbank.ro\/lexikon\/termek\/benyi-arpad\/"},"modified":"2025-06-28T16:40:38","modified_gmt":"2025-06-28T14:40:38","slug":"benyi-arpad","status":"publish","type":"product","link":"https:\/\/uj.adatbank.ro\/lexikon\/termek\/benyi-arpad\/","title":{"rendered":"B\u00c9NYI \u00c1rp\u00e1d"},"content":{"rendered":"<p>Dics\u0151szentm\u00e1rton, 1931. m\u00e1rc. 23., \u2020 Debrecen, 2006. dec. 24.: fest\u0151m\u0171v\u00e9sz, grafikus. \u2013 B. \u00c1rp\u00e1d, f\u00f6ldm\u00e9r\u0151 \u00e9s P\u00e1lffy Ir\u00e9n fia. Feles\u00e9ge Papp Lenke. (1961). Gyermekeik: \u00c9va (1955), tan\u00e1r, fest\u0151m\u0171v\u00e9sz \u00e9s Tibor (1966) gordonkam\u0171v\u00e9sz. \u2013 Tanulm\u00e1nyait Mv.-en, Gy\u00f6rben \u00e9s Debrecenben v\u00e9gezte, Debrecenben a k\u00e9pz\u0151m\u0171v\u00e9szeti fakult\u00e1son tanult. A Szegedi Pedag\u00f3giai F\u0151iskol\u00e1n szerzett rajztan\u00e1ri diplom\u00e1t. Mestere Winkler L\u00e1szl\u00f3 volt. Az 1956-os forradalmat k\u00f6vet\u0151 megtorl\u00e1s sor\u00e1n egy plak\u00e1tterv miatt n\u00e9gy \u00e9vi b\u00f6rt\u00f6nre \u00edt\u00e9lt\u00e9k. Onnan kiszabadulva Beretty\u00f3\u00fajfalu fogadta be, majd Debrecenben telepedett le. Els\u0151 \u00f6n\u00e1ll\u00f3 ki\u00e1ll\u00edt\u00e1s\u00e1t Debrecenben betiltott\u00e1k (1966). Tizenk\u00e9t esztend\u0151n \u00e1t tansz\u00e9kvezet\u0151k\u00e9nt a ny\u00edregyh\u00e1zi f\u0151iskola k\u00e9pz\u0151m\u0171v\u00e9szeti munk\u00e1j\u00e1t ir\u00e1ny\u00edtotta (1981\u201392). Tagja a M\u0171v\u00e9szeti Alapnak (1966), a M. K\u00e9pz\u0151 \u00e9s Iparm\u0171v\u00e9szek Sz\u00f6vets\u00e9g\u00e9nek (1975). Igazgat\u00f3 a nyiregyh\u00e1zi Bessenyei Gy\u00f6rgy tan\u00e1rk\u00e9pz\u0151 koll.-ban (1980\u2013), m\u0171v\u00e9szett\u00f6rt\u00e9n\u00e9sz tan\u00e1r a KLTE- Debrecenben (1980\u201395). A Munk\u00e1csy Alap\u00edtv\u00e1ny eln\u00f6ke. K\u00e1pl\u00e1r Mikl\u00f3s-, Medgyessy-, Holl\u00f3 L\u00e1szl\u00f3- \u00e9s Csokonai-d\u00edjas. Beretty\u00f3\u00fajfalu \u00e9s Debrecen d\u00edszpolg\u00e1ra lett. Dics\u0151szentm\u00e1rtonban Pro Urbe d\u00edjat kapott (2001); A Parlamentben m\u0171v\u00e9szi \u00e9letm\u0171v\u00e9\u00e9rt a M. K\u00f6zt\u00e1rsas\u00e1gi \u00c9rdemrend Kiskeresztj\u00e9vel t\u00fcntett\u00e9k ki (1998). \u2013 <strong>F. m.:<\/strong> Ecset \u00e9s stafelaj (1998). Ki\u00e1ll\u00edt\u00e1sok: Debrecen (1966, 1975, 1977, 1980, 1984, 1996, 1997, 1998), Tokaj (1967, 1984), Miskolc (1967); Lublin, Lengyelo. (1973), Nagyv\u00e1rad (1977), Ny\u00edrb\u00e1tor (1978), Szolnok (1979), Bp. (1979), Ny\u00edregyh\u00e1za (1981, 1991), S\u00e1toralja\u00fajhely (1983), Karcag (1985, 1996), M\u00e1t\u00e9szalka (1991), Linz, Ausztria (1991), Si\u00f3fok (1997, 1998). A Debrecen v\u00e1ros d\u00edszpolg\u00e1ra (1999).<\/br><\/p>\n","protected":false},"excerpt":{"rendered":"<p>Dics\u0151szentm\u00e1rton, 1931. m\u00e1rc. 23., \u2020 Debrecen, 2006. dec. 24.: fest\u0151m\u0171v\u00e9sz, grafikus. \u2013 B. \u00c1rp\u00e1d, f\u00f6ldm\u00e9r\u0151 \u00e9s P\u00e1lffy Ir\u00e9n fia. Feles\u00e9ge Papp Lenke. (1961). Gyermekeik: \u00c9va (1955), tan\u00e1r, fest\u0151m\u0171v\u00e9sz \u00e9s Tibor (1966) gordonkam\u0171v\u00e9sz. \u2013 Tanulm\u00e1nyait Mv.-en, Gy\u00f6rben \u00e9s Debrecenben v\u00e9gezte, Debrecenben a k\u00e9pz\u0151m\u0171v\u00e9szeti fakult\u00e1son tanult. A Szegedi Pedag\u00f3giai F\u0151iskol\u00e1n szerzett rajztan\u00e1ri diplom\u00e1t. Mestere Winkler L\u00e1szl\u00f3 volt. [&hellip;]<\/p>\n","protected":false},"featured_media":0,"comment_status":"open","ping_status":"closed","template":"","meta":[],"product_brand":[],"product_cat":[137],"product_tag":[],"class_list":{"0":"post-4409","1":"product","2":"type-product","3":"status-publish","5":"product_cat-maros-megyei-eletrajzi-lexikon","7":"first","8":"instock","9":"shipping-taxable","10":"product-type-simple"},"_links":{"self":[{"href":"https:\/\/uj.adatbank.ro\/lexikon\/wp-json\/wp\/v2\/product\/4409","targetHints":{"allow":["GET"]}}],"collection":[{"href":"https:\/\/uj.adatbank.ro\/lexikon\/wp-json\/wp\/v2\/product"}],"about":[{"href":"https:\/\/uj.adatbank.ro\/lexikon\/wp-json\/wp\/v2\/types\/product"}],"replies":[{"embeddable":true,"href":"https:\/\/uj.adatbank.ro\/lexikon\/wp-json\/wp\/v2\/comments?post=4409"}],"wp:attachment":[{"href":"https:\/\/uj.adatbank.ro\/lexikon\/wp-json\/wp\/v2\/media?parent=4409"}],"wp:term":[{"taxonomy":"product_brand","embeddable":true,"href":"https:\/\/uj.adatbank.ro\/lexikon\/wp-json\/wp\/v2\/product_brand?post=4409"},{"taxonomy":"product_cat","embeddable":true,"href":"https:\/\/uj.adatbank.ro\/lexikon\/wp-json\/wp\/v2\/product_cat?post=4409"},{"taxonomy":"product_tag","embeddable":true,"href":"https:\/\/uj.adatbank.ro\/lexikon\/wp-json\/wp\/v2\/product_tag?post=4409"}],"curies":[{"name":"wp","href":"https:\/\/api.w.org\/{rel}","templated":true}]}}

BÉNYI Árpád

<p>Dicsőszentmárton, 1931. márc. 23., † Debrecen, 2006. dec. 24.: festőművész, grafikus. – B. Árpád, földmérő és Pálffy Irén fia. Felesége Papp Lenke. (1961). Gyermekeik: Éva (1955), tanár, festőművész és Tibor (1966) gordonkaművész. – Tanulmányait Mv.-en, Györben és Debrecenben végezte, Debrecenben a képzőművészeti fakultáson tanult. A Szegedi Pedagógiai Főiskolán szerzett rajztanári diplomát. Mestere Winkler László volt. Az 1956-os forradalmat követő megtorlás során egy plakátterv miatt négy évi börtönre ítélték. Onnan kiszabadulva Berettyóújfalu fogadta be, majd Debrecenben telepedett le. Első önálló kiállítását Debrecenben betiltották (1966). Tizenkét esztendőn át tanszékvezetőként a nyíregyházi főiskola képzőművészeti munkáját irányította (1981–92). Tagja a Művészeti Alapnak (1966), a M. Képző és Iparművészek Szövetségének (1975). Igazgató a nyiregyházi Bessenyei György tanárképző koll.-ban (1980–), művészettörténész tanár a KLTE- Debrecenben (1980–95). A Munkácsy Alapítvány elnöke. Káplár Miklós-, Medgyessy-, Holló László- és Csokonai-díjas. Berettyóújfalu és Debrecen díszpolgára lett. Dicsőszentmártonban Pro Urbe díjat kapott (2001); A Parlamentben művészi életművéért a M. Köztársasági Érdemrend Kiskeresztjével tüntették ki (1998). – <strong>F. m.:</strong> Ecset és stafelaj (1998). Kiállítások: Debrecen (1966, 1975, 1977, 1980, 1984, 1996, 1997, 1998), Tokaj (1967, 1984), Miskolc (1967); Lublin, Lengyelo. (1973), Nagyvárad (1977), Nyírbátor (1978), Szolnok (1979), Bp. (1979), Nyíregyháza (1981, 1991), Sátoraljaújhely (1983), Karcag (1985, 1996), Mátészalka (1991), Linz, Ausztria (1991), Siófok (1997, 1998). A Debrecen város díszpolgára (1999).</br></p>

<p>Dicsőszentmárton, 1931. márc. 23., † Debrecen, 2006. dec. 24.: festőművész, grafikus. – B. Árpád, földmérő és Pálffy Irén fia. Felesége Papp Lenke. (1961). Gyermekeik: Éva (1955), tanár, festőművész és Tibor (1966) gordonkaművész. – Tanulmányait Mv.-en, Györben és Debrecenben végezte, Debrecenben a képzőművészeti fakultáson tanult. A Szegedi Pedagógiai Főiskolán szerzett rajztanári diplomát. Mestere Winkler László volt. [&hellip;]</p>
